{"id":1599,"date":"2020-04-05T21:47:47","date_gmt":"2020-04-05T21:47:47","guid":{"rendered":"http:\/\/www.demusculos.com\/ayuda\/?page_id=1599"},"modified":"2025-07-07T16:02:26","modified_gmt":"2025-07-07T16:02:26","slug":"confirmar-pago-bancario","status":"publish","type":"page","link":"https:\/\/www.demusculos.com\/ayuda\/cliente\/confirmar-pago-bancario\/","title":{"rendered":"Confirmar un pago"},"content":{"rendered":"\n<p>\ud83e\udea7<strong>Complet\u00e1 todos los campos del formulario con tus datos personales y bancarios. Verific\u00e1 que tu direcci\u00f3n de correo electr\u00f3nico est\u00e9 escrita correctamente, ya que all\u00ed recibir\u00e1s nuestra respuesta.<\/strong><\/p>\n\n\n\n<hr class=\"wp-block-separator has-alpha-channel-opacity is-style-wide\" style=\"margin-top:var(--wp--preset--spacing--30);margin-bottom:var(--wp--preset--spacing--30)\"\/>\n\n\n<div class=\"wpforms-container wpforms-container-full wpforms-block wpforms-block-4488c7e5-3407-4c7b-93ee-225e76c2fa04 wpforms-render-modern\" id=\"wpforms-4173\"><form id=\"wpforms-form-4173\" class=\"wpforms-validate wpforms-form wpforms-ajax-form\" data-formid=\"4173\" method=\"post\" enctype=\"multipart\/form-data\" action=\"\/ayuda\/wp-json\/wp\/v2\/pages\/1599\" data-token=\"c221ff783c62cf7b9c361e92ad86acc1\" data-token-time=\"1777020332\"><noscript class=\"wpforms-error-noscript\">Por favor, activa JavaScript en tu navegador para completar este formulario.<\/noscript><div id=\"wpforms-error-noscript\" style=\"display: none;\">Por favor, activa JavaScript en tu navegador para completar este formulario.<\/div><div class=\"wpforms-field-container\"><div id=\"wpforms-4173-field_12-container\" class=\"wpforms-field wpforms-field-radio wpforms-list-inline\" data-field-id=\"12\"><fieldset><legend class=\"wpforms-field-label\">ELEGIR UNA OPCION: <span class=\"wpforms-required-label\" aria-hidden=\"true\">*<\/span><\/legend><ul id=\"wpforms-4173-field_12\" class=\"wpforms-field-required wpforms-image-choices wpforms-image-choices-modern\"><li class=\"choice-1 depth-1 wpforms-image-choices-item\"><label class=\"wpforms-field-label-inline\" for=\"wpforms-4173-field_12_1\" tabindex=\"0\"><span class=\"wpforms-image-choices-image\"><img decoding=\"async\" src=\"https:\/\/www.demusculos.com\/ayuda\/wp-content\/uploads\/2025\/05\/pago-particular.png\" alt=\"Particulares\" title=\"Particulares\"><\/span><input type=\"radio\" id=\"wpforms-4173-field_12_1\" class=\"wpforms-screen-reader-element\" name=\"wpforms[fields][12]\" value=\"Particulares\" aria-errormessage=\"wpforms-4173-field_12_1-error\" tabindex=\"-1\" required ><span class=\"wpforms-image-choices-label\">Particulares<\/span><\/label><\/li><li class=\"choice-2 depth-1 wpforms-image-choices-item\"><label class=\"wpforms-field-label-inline\" for=\"wpforms-4173-field_12_2\" tabindex=\"0\"><span class=\"wpforms-image-choices-image\"><img decoding=\"async\" src=\"https:\/\/www.demusculos.com\/ayuda\/wp-content\/uploads\/2025\/05\/pago-mayorista.png\" alt=\"Distribuidores\" title=\"Distribuidores\"><\/span><input type=\"radio\" id=\"wpforms-4173-field_12_2\" class=\"wpforms-screen-reader-element\" name=\"wpforms[fields][12]\" value=\"Distribuidores\" aria-errormessage=\"wpforms-4173-field_12_2-error\" tabindex=\"-1\" required ><span class=\"wpforms-image-choices-label\">Distribuidores<\/span><\/label><\/li><\/ul><\/fieldset><\/div>\t\t<div id=\"wpforms-4173-field_2-container\"\n\t\t\tclass=\"wpforms-field wpforms-field-text\"\n\t\t\tdata-field-type=\"text\"\n\t\t\tdata-field-id=\"2\"\n\t\t\t>\n\t\t\t<label class=\"wpforms-field-label\" for=\"wpforms-4173-field_2\" >Hora ticket aclaraci\u00f3n<\/label>\n\t\t\t<input type=\"text\" id=\"wpforms-4173-field_2\" class=\"wpforms-field-medium\" name=\"wpforms[fields][2]\" >\n\t\t<\/div>\n\t\t<div id=\"wpforms-4173-field_1-container\" class=\"wpforms-field wpforms-field-name\" data-field-id=\"1\"><fieldset><legend class=\"wpforms-field-label\">Nombre <span class=\"wpforms-required-label\" aria-hidden=\"true\">*<\/span><\/legend><div class=\"wpforms-field-row wpforms-field-large\"><div class=\"wpforms-field-row-block wpforms-first wpforms-one-half\"><input type=\"text\" id=\"wpforms-4173-field_1\" class=\"wpforms-field-name-first wpforms-field-required\" name=\"wpforms[fields][1][first]\" aria-errormessage=\"wpforms-4173-field_1-error\" required><label for=\"wpforms-4173-field_1\" class=\"wpforms-field-sublabel after\">Nombre<\/label><\/div><div class=\"wpforms-field-row-block wpforms-one-half\"><input type=\"text\" id=\"wpforms-4173-field_1-last\" class=\"wpforms-field-name-last wpforms-field-required\" name=\"wpforms[fields][1][last]\" aria-errormessage=\"wpforms-4173-field_1-last-error\" required><label for=\"wpforms-4173-field_1-last\" class=\"wpforms-field-sublabel after\">Apellidos<\/label><\/div><\/div><\/fieldset><\/div><div id=\"wpforms-4173-field_8-container\" class=\"wpforms-field wpforms-field-email\" data-field-id=\"8\"><label class=\"wpforms-field-label\" for=\"wpforms-4173-field_8\">E-mail <span class=\"wpforms-required-label\" aria-hidden=\"true\">*<\/span><\/label><input type=\"email\" id=\"wpforms-4173-field_8\" class=\"wpforms-field-large wpforms-field-required\" name=\"wpforms[fields][8]\" spellcheck=\"false\" aria-errormessage=\"wpforms-4173-field_8-error\" aria-describedby=\"wpforms-4173-field_8-description\" required><div id=\"wpforms-4173-field_8-description\" class=\"wpforms-field-description\">\ud83d\udd34 SI EL CORREO ESTA MAL ESCRITO, NO RECIBIRAS NUESTRA RESPUESTA<\/div><\/div><div id=\"wpforms-4173-field_9-container\" class=\"wpforms-field wpforms-field-text\" data-field-id=\"9\"><label class=\"wpforms-field-label\" for=\"wpforms-4173-field_9\">N\u00famero de pedido <span class=\"wpforms-required-label\" aria-hidden=\"true\">*<\/span><\/label><input type=\"text\" id=\"wpforms-4173-field_9\" class=\"wpforms-field-large wpforms-field-required\" name=\"wpforms[fields][9]\" aria-errormessage=\"wpforms-4173-field_9-error\" required><\/div><div id=\"wpforms-4173-field_15-container\" class=\"wpforms-field wpforms-field-text\" data-field-id=\"15\"><label class=\"wpforms-field-label\" for=\"wpforms-4173-field_15\">Monto pagado <span class=\"wpforms-required-label\" aria-hidden=\"true\">*<\/span><\/label><input type=\"text\" id=\"wpforms-4173-field_15\" class=\"wpforms-field-large wpforms-field-required\" name=\"wpforms[fields][15]\" value=\"$\" placeholder=\"$\" aria-errormessage=\"wpforms-4173-field_15-error\" aria-describedby=\"wpforms-4173-field_15-description\" required><div id=\"wpforms-4173-field_15-description\" class=\"wpforms-field-description\">\ud83d\udd34 EJEMPLO: $ 99.696<\/div><\/div><div id=\"wpforms-4173-field_16-container\" class=\"wpforms-field wpforms-field-text\" data-field-id=\"16\"><label class=\"wpforms-field-label\" for=\"wpforms-4173-field_16\">Fecha de pago que aparece en el ticket <span class=\"wpforms-required-label\" aria-hidden=\"true\">*<\/span><\/label><input type=\"text\" id=\"wpforms-4173-field_16\" class=\"wpforms-field-large wpforms-field-required\" name=\"wpforms[fields][16]\" aria-errormessage=\"wpforms-4173-field_16-error\" aria-describedby=\"wpforms-4173-field_16-description\" required><div id=\"wpforms-4173-field_16-description\" class=\"wpforms-field-description\">\ud83d\udd34 EJEMPLO: 22\/06\/2025<\/div><\/div><div id=\"wpforms-4173-field_17-container\" class=\"wpforms-field wpforms-field-text\" data-field-id=\"17\"><label class=\"wpforms-field-label\" for=\"wpforms-4173-field_17\">Hora que aparece en el ticket <span class=\"wpforms-required-label\" aria-hidden=\"true\">*<\/span><\/label><input type=\"text\" id=\"wpforms-4173-field_17\" class=\"wpforms-field-large wpforms-field-required\" name=\"wpforms[fields][17]\" aria-errormessage=\"wpforms-4173-field_17-error\" aria-describedby=\"wpforms-4173-field_17-description\" required><div id=\"wpforms-4173-field_17-description\" class=\"wpforms-field-description\">\ud83d\udd34 EJEMPLO: 13:49<\/div><\/div><div id=\"wpforms-4173-field_18-container\" class=\"wpforms-field wpforms-field-text\" data-field-id=\"18\"><label class=\"wpforms-field-label\" for=\"wpforms-4173-field_18\">N\u00fameo de operaci\u00f3n que aparece en el ticket (opcional)<\/label><input type=\"text\" id=\"wpforms-4173-field_18\" class=\"wpforms-field-large\" name=\"wpforms[fields][18]\" aria-errormessage=\"wpforms-4173-field_18-error\" ><\/div><div id=\"wpforms-4173-field_10-container\" class=\"wpforms-field wpforms-field-textarea\" data-field-id=\"10\"><label class=\"wpforms-field-label\" for=\"wpforms-4173-field_10\">\u00bfTen\u00e9s alguna aclaraci\u00f3n o comentario que quieras agregar? <span class=\"wpforms-required-label\" aria-hidden=\"true\">*<\/span><\/label><textarea id=\"wpforms-4173-field_10\" class=\"wpforms-field-medium wpforms-field-required wpforms-limit-characters-enabled\" data-form-id=\"4173\" data-field-id=\"10\" data-text-limit=\"1000\" name=\"wpforms[fields][10]\" aria-errormessage=\"wpforms-4173-field_10-error\" maxlength=\"1000\" required><\/textarea><\/div><script>\n\t\t\t\t( function() {\n\t\t\t\t\tconst style = document.createElement( 'style' );\n\t\t\t\t\tstyle.appendChild( document.createTextNode( '#wpforms-4173-field_2-container { position: absolute !important; overflow: hidden !important; display: inline !important; height: 1px !important; width: 1px !important; z-index: -1000 !important; padding: 0 !important; } #wpforms-4173-field_2-container input { visibility: hidden; } #wpforms-conversational-form-page #wpforms-4173-field_2-container label { counter-increment: none; }' ) );\n\t\t\t\t\tdocument.head.appendChild( style );\n\t\t\t\t\tdocument.currentScript?.remove();\n\t\t\t\t} )();\n\t\t\t<\/script><\/div><!-- .wpforms-field-container --><div class=\"wpforms-submit-container\" ><input type=\"hidden\" name=\"wpforms[id]\" value=\"4173\"><input type=\"hidden\" name=\"page_title\" value=\"\"><input type=\"hidden\" name=\"page_url\" value=\"https:\/\/www.demusculos.com\/ayuda\/wp-json\/wp\/v2\/pages\/1599\"><input type=\"hidden\" name=\"url_referer\" value=\"\"><button type=\"submit\" name=\"wpforms[submit]\" id=\"wpforms-submit-4173\" class=\"wpforms-submit\" data-alt-text=\"Enviando...\" data-submit-text=\"Enviar consulta\" aria-live=\"assertive\" value=\"wpforms-submit\">Enviar consulta<\/button><img loading=\"lazy\" decoding=\"async\" src=\"https:\/\/www.demusculos.com\/ayuda\/wp-content\/plugins\/wpforms-lite\/assets\/images\/submit-spin.svg\" class=\"wpforms-submit-spinner\" style=\"display: none;\" width=\"26\" height=\"26\" alt=\"Cargando\"><\/div><\/form><\/div>  <!-- .wpforms-container -->\n\n\n<hr class=\"wp-block-separator has-alpha-channel-opacity is-style-wide\"\/>\n\n\n\n<p>&lt; <a href=\"https:\/\/www.demusculos.com\/ayuda\/cliente\/por-www-demusculos-com\/\">Regresar<\/a><\/p>\n","protected":false},"excerpt":{"rendered":"<p>\ud83e\udea7Complet\u00e1 todos los campos del formulario con tus datos personales y bancarios. Verific\u00e1 que tu direcci\u00f3n de correo electr\u00f3nico est\u00e9 escrita correctamente, ya que all\u00ed recibir\u00e1s nuestra respuesta. &lt; Regresar<\/p>\n","protected":false},"author":1,"featured_media":0,"parent":1339,"menu_order":0,"comment_status":"closed","ping_status":"closed","template":"","meta":{"footnotes":""},"class_list":["post-1599","page","type-page","status-publish","hentry"],"yoast_head":"<!-- This site is optimized with the Yoast SEO plugin v27.4 - https:\/\/yoast.com\/product\/yoast-seo-wordpress\/ -->\n<title>Confirmar pago x banco | Ayuda | DeMusculos.com<\/title>\n<meta name=\"description\" content=\"Confirmar pago x banco. Formulario r\u00e1pido de confirmaci\u00f3n de pago. Env\u00edo a toda la Argentina. Pago en cuotas. Suplememntos Deportivos.\" \/>\n<meta name=\"robots\" content=\"index, follow, max-snippet:-1, max-image-preview:large, max-video-preview:-1\" \/>\n<link rel=\"canonical\" href=\"https:\/\/www.demusculos.com\/ayuda\/cliente\/confirmar-pago-bancario\/\" \/>\n<meta property=\"og:locale\" content=\"es_ES\" \/>\n<meta property=\"og:type\" content=\"article\" \/>\n<meta property=\"og:title\" content=\"Confirmar pago x banco | Ayuda | DeMusculos.com\" \/>\n<meta property=\"og:description\" content=\"Confirmar pago x banco. Formulario r\u00e1pido de confirmaci\u00f3n de pago. Env\u00edo a toda la Argentina. Pago en cuotas. Suplememntos Deportivos.\" \/>\n<meta property=\"og:url\" content=\"https:\/\/www.demusculos.com\/ayuda\/cliente\/confirmar-pago-bancario\/\" \/>\n<meta property=\"og:site_name\" content=\"DeMusculos.com | AYUDA\" \/>\n<meta property=\"article:publisher\" content=\"https:\/\/www.facebook.com\/demusculos\" \/>\n<meta property=\"article:modified_time\" content=\"2025-07-07T16:02:26+00:00\" \/>\n<meta property=\"og:image\" content=\"https:\/\/www.demusculos.com\/ayuda\/wp-content\/uploads\/2024\/03\/demusculos-com-suplementos-productos.jpg\" \/>\n\t<meta property=\"og:image:width\" content=\"1200\" \/>\n\t<meta property=\"og:image:height\" content=\"675\" \/>\n\t<meta property=\"og:image:type\" content=\"image\/jpeg\" \/>\n<meta name=\"twitter:card\" content=\"summary_large_image\" \/>\n<meta name=\"twitter:site\" content=\"@demusculos\" \/>\n<meta name=\"twitter:label1\" content=\"Tiempo de lectura\" \/>\n\t<meta name=\"twitter:data1\" content=\"1 minuto\" \/>\n<script type=\"application\/ld+json\" class=\"yoast-schema-graph\">{\"@context\":\"https:\\\/\\\/schema.org\",\"@graph\":[{\"@type\":\"WebPage\",\"@id\":\"https:\\\/\\\/www.demusculos.com\\\/ayuda\\\/cliente\\\/confirmar-pago-bancario\\\/\",\"url\":\"https:\\\/\\\/www.demusculos.com\\\/ayuda\\\/cliente\\\/confirmar-pago-bancario\\\/\",\"name\":\"Confirmar pago x banco | Ayuda | DeMusculos.com\",\"isPartOf\":{\"@id\":\"https:\\\/\\\/www.demusculos.com\\\/ayuda\\\/#website\"},\"datePublished\":\"2020-04-05T21:47:47+00:00\",\"dateModified\":\"2025-07-07T16:02:26+00:00\",\"description\":\"Confirmar pago x banco. Formulario r\u00e1pido de confirmaci\u00f3n de pago. Env\u00edo a toda la Argentina. Pago en cuotas. Suplememntos Deportivos.\",\"breadcrumb\":{\"@id\":\"https:\\\/\\\/www.demusculos.com\\\/ayuda\\\/cliente\\\/confirmar-pago-bancario\\\/#breadcrumb\"},\"inLanguage\":\"es\",\"potentialAction\":[{\"@type\":\"ReadAction\",\"target\":[\"https:\\\/\\\/www.demusculos.com\\\/ayuda\\\/cliente\\\/confirmar-pago-bancario\\\/\"]}]},{\"@type\":\"BreadcrumbList\",\"@id\":\"https:\\\/\\\/www.demusculos.com\\\/ayuda\\\/cliente\\\/confirmar-pago-bancario\\\/#breadcrumb\",\"itemListElement\":[{\"@type\":\"ListItem\",\"position\":1,\"name\":\"Portada\",\"item\":\"https:\\\/\\\/www.demusculos.com\\\/ayuda\\\/\"},{\"@type\":\"ListItem\",\"position\":2,\"name\":\"\u00a1Bienvenido!\",\"item\":\"https:\\\/\\\/www.demusculos.com\\\/ayuda\\\/\"},{\"@type\":\"ListItem\",\"position\":3,\"name\":\"Confirmar un pago\"}]},{\"@type\":\"WebSite\",\"@id\":\"https:\\\/\\\/www.demusculos.com\\\/ayuda\\\/#website\",\"url\":\"https:\\\/\\\/www.demusculos.com\\\/ayuda\\\/\",\"name\":\"DeMusculos.com | AYUDA\",\"description\":\"Suplementos Naturales, Accesorios, Indumentaria\",\"publisher\":{\"@id\":\"https:\\\/\\\/www.demusculos.com\\\/ayuda\\\/#organization\"},\"alternateName\":\"Suplementos Natuarles\",\"potentialAction\":[{\"@type\":\"SearchAction\",\"target\":{\"@type\":\"EntryPoint\",\"urlTemplate\":\"https:\\\/\\\/www.demusculos.com\\\/ayuda\\\/?s={search_term_string}\"},\"query-input\":{\"@type\":\"PropertyValueSpecification\",\"valueRequired\":true,\"valueName\":\"search_term_string\"}}],\"inLanguage\":\"es\"},{\"@type\":\"Organization\",\"@id\":\"https:\\\/\\\/www.demusculos.com\\\/ayuda\\\/#organization\",\"name\":\"DeMusculos.com | AYUDA\",\"url\":\"https:\\\/\\\/www.demusculos.com\\\/ayuda\\\/\",\"logo\":{\"@type\":\"ImageObject\",\"inLanguage\":\"es\",\"@id\":\"https:\\\/\\\/www.demusculos.com\\\/ayuda\\\/#\\\/schema\\\/logo\\\/image\\\/\",\"url\":\"https:\\\/\\\/www.demusculos.com\\\/ayuda\\\/wp-content\\\/uploads\\\/2024\\\/01\\\/logo-demusculos-prestashop-usuario.png\",\"contentUrl\":\"https:\\\/\\\/www.demusculos.com\\\/ayuda\\\/wp-content\\\/uploads\\\/2024\\\/01\\\/logo-demusculos-prestashop-usuario.png\",\"width\":150,\"height\":150,\"caption\":\"DeMusculos.com | AYUDA\"},\"image\":{\"@id\":\"https:\\\/\\\/www.demusculos.com\\\/ayuda\\\/#\\\/schema\\\/logo\\\/image\\\/\"},\"sameAs\":[\"https:\\\/\\\/www.facebook.com\\\/demusculos\",\"https:\\\/\\\/x.com\\\/demusculos\",\"https:\\\/\\\/www.tiktok.com\\\/@demusculos.com\"]}]}<\/script>\n<!-- \/ Yoast SEO plugin. -->","yoast_head_json":{"title":"Confirmar pago x banco | Ayuda | DeMusculos.com","description":"Confirmar pago x banco. Formulario r\u00e1pido de confirmaci\u00f3n de pago. Env\u00edo a toda la Argentina. Pago en cuotas. Suplememntos Deportivos.","robots":{"index":"index","follow":"follow","max-snippet":"max-snippet:-1","max-image-preview":"max-image-preview:large","max-video-preview":"max-video-preview:-1"},"canonical":"https:\/\/www.demusculos.com\/ayuda\/cliente\/confirmar-pago-bancario\/","og_locale":"es_ES","og_type":"article","og_title":"Confirmar pago x banco | Ayuda | DeMusculos.com","og_description":"Confirmar pago x banco. Formulario r\u00e1pido de confirmaci\u00f3n de pago. Env\u00edo a toda la Argentina. Pago en cuotas. Suplememntos Deportivos.","og_url":"https:\/\/www.demusculos.com\/ayuda\/cliente\/confirmar-pago-bancario\/","og_site_name":"DeMusculos.com | AYUDA","article_publisher":"https:\/\/www.facebook.com\/demusculos","article_modified_time":"2025-07-07T16:02:26+00:00","og_image":[{"width":1200,"height":675,"url":"https:\/\/www.demusculos.com\/ayuda\/wp-content\/uploads\/2024\/03\/demusculos-com-suplementos-productos.jpg","type":"image\/jpeg"}],"twitter_card":"summary_large_image","twitter_site":"@demusculos","twitter_misc":{"Tiempo de lectura":"1 minuto"},"schema":{"@context":"https:\/\/schema.org","@graph":[{"@type":"WebPage","@id":"https:\/\/www.demusculos.com\/ayuda\/cliente\/confirmar-pago-bancario\/","url":"https:\/\/www.demusculos.com\/ayuda\/cliente\/confirmar-pago-bancario\/","name":"Confirmar pago x banco | Ayuda | DeMusculos.com","isPartOf":{"@id":"https:\/\/www.demusculos.com\/ayuda\/#website"},"datePublished":"2020-04-05T21:47:47+00:00","dateModified":"2025-07-07T16:02:26+00:00","description":"Confirmar pago x banco. Formulario r\u00e1pido de confirmaci\u00f3n de pago. Env\u00edo a toda la Argentina. Pago en cuotas. Suplememntos Deportivos.","breadcrumb":{"@id":"https:\/\/www.demusculos.com\/ayuda\/cliente\/confirmar-pago-bancario\/#breadcrumb"},"inLanguage":"es","potentialAction":[{"@type":"ReadAction","target":["https:\/\/www.demusculos.com\/ayuda\/cliente\/confirmar-pago-bancario\/"]}]},{"@type":"BreadcrumbList","@id":"https:\/\/www.demusculos.com\/ayuda\/cliente\/confirmar-pago-bancario\/#breadcrumb","itemListElement":[{"@type":"ListItem","position":1,"name":"Portada","item":"https:\/\/www.demusculos.com\/ayuda\/"},{"@type":"ListItem","position":2,"name":"\u00a1Bienvenido!","item":"https:\/\/www.demusculos.com\/ayuda\/"},{"@type":"ListItem","position":3,"name":"Confirmar un pago"}]},{"@type":"WebSite","@id":"https:\/\/www.demusculos.com\/ayuda\/#website","url":"https:\/\/www.demusculos.com\/ayuda\/","name":"DeMusculos.com | AYUDA","description":"Suplementos Naturales, Accesorios, Indumentaria","publisher":{"@id":"https:\/\/www.demusculos.com\/ayuda\/#organization"},"alternateName":"Suplementos Natuarles","potentialAction":[{"@type":"SearchAction","target":{"@type":"EntryPoint","urlTemplate":"https:\/\/www.demusculos.com\/ayuda\/?s={search_term_string}"},"query-input":{"@type":"PropertyValueSpecification","valueRequired":true,"valueName":"search_term_string"}}],"inLanguage":"es"},{"@type":"Organization","@id":"https:\/\/www.demusculos.com\/ayuda\/#organization","name":"DeMusculos.com | AYUDA","url":"https:\/\/www.demusculos.com\/ayuda\/","logo":{"@type":"ImageObject","inLanguage":"es","@id":"https:\/\/www.demusculos.com\/ayuda\/#\/schema\/logo\/image\/","url":"https:\/\/www.demusculos.com\/ayuda\/wp-content\/uploads\/2024\/01\/logo-demusculos-prestashop-usuario.png","contentUrl":"https:\/\/www.demusculos.com\/ayuda\/wp-content\/uploads\/2024\/01\/logo-demusculos-prestashop-usuario.png","width":150,"height":150,"caption":"DeMusculos.com | AYUDA"},"image":{"@id":"https:\/\/www.demusculos.com\/ayuda\/#\/schema\/logo\/image\/"},"sameAs":["https:\/\/www.facebook.com\/demusculos","https:\/\/x.com\/demusculos","https:\/\/www.tiktok.com\/@demusculos.com"]}]}},"_links":{"self":[{"href":"https:\/\/www.demusculos.com\/ayuda\/wp-json\/wp\/v2\/pages\/1599","targetHints":{"allow":["GET"]}}],"collection":[{"href":"https:\/\/www.demusculos.com\/ayuda\/wp-json\/wp\/v2\/pages"}],"about":[{"href":"https:\/\/www.demusculos.com\/ayuda\/wp-json\/wp\/v2\/types\/page"}],"author":[{"embeddable":true,"href":"https:\/\/www.demusculos.com\/ayuda\/wp-json\/wp\/v2\/users\/1"}],"replies":[{"embeddable":true,"href":"https:\/\/www.demusculos.com\/ayuda\/wp-json\/wp\/v2\/comments?post=1599"}],"version-history":[{"count":0,"href":"https:\/\/www.demusculos.com\/ayuda\/wp-json\/wp\/v2\/pages\/1599\/revisions"}],"up":[{"embeddable":true,"href":"https:\/\/www.demusculos.com\/ayuda\/wp-json\/wp\/v2\/pages\/1339"}],"wp:attachment":[{"href":"https:\/\/www.demusculos.com\/ayuda\/wp-json\/wp\/v2\/media?parent=1599"}],"curies":[{"name":"wp","href":"https:\/\/api.w.org\/{rel}","templated":true}]}}