{"id":1696,"date":"2020-04-06T21:17:03","date_gmt":"2020-04-06T21:17:03","guid":{"rendered":"http:\/\/www.demusculos.com\/ayuda\/?page_id=1696"},"modified":"2024-12-27T10:44:44","modified_gmt":"2024-12-27T10:44:44","slug":"carrito-de-demusculos-com","status":"publish","type":"page","link":"https:\/\/www.demusculos.com\/ayuda\/cliente\/carrito-de-demusculos-com\/","title":{"rendered":"Carrito de DeMusculos.com"},"content":{"rendered":"\n<h2 class=\"wp-block-heading has-large-font-size\">El m\u00e9todo de compra m\u00e1s r\u00e1pido<\/h2>\n\n\n\n<p>Solo debes seguir estos 3 simples pasos:<\/p>\n\n\n\n<hr class=\"wp-block-separator has-css-opacity\"\/>\n\n\n\n<p>\ud83d\udd34&nbsp;<strong>PASO 1<br><\/strong>Si te interesa un producto hacer clic en&nbsp;<strong><em>a\u00f1adir al carrito<\/em><\/strong><\/p>\n\n\n\n<figure class=\"wp-block-image size-full has-custom-border\"><a href=\"https:\/\/www.demusculos.com\/ayuda\/wp-content\/uploads\/2024\/04\/anadir-al-carrito.jpg\"><img loading=\"lazy\" decoding=\"async\" width=\"850\" height=\"849\" src=\"https:\/\/www.demusculos.com\/ayuda\/wp-content\/uploads\/2024\/04\/anadir-al-carrito.jpg\" alt=\"\" class=\"wp-image-3188\" style=\"border-width:1px;border-radius:20px\" srcset=\"https:\/\/www.demusculos.com\/ayuda\/wp-content\/uploads\/2024\/04\/anadir-al-carrito.jpg 850w, https:\/\/www.demusculos.com\/ayuda\/wp-content\/uploads\/2024\/04\/anadir-al-carrito-300x300.jpg 300w, https:\/\/www.demusculos.com\/ayuda\/wp-content\/uploads\/2024\/04\/anadir-al-carrito-150x150.jpg 150w, https:\/\/www.demusculos.com\/ayuda\/wp-content\/uploads\/2024\/04\/anadir-al-carrito-768x767.jpg 768w\" sizes=\"auto, (max-width: 850px) 100vw, 850px\" \/><\/a><\/figure>\n\n\n\n<p>\ud83d\udfe1&nbsp;<strong>PASO 2<br><\/strong>Revisa tu carrito de compras y clic en el bot\u00f3n&nbsp;<strong><em>finalizar compra<\/em><\/strong><\/p>\n\n\n\n<figure class=\"wp-block-image size-full has-custom-border\"><a href=\"https:\/\/www.demusculos.com\/ayuda\/wp-content\/uploads\/2024\/04\/finalizar-la-compra.jpg\"><img loading=\"lazy\" decoding=\"async\" width=\"848\" height=\"781\" src=\"https:\/\/www.demusculos.com\/ayuda\/wp-content\/uploads\/2024\/04\/finalizar-la-compra.jpg\" alt=\"\" class=\"wp-image-3189\" style=\"border-width:1px;border-radius:20px\" srcset=\"https:\/\/www.demusculos.com\/ayuda\/wp-content\/uploads\/2024\/04\/finalizar-la-compra.jpg 848w, https:\/\/www.demusculos.com\/ayuda\/wp-content\/uploads\/2024\/04\/finalizar-la-compra-300x276.jpg 300w, https:\/\/www.demusculos.com\/ayuda\/wp-content\/uploads\/2024\/04\/finalizar-la-compra-768x707.jpg 768w\" sizes=\"auto, (max-width: 848px) 100vw, 848px\" \/><\/a><\/figure>\n\n\n\n<p>\ud83d\udfe2&nbsp;<strong>PASO 3<\/strong><br>Completar los datos env\u00edo y elegir el m\u00e9todo de pago<\/p>\n\n\n\n<figure class=\"wp-block-image size-full has-custom-border is-style-default wp-duotone-unset-1\"><a href=\"https:\/\/www.demusculos.com\/ayuda\/wp-content\/uploads\/2024\/04\/completar-datos-para-finalizar.jpg\"><img loading=\"lazy\" decoding=\"async\" width=\"1076\" height=\"1520\" src=\"https:\/\/www.demusculos.com\/ayuda\/wp-content\/uploads\/2024\/04\/completar-datos-para-finalizar.jpg\" alt=\"\" class=\"wp-image-3190\" style=\"border-width:1px;border-radius:20px\" srcset=\"https:\/\/www.demusculos.com\/ayuda\/wp-content\/uploads\/2024\/04\/completar-datos-para-finalizar.jpg 1076w, https:\/\/www.demusculos.com\/ayuda\/wp-content\/uploads\/2024\/04\/completar-datos-para-finalizar-212x300.jpg 212w, https:\/\/www.demusculos.com\/ayuda\/wp-content\/uploads\/2024\/04\/completar-datos-para-finalizar-725x1024.jpg 725w, https:\/\/www.demusculos.com\/ayuda\/wp-content\/uploads\/2024\/04\/completar-datos-para-finalizar-768x1085.jpg 768w\" sizes=\"auto, (max-width: 1076px) 100vw, 1076px\" \/><\/a><\/figure>\n\n\n\n<p>&lt; <a href=\"https:\/\/www.demusculos.com\/ayuda\/cliente\/como-hacer-una-compra\/\">Regresar<\/a><\/p>\n","protected":false},"excerpt":{"rendered":"<p>El m\u00e9todo de compra m\u00e1s r\u00e1pido Solo debes seguir estos 3 simples pasos: \ud83d\udd34&nbsp;PASO 1Si te interesa un producto hacer clic en&nbsp;a\u00f1adir al carrito \ud83d\udfe1&nbsp;PASO 2Revisa tu carrito de compras y clic en el bot\u00f3n&nbsp;finalizar compra \ud83d\udfe2&nbsp;PASO 3Completar los datos env\u00edo y elegir el m\u00e9todo de pago &lt; Regresar<\/p>\n","protected":false},"author":1,"featured_media":0,"parent":1339,"menu_order":0,"comment_status":"closed","ping_status":"closed","template":"","meta":{"footnotes":""},"class_list":["post-1696","page","type-page","status-publish","hentry"],"yoast_head":"<!-- This site is optimized with the Yoast SEO plugin v27.4 - https:\/\/yoast.com\/product\/yoast-seo-wordpress\/ -->\n<title>Como comprar en DeMusculos | Suplementos 100% naturales<\/title>\n<meta name=\"description\" content=\"Como comprar en DeMusculos. Te ense\u00f1amos a comprar los mejores suplementos naturales, accesorios e indumentaria deportiva.\" \/>\n<meta name=\"robots\" content=\"index, follow, max-snippet:-1, max-image-preview:large, max-video-preview:-1\" \/>\n<link rel=\"canonical\" href=\"https:\/\/www.demusculos.com\/ayuda\/cliente\/carrito-de-demusculos-com\/\" \/>\n<meta property=\"og:locale\" content=\"es_ES\" \/>\n<meta property=\"og:type\" content=\"article\" \/>\n<meta property=\"og:title\" content=\"Como comprar en DeMusculos | Suplementos 100% naturales\" \/>\n<meta property=\"og:description\" content=\"Como comprar en DeMusculos. Te ense\u00f1amos a comprar los mejores suplementos naturales, accesorios e indumentaria deportiva.\" \/>\n<meta property=\"og:url\" content=\"https:\/\/www.demusculos.com\/ayuda\/cliente\/carrito-de-demusculos-com\/\" \/>\n<meta property=\"og:site_name\" content=\"DeMusculos.com | AYUDA\" \/>\n<meta property=\"article:publisher\" content=\"https:\/\/www.facebook.com\/demusculos\" \/>\n<meta property=\"article:modified_time\" content=\"2024-12-27T10:44:44+00:00\" \/>\n<meta property=\"og:image\" content=\"https:\/\/www.demusculos.com\/ayuda\/wp-content\/uploads\/2024\/04\/anadir-al-carrito.jpg\" \/>\n\t<meta property=\"og:image:width\" content=\"850\" \/>\n\t<meta property=\"og:image:height\" content=\"849\" \/>\n\t<meta property=\"og:image:type\" content=\"image\/jpeg\" \/>\n<meta name=\"twitter:card\" content=\"summary_large_image\" \/>\n<meta name=\"twitter:site\" content=\"@demusculos\" \/>\n<meta name=\"twitter:label1\" content=\"Tiempo de lectura\" \/>\n\t<meta name=\"twitter:data1\" content=\"1 minuto\" \/>\n<script type=\"application\/ld+json\" class=\"yoast-schema-graph\">{\"@context\":\"https:\\\/\\\/schema.org\",\"@graph\":[{\"@type\":\"WebPage\",\"@id\":\"https:\\\/\\\/www.demusculos.com\\\/ayuda\\\/cliente\\\/carrito-de-demusculos-com\\\/\",\"url\":\"https:\\\/\\\/www.demusculos.com\\\/ayuda\\\/cliente\\\/carrito-de-demusculos-com\\\/\",\"name\":\"Como comprar en DeMusculos | Suplementos 100% naturales\",\"isPartOf\":{\"@id\":\"https:\\\/\\\/www.demusculos.com\\\/ayuda\\\/#website\"},\"primaryImageOfPage\":{\"@id\":\"https:\\\/\\\/www.demusculos.com\\\/ayuda\\\/cliente\\\/carrito-de-demusculos-com\\\/#primaryimage\"},\"image\":{\"@id\":\"https:\\\/\\\/www.demusculos.com\\\/ayuda\\\/cliente\\\/carrito-de-demusculos-com\\\/#primaryimage\"},\"thumbnailUrl\":\"https:\\\/\\\/www.demusculos.com\\\/ayuda\\\/wp-content\\\/uploads\\\/2024\\\/04\\\/anadir-al-carrito.jpg\",\"datePublished\":\"2020-04-06T21:17:03+00:00\",\"dateModified\":\"2024-12-27T10:44:44+00:00\",\"description\":\"Como comprar en DeMusculos. Te ense\u00f1amos a comprar los mejores suplementos naturales, accesorios e indumentaria deportiva.\",\"breadcrumb\":{\"@id\":\"https:\\\/\\\/www.demusculos.com\\\/ayuda\\\/cliente\\\/carrito-de-demusculos-com\\\/#breadcrumb\"},\"inLanguage\":\"es\",\"potentialAction\":[{\"@type\":\"ReadAction\",\"target\":[\"https:\\\/\\\/www.demusculos.com\\\/ayuda\\\/cliente\\\/carrito-de-demusculos-com\\\/\"]}]},{\"@type\":\"ImageObject\",\"inLanguage\":\"es\",\"@id\":\"https:\\\/\\\/www.demusculos.com\\\/ayuda\\\/cliente\\\/carrito-de-demusculos-com\\\/#primaryimage\",\"url\":\"https:\\\/\\\/www.demusculos.com\\\/ayuda\\\/wp-content\\\/uploads\\\/2024\\\/04\\\/anadir-al-carrito.jpg\",\"contentUrl\":\"https:\\\/\\\/www.demusculos.com\\\/ayuda\\\/wp-content\\\/uploads\\\/2024\\\/04\\\/anadir-al-carrito.jpg\",\"width\":850,\"height\":849},{\"@type\":\"BreadcrumbList\",\"@id\":\"https:\\\/\\\/www.demusculos.com\\\/ayuda\\\/cliente\\\/carrito-de-demusculos-com\\\/#breadcrumb\",\"itemListElement\":[{\"@type\":\"ListItem\",\"position\":1,\"name\":\"Portada\",\"item\":\"https:\\\/\\\/www.demusculos.com\\\/ayuda\\\/\"},{\"@type\":\"ListItem\",\"position\":2,\"name\":\"\u00a1Bienvenido!\",\"item\":\"https:\\\/\\\/www.demusculos.com\\\/ayuda\\\/\"},{\"@type\":\"ListItem\",\"position\":3,\"name\":\"Carrito de DeMusculos.com\"}]},{\"@type\":\"WebSite\",\"@id\":\"https:\\\/\\\/www.demusculos.com\\\/ayuda\\\/#website\",\"url\":\"https:\\\/\\\/www.demusculos.com\\\/ayuda\\\/\",\"name\":\"DeMusculos.com | AYUDA\",\"description\":\"Suplementos Naturales, Accesorios, Indumentaria\",\"publisher\":{\"@id\":\"https:\\\/\\\/www.demusculos.com\\\/ayuda\\\/#organization\"},\"alternateName\":\"Suplementos Natuarles\",\"potentialAction\":[{\"@type\":\"SearchAction\",\"target\":{\"@type\":\"EntryPoint\",\"urlTemplate\":\"https:\\\/\\\/www.demusculos.com\\\/ayuda\\\/?s={search_term_string}\"},\"query-input\":{\"@type\":\"PropertyValueSpecification\",\"valueRequired\":true,\"valueName\":\"search_term_string\"}}],\"inLanguage\":\"es\"},{\"@type\":\"Organization\",\"@id\":\"https:\\\/\\\/www.demusculos.com\\\/ayuda\\\/#organization\",\"name\":\"DeMusculos.com | AYUDA\",\"url\":\"https:\\\/\\\/www.demusculos.com\\\/ayuda\\\/\",\"logo\":{\"@type\":\"ImageObject\",\"inLanguage\":\"es\",\"@id\":\"https:\\\/\\\/www.demusculos.com\\\/ayuda\\\/#\\\/schema\\\/logo\\\/image\\\/\",\"url\":\"https:\\\/\\\/www.demusculos.com\\\/ayuda\\\/wp-content\\\/uploads\\\/2024\\\/01\\\/logo-demusculos-prestashop-usuario.png\",\"contentUrl\":\"https:\\\/\\\/www.demusculos.com\\\/ayuda\\\/wp-content\\\/uploads\\\/2024\\\/01\\\/logo-demusculos-prestashop-usuario.png\",\"width\":150,\"height\":150,\"caption\":\"DeMusculos.com | AYUDA\"},\"image\":{\"@id\":\"https:\\\/\\\/www.demusculos.com\\\/ayuda\\\/#\\\/schema\\\/logo\\\/image\\\/\"},\"sameAs\":[\"https:\\\/\\\/www.facebook.com\\\/demusculos\",\"https:\\\/\\\/x.com\\\/demusculos\",\"https:\\\/\\\/www.tiktok.com\\\/@demusculos.com\"]}]}<\/script>\n<!-- \/ Yoast SEO plugin. -->","yoast_head_json":{"title":"Como comprar en DeMusculos | Suplementos 100% naturales","description":"Como comprar en DeMusculos. Te ense\u00f1amos a comprar los mejores suplementos naturales, accesorios e indumentaria deportiva.","robots":{"index":"index","follow":"follow","max-snippet":"max-snippet:-1","max-image-preview":"max-image-preview:large","max-video-preview":"max-video-preview:-1"},"canonical":"https:\/\/www.demusculos.com\/ayuda\/cliente\/carrito-de-demusculos-com\/","og_locale":"es_ES","og_type":"article","og_title":"Como comprar en DeMusculos | Suplementos 100% naturales","og_description":"Como comprar en DeMusculos. Te ense\u00f1amos a comprar los mejores suplementos naturales, accesorios e indumentaria deportiva.","og_url":"https:\/\/www.demusculos.com\/ayuda\/cliente\/carrito-de-demusculos-com\/","og_site_name":"DeMusculos.com | AYUDA","article_publisher":"https:\/\/www.facebook.com\/demusculos","article_modified_time":"2024-12-27T10:44:44+00:00","og_image":[{"width":850,"height":849,"url":"https:\/\/www.demusculos.com\/ayuda\/wp-content\/uploads\/2024\/04\/anadir-al-carrito.jpg","type":"image\/jpeg"}],"twitter_card":"summary_large_image","twitter_site":"@demusculos","twitter_misc":{"Tiempo de lectura":"1 minuto"},"schema":{"@context":"https:\/\/schema.org","@graph":[{"@type":"WebPage","@id":"https:\/\/www.demusculos.com\/ayuda\/cliente\/carrito-de-demusculos-com\/","url":"https:\/\/www.demusculos.com\/ayuda\/cliente\/carrito-de-demusculos-com\/","name":"Como comprar en DeMusculos | Suplementos 100% naturales","isPartOf":{"@id":"https:\/\/www.demusculos.com\/ayuda\/#website"},"primaryImageOfPage":{"@id":"https:\/\/www.demusculos.com\/ayuda\/cliente\/carrito-de-demusculos-com\/#primaryimage"},"image":{"@id":"https:\/\/www.demusculos.com\/ayuda\/cliente\/carrito-de-demusculos-com\/#primaryimage"},"thumbnailUrl":"https:\/\/www.demusculos.com\/ayuda\/wp-content\/uploads\/2024\/04\/anadir-al-carrito.jpg","datePublished":"2020-04-06T21:17:03+00:00","dateModified":"2024-12-27T10:44:44+00:00","description":"Como comprar en DeMusculos. Te ense\u00f1amos a comprar los mejores suplementos naturales, accesorios e indumentaria deportiva.","breadcrumb":{"@id":"https:\/\/www.demusculos.com\/ayuda\/cliente\/carrito-de-demusculos-com\/#breadcrumb"},"inLanguage":"es","potentialAction":[{"@type":"ReadAction","target":["https:\/\/www.demusculos.com\/ayuda\/cliente\/carrito-de-demusculos-com\/"]}]},{"@type":"ImageObject","inLanguage":"es","@id":"https:\/\/www.demusculos.com\/ayuda\/cliente\/carrito-de-demusculos-com\/#primaryimage","url":"https:\/\/www.demusculos.com\/ayuda\/wp-content\/uploads\/2024\/04\/anadir-al-carrito.jpg","contentUrl":"https:\/\/www.demusculos.com\/ayuda\/wp-content\/uploads\/2024\/04\/anadir-al-carrito.jpg","width":850,"height":849},{"@type":"BreadcrumbList","@id":"https:\/\/www.demusculos.com\/ayuda\/cliente\/carrito-de-demusculos-com\/#breadcrumb","itemListElement":[{"@type":"ListItem","position":1,"name":"Portada","item":"https:\/\/www.demusculos.com\/ayuda\/"},{"@type":"ListItem","position":2,"name":"\u00a1Bienvenido!","item":"https:\/\/www.demusculos.com\/ayuda\/"},{"@type":"ListItem","position":3,"name":"Carrito de DeMusculos.com"}]},{"@type":"WebSite","@id":"https:\/\/www.demusculos.com\/ayuda\/#website","url":"https:\/\/www.demusculos.com\/ayuda\/","name":"DeMusculos.com | AYUDA","description":"Suplementos Naturales, Accesorios, Indumentaria","publisher":{"@id":"https:\/\/www.demusculos.com\/ayuda\/#organization"},"alternateName":"Suplementos Natuarles","potentialAction":[{"@type":"SearchAction","target":{"@type":"EntryPoint","urlTemplate":"https:\/\/www.demusculos.com\/ayuda\/?s={search_term_string}"},"query-input":{"@type":"PropertyValueSpecification","valueRequired":true,"valueName":"search_term_string"}}],"inLanguage":"es"},{"@type":"Organization","@id":"https:\/\/www.demusculos.com\/ayuda\/#organization","name":"DeMusculos.com | AYUDA","url":"https:\/\/www.demusculos.com\/ayuda\/","logo":{"@type":"ImageObject","inLanguage":"es","@id":"https:\/\/www.demusculos.com\/ayuda\/#\/schema\/logo\/image\/","url":"https:\/\/www.demusculos.com\/ayuda\/wp-content\/uploads\/2024\/01\/logo-demusculos-prestashop-usuario.png","contentUrl":"https:\/\/www.demusculos.com\/ayuda\/wp-content\/uploads\/2024\/01\/logo-demusculos-prestashop-usuario.png","width":150,"height":150,"caption":"DeMusculos.com | AYUDA"},"image":{"@id":"https:\/\/www.demusculos.com\/ayuda\/#\/schema\/logo\/image\/"},"sameAs":["https:\/\/www.facebook.com\/demusculos","https:\/\/x.com\/demusculos","https:\/\/www.tiktok.com\/@demusculos.com"]}]}},"_links":{"self":[{"href":"https:\/\/www.demusculos.com\/ayuda\/wp-json\/wp\/v2\/pages\/1696","targetHints":{"allow":["GET"]}}],"collection":[{"href":"https:\/\/www.demusculos.com\/ayuda\/wp-json\/wp\/v2\/pages"}],"about":[{"href":"https:\/\/www.demusculos.com\/ayuda\/wp-json\/wp\/v2\/types\/page"}],"author":[{"embeddable":true,"href":"https:\/\/www.demusculos.com\/ayuda\/wp-json\/wp\/v2\/users\/1"}],"replies":[{"embeddable":true,"href":"https:\/\/www.demusculos.com\/ayuda\/wp-json\/wp\/v2\/comments?post=1696"}],"version-history":[{"count":0,"href":"https:\/\/www.demusculos.com\/ayuda\/wp-json\/wp\/v2\/pages\/1696\/revisions"}],"up":[{"embeddable":true,"href":"https:\/\/www.demusculos.com\/ayuda\/wp-json\/wp\/v2\/pages\/1339"}],"wp:attachment":[{"href":"https:\/\/www.demusculos.com\/ayuda\/wp-json\/wp\/v2\/media?parent=1696"}],"curies":[{"name":"wp","href":"https:\/\/api.w.org\/{rel}","templated":true}]}}