{"id":1270,"date":"2024-03-01T00:09:17","date_gmt":"2024-03-01T03:09:17","guid":{"rendered":"https:\/\/www.demusculos.com\/web\/?post_type=product&#038;p=1270"},"modified":"2026-05-08T09:57:42","modified_gmt":"2026-05-08T12:57:42","slug":"aminoacidos-eaas-de-generation-fit-x360-grs","status":"publish","type":"product","link":"https:\/\/www.demusculos.com\/web\/producto\/aminoacidos-eaas-de-generation-fit-x360-grs\/","title":{"rendered":"Amino\u00e1cidos EAA\u00b4s de Generation Fit x360 grs"},"content":{"rendered":"<p>&nbsp;<\/p>\n<figure id=\"attachment_156\" aria-describedby=\"caption-attachment-156\" style=\"width: 446px\" class=\"wp-caption alignnone\"><img decoding=\"async\" class=\"size-full wp-image-156\" src=\"https:\/\/www.demusculos.com\/web\/wp-content\/uploads\/2024\/02\/logo-generation-fit.png\" alt=\"Generation Fit, Suplementos Naturales Deportivos: Prote\u00ednas, Amino\u00e1cidos, Creatinas y quemadores de grasas.\" width=\"446\" height=\"103\" srcset=\"https:\/\/www.demusculos.com\/web\/wp-content\/uploads\/2024\/02\/logo-generation-fit.png 446w, https:\/\/www.demusculos.com\/web\/wp-content\/uploads\/2024\/02\/logo-generation-fit-300x69.png 300w, https:\/\/www.demusculos.com\/web\/wp-content\/uploads\/2024\/02\/logo-generation-fit-150x35.png 150w, https:\/\/www.demusculos.com\/web\/wp-content\/uploads\/2024\/02\/logo-generation-fit-416x96.png 416w\" sizes=\"(max-width: 446px) 100vw, 446px\" \/><figcaption id=\"caption-attachment-156\" class=\"wp-caption-text\">Este producto es fabricado por la empresa Genration Fit.<\/figcaption><\/figure>\n<div class=\"scroller scroller-enabled\">\n<div class=\"scroller-positioner\">\n<div class=\"content\">\n<div id=\"cib-chat-main\" class=\"main\">\n<div class=\"message\">\n<div class=\"content\" tabindex=\"0\" aria-description=\"\">\n<div class=\"ac-container ac-adaptiveCard\">\n<div class=\"ac-textBlock\">\n<p><strong style=\"font-size: 16px;\">Estimulaci\u00f3n de la s\u00edntesis de prote\u00ednas musculares<\/strong><span style=\"font-size: 16px;\">:<\/span><\/p>\n<ul>\n<li style=\"list-style-type: none;\">\n<ul>\n<li>Los EAA son cruciales para la formaci\u00f3n de prote\u00ednas en el cuerpo, incluyendo el desarrollo y la reparaci\u00f3n del tejido muscular.<\/li>\n<li>Ayudan a construir nuevos m\u00fasculos despu\u00e9s del entrenamiento y proporcionan la base para su desarrollo.<\/li>\n<\/ul>\n<\/li>\n<\/ul>\n<figure id=\"attachment_385\" aria-describedby=\"caption-attachment-385\" style=\"width: 300px\" class=\"wp-caption alignnone\"><img fetchpriority=\"high\" decoding=\"async\" class=\"size-full wp-image-385\" src=\"https:\/\/www.demusculos.com\/web\/wp-content\/uploads\/2024\/02\/icon-recuperador-muscular.png\" alt=\"Este producto maximiza la recuperaci\u00f3n muscular. A mayor recuperaci\u00f3n muscular m\u00e1s sera el rendimiento y masa muscular magra.\" width=\"300\" height=\"300\" srcset=\"https:\/\/www.demusculos.com\/web\/wp-content\/uploads\/2024\/02\/icon-recuperador-muscular.png 300w, https:\/\/www.demusculos.com\/web\/wp-content\/uploads\/2024\/02\/icon-recuperador-muscular-150x150.png 150w\" sizes=\"(max-width: 300px) 100vw, 300px\" \/><figcaption id=\"caption-attachment-385\" class=\"wp-caption-text\">Este producto es ideal para maximizar la recuperaci\u00f3n muscular. Recuerda que a mayor recuperaci\u00f3n m\u00e1s aumento de masa muscular. No solo obtienes masa muscular, con el correr del tiempo tendr\u00e1s menos cansancio y fatiga muscular, tambi\u00e9n notaras un incremento de energ\u00eda y una mejora en el entrenamiento.<\/figcaption><\/figure>\n<p><strong>Mejora de la recuperaci\u00f3n muscular<\/strong>:<\/p>\n<ul>\n<li style=\"list-style-type: none;\">\n<ul>\n<li>Despu\u00e9s de un entrenamiento intenso, los m\u00fasculos pueden experimentar microlesiones.<\/li>\n<li>Los EAA contribuyen a la reparaci\u00f3n y recuperaci\u00f3n muscular, lo que es esencial para mantener la salud y el crecimiento muscular.<\/li>\n<\/ul>\n<\/li>\n<\/ul>\n<p><strong>Impulso al sistema inmunol\u00f3gico y mejora de la funci\u00f3n cerebral<\/strong>:<\/p>\n<ul>\n<li style=\"list-style-type: none;\">\n<ul>\n<li style=\"list-style-type: none;\">\n<ul>\n<li>Los amino\u00e1cidos esenciales fortalecen el sistema inmunol\u00f3gico y promueven una mayor resistencia y energ\u00eda durante el entrenamiento.<\/li>\n<li>Adem\u00e1s de ayudar a alcanzar objetivos de desarrollo muscular, tambi\u00e9n mejoran el bienestar general.<\/li>\n<\/ul>\n<\/li>\n<\/ul>\n<\/li>\n<\/ul>\n<p>Recuerda que los EAA tambi\u00e9n tienen efectos positivos sobre la p\u00e9rdida de peso, ya que impulsan la producci\u00f3n de mitocondrias, responsables de la activaci\u00f3n y descomposici\u00f3n de los \u00e1cidos grasos.<\/p>\n<figure id=\"attachment_386\" aria-describedby=\"caption-attachment-386\" style=\"width: 300px\" class=\"wp-caption alignnone\"><img decoding=\"async\" class=\"size-full wp-image-386\" src=\"https:\/\/www.demusculos.com\/web\/wp-content\/uploads\/2024\/02\/icon-combinar-con-whey-proteina.png\" alt=\"El producto se puede combinar con otros suplemetnos naturales para aumentar los beneficios, por ejemplo, se lo puede combinar con vitaminicos, amino\u00e1cidos, prote\u00ednas + creatinas, etc.\" width=\"300\" height=\"300\" srcset=\"https:\/\/www.demusculos.com\/web\/wp-content\/uploads\/2024\/02\/icon-combinar-con-whey-proteina.png 300w, https:\/\/www.demusculos.com\/web\/wp-content\/uploads\/2024\/02\/icon-combinar-con-whey-proteina-150x150.png 150w\" sizes=\"(max-width: 300px) 100vw, 300px\" \/><figcaption id=\"caption-attachment-386\" class=\"wp-caption-text\">Este producto se puede combinar con prote\u00edna de suero de leche, prote\u00ednas de huevo o cualquier otra fuente de prote\u00edna, pueden ser tambi\u00e9n prote\u00ednas de soja. Los resultados se potenciar\u00e1n al combinar el producto con prote\u00ednas.<\/figcaption><\/figure>\n<\/div>\n<\/div>\n<\/div>\n<\/div>\n<\/div>\n<\/div>\n<\/div>\n<\/div>\n","protected":false},"excerpt":{"rendered":"<p>Ideal para recuperaci\u00f3n, rendimiento, aumento de masa muscular. Se prepara con agua. Se puede tomar antes de entrenar para afrontar el entrenamiento o si no durante o luego del entrenamiento para promover una recuperaci\u00f3n muscular mucho m\u00e1s r\u00e1pida.<\/p>\n","protected":false},"featured_media":6139,"comment_status":"closed","ping_status":"closed","template":"","meta":[],"product_brand":[232],"product_cat":[44,25],"product_tag":[40],"class_list":{"0":"post-1270","1":"product","2":"type-product","3":"status-publish","4":"has-post-thumbnail","6":"product_brand-generation-fit","7":"product_cat-aminoacidos","8":"product_cat-bcaa","9":"product_tag-generation-fit","11":"first","12":"instock","13":"sale","14":"shipping-taxable","15":"purchasable","16":"product-type-simple"},"yoast_head":"<!-- This site is optimized with the Yoast SEO plugin v27.6 - https:\/\/yoast.com\/product\/yoast-seo-wordpress\/ -->\n<title>Amino\u00e1cidos EAA\u00b4s | Generation Fit | DeMusculos.com<\/title>\n<meta name=\"description\" content=\"Los Amino\u00e1cidos EAA\u00b4s son ideales para recuperaci\u00f3n, a m\u00e1s recuperaci\u00f3n m\u00e1s tono muscular, crecimiento muscular libre de grasas. Gimnasio. Entrenamiento.\" \/>\n<meta name=\"robots\" content=\"index, follow, max-snippet:-1, max-image-preview:large, max-video-preview:-1\" \/>\n<link rel=\"canonical\" href=\"https:\/\/www.demusculos.com\/web\/producto\/aminoacidos-eaas-de-generation-fit-x360-grs\/\" \/>\n<meta property=\"og:locale\" content=\"es_ES\" \/>\n<meta property=\"og:type\" content=\"article\" \/>\n<meta property=\"og:title\" content=\"Amino\u00e1cidos EAA\u00b4s | Generation Fit | DeMusculos.com\" \/>\n<meta property=\"og:description\" content=\"Los Amino\u00e1cidos EAA\u00b4s son ideales para recuperaci\u00f3n, a m\u00e1s recuperaci\u00f3n m\u00e1s tono muscular, crecimiento muscular libre de grasas. Gimnasio. Entrenamiento.\" \/>\n<meta property=\"og:url\" content=\"https:\/\/www.demusculos.com\/web\/producto\/aminoacidos-eaas-de-generation-fit-x360-grs\/\" \/>\n<meta property=\"og:site_name\" content=\"DeMusculos\" \/>\n<meta property=\"article:publisher\" content=\"https:\/\/www.facebook.com\/demusculos\" \/>\n<meta property=\"article:modified_time\" content=\"2026-05-08T12:57:42+00:00\" \/>\n<meta property=\"og:image\" content=\"https:\/\/www.demusculos.com\/web\/wp-content\/uploads\/2024\/03\/eaas-360-grs-generation-fit-grape-twist.jpg\" \/>\n\t<meta property=\"og:image:width\" content=\"1200\" \/>\n\t<meta property=\"og:image:height\" content=\"1200\" \/>\n\t<meta property=\"og:image:type\" content=\"image\/jpeg\" \/>\n<meta name=\"twitter:card\" content=\"summary_large_image\" \/>\n<meta name=\"twitter:site\" content=\"@demusculos\" \/>\n<meta name=\"twitter:label1\" content=\"Tiempo de lectura\" \/>\n\t<meta name=\"twitter:data1\" content=\"2 minutos\" \/>\n<script type=\"application\/ld+json\" class=\"yoast-schema-graph\">{\"@context\":\"https:\\\/\\\/schema.org\",\"@graph\":[{\"@type\":\"WebPage\",\"@id\":\"https:\\\/\\\/www.demusculos.com\\\/web\\\/producto\\\/aminoacidos-eaas-de-generation-fit-x360-grs\\\/\",\"url\":\"https:\\\/\\\/www.demusculos.com\\\/web\\\/producto\\\/aminoacidos-eaas-de-generation-fit-x360-grs\\\/\",\"name\":\"Amino\u00e1cidos EAA\u00b4s | Generation Fit | DeMusculos.com\",\"isPartOf\":{\"@id\":\"https:\\\/\\\/www.demusculos.com\\\/web\\\/#website\"},\"primaryImageOfPage\":{\"@id\":\"https:\\\/\\\/www.demusculos.com\\\/web\\\/producto\\\/aminoacidos-eaas-de-generation-fit-x360-grs\\\/#primaryimage\"},\"image\":{\"@id\":\"https:\\\/\\\/www.demusculos.com\\\/web\\\/producto\\\/aminoacidos-eaas-de-generation-fit-x360-grs\\\/#primaryimage\"},\"thumbnailUrl\":\"https:\\\/\\\/www.demusculos.com\\\/web\\\/wp-content\\\/uploads\\\/2024\\\/03\\\/eaas-360-grs-generation-fit-grape-twist.jpg\",\"datePublished\":\"2024-03-01T03:09:17+00:00\",\"dateModified\":\"2026-05-08T12:57:42+00:00\",\"description\":\"Los Amino\u00e1cidos EAA\u00b4s son ideales para recuperaci\u00f3n, a m\u00e1s recuperaci\u00f3n m\u00e1s tono muscular, crecimiento muscular libre de grasas. Gimnasio. Entrenamiento.\",\"breadcrumb\":{\"@id\":\"https:\\\/\\\/www.demusculos.com\\\/web\\\/producto\\\/aminoacidos-eaas-de-generation-fit-x360-grs\\\/#breadcrumb\"},\"inLanguage\":\"es\",\"potentialAction\":[{\"@type\":\"ReadAction\",\"target\":[\"https:\\\/\\\/www.demusculos.com\\\/web\\\/producto\\\/aminoacidos-eaas-de-generation-fit-x360-grs\\\/\"]}]},{\"@type\":\"ImageObject\",\"inLanguage\":\"es\",\"@id\":\"https:\\\/\\\/www.demusculos.com\\\/web\\\/producto\\\/aminoacidos-eaas-de-generation-fit-x360-grs\\\/#primaryimage\",\"url\":\"https:\\\/\\\/www.demusculos.com\\\/web\\\/wp-content\\\/uploads\\\/2024\\\/03\\\/eaas-360-grs-generation-fit-grape-twist.jpg\",\"contentUrl\":\"https:\\\/\\\/www.demusculos.com\\\/web\\\/wp-content\\\/uploads\\\/2024\\\/03\\\/eaas-360-grs-generation-fit-grape-twist.jpg\",\"width\":1200,\"height\":1200,\"caption\":\"Amino\u00e1cidos Esenciales EEAs 360 grs de Generation Fit\"},{\"@type\":\"BreadcrumbList\",\"@id\":\"https:\\\/\\\/www.demusculos.com\\\/web\\\/producto\\\/aminoacidos-eaas-de-generation-fit-x360-grs\\\/#breadcrumb\",\"itemListElement\":[{\"@type\":\"ListItem\",\"position\":1,\"name\":\"Inicio\",\"item\":\"https:\\\/\\\/www.demusculos.com\\\/web\\\/\"},{\"@type\":\"ListItem\",\"position\":2,\"name\":\"Suplementos\",\"item\":\"https:\\\/\\\/www.demusculos.com\\\/web\\\/tienda\\\/\"},{\"@type\":\"ListItem\",\"position\":3,\"name\":\"Amino\u00e1cidos EAA\u00b4s de Generation Fit x360 grs\"}]},{\"@type\":\"WebSite\",\"@id\":\"https:\\\/\\\/www.demusculos.com\\\/web\\\/#website\",\"url\":\"https:\\\/\\\/www.demusculos.com\\\/web\\\/\",\"name\":\"DeMusculos.com\",\"description\":\"Suplementos Naturales\",\"publisher\":{\"@id\":\"https:\\\/\\\/www.demusculos.com\\\/web\\\/#organization\"},\"alternateName\":\"Suplementos Naturales\",\"potentialAction\":[{\"@type\":\"SearchAction\",\"target\":{\"@type\":\"EntryPoint\",\"urlTemplate\":\"https:\\\/\\\/www.demusculos.com\\\/web\\\/?s={search_term_string}\"},\"query-input\":{\"@type\":\"PropertyValueSpecification\",\"valueRequired\":true,\"valueName\":\"search_term_string\"}}],\"inLanguage\":\"es\"},{\"@type\":\"Organization\",\"@id\":\"https:\\\/\\\/www.demusculos.com\\\/web\\\/#organization\",\"name\":\"DeMusculos.com\",\"alternateName\":\"DeMusculos\",\"url\":\"https:\\\/\\\/www.demusculos.com\\\/web\\\/\",\"logo\":{\"@type\":\"ImageObject\",\"inLanguage\":\"es\",\"@id\":\"https:\\\/\\\/www.demusculos.com\\\/web\\\/#\\\/schema\\\/logo\\\/image\\\/\",\"url\":\"https:\\\/\\\/www.demusculos.com\\\/web\\\/wp-content\\\/uploads\\\/2024\\\/02\\\/logo-demusculos-prestashop-usuario.png\",\"contentUrl\":\"https:\\\/\\\/www.demusculos.com\\\/web\\\/wp-content\\\/uploads\\\/2024\\\/02\\\/logo-demusculos-prestashop-usuario.png\",\"width\":150,\"height\":150,\"caption\":\"DeMusculos.com\"},\"image\":{\"@id\":\"https:\\\/\\\/www.demusculos.com\\\/web\\\/#\\\/schema\\\/logo\\\/image\\\/\"},\"sameAs\":[\"https:\\\/\\\/www.facebook.com\\\/demusculos\",\"https:\\\/\\\/x.com\\\/demusculos\",\"https:\\\/\\\/www.instagram.com\\\/demusculos\",\"https:\\\/\\\/www.tiktok.com\\\/@demusculos.com\"]}]}<\/script>\n<!-- \/ Yoast SEO plugin. -->","yoast_head_json":{"title":"Amino\u00e1cidos EAA\u00b4s | Generation Fit | DeMusculos.com","description":"Los Amino\u00e1cidos EAA\u00b4s son ideales para recuperaci\u00f3n, a m\u00e1s recuperaci\u00f3n m\u00e1s tono muscular, crecimiento muscular libre de grasas. Gimnasio. Entrenamiento.","robots":{"index":"index","follow":"follow","max-snippet":"max-snippet:-1","max-image-preview":"max-image-preview:large","max-video-preview":"max-video-preview:-1"},"canonical":"https:\/\/www.demusculos.com\/web\/producto\/aminoacidos-eaas-de-generation-fit-x360-grs\/","og_locale":"es_ES","og_type":"article","og_title":"Amino\u00e1cidos EAA\u00b4s | Generation Fit | DeMusculos.com","og_description":"Los Amino\u00e1cidos EAA\u00b4s son ideales para recuperaci\u00f3n, a m\u00e1s recuperaci\u00f3n m\u00e1s tono muscular, crecimiento muscular libre de grasas. Gimnasio. Entrenamiento.","og_url":"https:\/\/www.demusculos.com\/web\/producto\/aminoacidos-eaas-de-generation-fit-x360-grs\/","og_site_name":"DeMusculos","article_publisher":"https:\/\/www.facebook.com\/demusculos","article_modified_time":"2026-05-08T12:57:42+00:00","og_image":[{"width":1200,"height":1200,"url":"https:\/\/www.demusculos.com\/web\/wp-content\/uploads\/2024\/03\/eaas-360-grs-generation-fit-grape-twist.jpg","type":"image\/jpeg"}],"twitter_card":"summary_large_image","twitter_site":"@demusculos","twitter_misc":{"Tiempo de lectura":"2 minutos"},"schema":{"@context":"https:\/\/schema.org","@graph":[{"@type":"WebPage","@id":"https:\/\/www.demusculos.com\/web\/producto\/aminoacidos-eaas-de-generation-fit-x360-grs\/","url":"https:\/\/www.demusculos.com\/web\/producto\/aminoacidos-eaas-de-generation-fit-x360-grs\/","name":"Amino\u00e1cidos EAA\u00b4s | Generation Fit | DeMusculos.com","isPartOf":{"@id":"https:\/\/www.demusculos.com\/web\/#website"},"primaryImageOfPage":{"@id":"https:\/\/www.demusculos.com\/web\/producto\/aminoacidos-eaas-de-generation-fit-x360-grs\/#primaryimage"},"image":{"@id":"https:\/\/www.demusculos.com\/web\/producto\/aminoacidos-eaas-de-generation-fit-x360-grs\/#primaryimage"},"thumbnailUrl":"https:\/\/www.demusculos.com\/web\/wp-content\/uploads\/2024\/03\/eaas-360-grs-generation-fit-grape-twist.jpg","datePublished":"2024-03-01T03:09:17+00:00","dateModified":"2026-05-08T12:57:42+00:00","description":"Los Amino\u00e1cidos EAA\u00b4s son ideales para recuperaci\u00f3n, a m\u00e1s recuperaci\u00f3n m\u00e1s tono muscular, crecimiento muscular libre de grasas. Gimnasio. Entrenamiento.","breadcrumb":{"@id":"https:\/\/www.demusculos.com\/web\/producto\/aminoacidos-eaas-de-generation-fit-x360-grs\/#breadcrumb"},"inLanguage":"es","potentialAction":[{"@type":"ReadAction","target":["https:\/\/www.demusculos.com\/web\/producto\/aminoacidos-eaas-de-generation-fit-x360-grs\/"]}]},{"@type":"ImageObject","inLanguage":"es","@id":"https:\/\/www.demusculos.com\/web\/producto\/aminoacidos-eaas-de-generation-fit-x360-grs\/#primaryimage","url":"https:\/\/www.demusculos.com\/web\/wp-content\/uploads\/2024\/03\/eaas-360-grs-generation-fit-grape-twist.jpg","contentUrl":"https:\/\/www.demusculos.com\/web\/wp-content\/uploads\/2024\/03\/eaas-360-grs-generation-fit-grape-twist.jpg","width":1200,"height":1200,"caption":"Amino\u00e1cidos Esenciales EEAs 360 grs de Generation Fit"},{"@type":"BreadcrumbList","@id":"https:\/\/www.demusculos.com\/web\/producto\/aminoacidos-eaas-de-generation-fit-x360-grs\/#breadcrumb","itemListElement":[{"@type":"ListItem","position":1,"name":"Inicio","item":"https:\/\/www.demusculos.com\/web\/"},{"@type":"ListItem","position":2,"name":"Suplementos","item":"https:\/\/www.demusculos.com\/web\/tienda\/"},{"@type":"ListItem","position":3,"name":"Amino\u00e1cidos EAA\u00b4s de Generation Fit x360 grs"}]},{"@type":"WebSite","@id":"https:\/\/www.demusculos.com\/web\/#website","url":"https:\/\/www.demusculos.com\/web\/","name":"DeMusculos.com","description":"Suplementos Naturales","publisher":{"@id":"https:\/\/www.demusculos.com\/web\/#organization"},"alternateName":"Suplementos Naturales","potentialAction":[{"@type":"SearchAction","target":{"@type":"EntryPoint","urlTemplate":"https:\/\/www.demusculos.com\/web\/?s={search_term_string}"},"query-input":{"@type":"PropertyValueSpecification","valueRequired":true,"valueName":"search_term_string"}}],"inLanguage":"es"},{"@type":"Organization","@id":"https:\/\/www.demusculos.com\/web\/#organization","name":"DeMusculos.com","alternateName":"DeMusculos","url":"https:\/\/www.demusculos.com\/web\/","logo":{"@type":"ImageObject","inLanguage":"es","@id":"https:\/\/www.demusculos.com\/web\/#\/schema\/logo\/image\/","url":"https:\/\/www.demusculos.com\/web\/wp-content\/uploads\/2024\/02\/logo-demusculos-prestashop-usuario.png","contentUrl":"https:\/\/www.demusculos.com\/web\/wp-content\/uploads\/2024\/02\/logo-demusculos-prestashop-usuario.png","width":150,"height":150,"caption":"DeMusculos.com"},"image":{"@id":"https:\/\/www.demusculos.com\/web\/#\/schema\/logo\/image\/"},"sameAs":["https:\/\/www.facebook.com\/demusculos","https:\/\/x.com\/demusculos","https:\/\/www.instagram.com\/demusculos","https:\/\/www.tiktok.com\/@demusculos.com"]}]}},"_links":{"self":[{"href":"https:\/\/www.demusculos.com\/web\/wp-json\/wp\/v2\/product\/1270","targetHints":{"allow":["GET"]}}],"collection":[{"href":"https:\/\/www.demusculos.com\/web\/wp-json\/wp\/v2\/product"}],"about":[{"href":"https:\/\/www.demusculos.com\/web\/wp-json\/wp\/v2\/types\/product"}],"replies":[{"embeddable":true,"href":"https:\/\/www.demusculos.com\/web\/wp-json\/wp\/v2\/comments?post=1270"}],"wp:featuredmedia":[{"embeddable":true,"href":"https:\/\/www.demusculos.com\/web\/wp-json\/wp\/v2\/media\/6139"}],"wp:attachment":[{"href":"https:\/\/www.demusculos.com\/web\/wp-json\/wp\/v2\/media?parent=1270"}],"wp:term":[{"taxonomy":"product_brand","embeddable":true,"href":"https:\/\/www.demusculos.com\/web\/wp-json\/wp\/v2\/product_brand?post=1270"},{"taxonomy":"product_cat","embeddable":true,"href":"https:\/\/www.demusculos.com\/web\/wp-json\/wp\/v2\/product_cat?post=1270"},{"taxonomy":"product_tag","embeddable":true,"href":"https:\/\/www.demusculos.com\/web\/wp-json\/wp\/v2\/product_tag?post=1270"}],"curies":[{"name":"wp","href":"https:\/\/api.w.org\/{rel}","templated":true}]}}