{"id":13949,"date":"2025-08-08T19:48:44","date_gmt":"2025-08-08T22:48:44","guid":{"rendered":"https:\/\/www.demusculos.com\/web\/?post_type=product&#038;p=13949"},"modified":"2026-02-01T20:01:50","modified_gmt":"2026-02-01T23:01:50","slug":"amino-9000-de-gentech-n-o-oxido-nitrico-x90","status":"publish","type":"product","link":"https:\/\/www.demusculos.com\/web\/producto\/amino-9000-de-gentech-n-o-oxido-nitrico-x90\/","title":{"rendered":"Amino 9000 de Gentech Masticable 325 tabs + N.O. \u00d3xido Nitrico x90 de Gentech"},"content":{"rendered":"<p><img decoding=\"async\" class=\"alignnone size-full wp-image-12544\" src=\"https:\/\/www.demusculos.com\/web\/wp-content\/uploads\/2025\/06\/logo-marca-gentech.webp\" alt=\"Suplementos Naturales Gentech\" width=\"446\" height=\"103\" srcset=\"https:\/\/www.demusculos.com\/web\/wp-content\/uploads\/2025\/06\/logo-marca-gentech.webp 446w, https:\/\/www.demusculos.com\/web\/wp-content\/uploads\/2025\/06\/logo-marca-gentech-300x69.webp 300w, https:\/\/www.demusculos.com\/web\/wp-content\/uploads\/2025\/06\/logo-marca-gentech-441x102.webp 441w, https:\/\/www.demusculos.com\/web\/wp-content\/uploads\/2025\/06\/logo-marca-gentech-150x35.webp 150w\" sizes=\"(max-width: 446px) 100vw, 446px\" \/><\/p>\n<p>Dos productos.<br \/>\nAmino\u00e1cidos 9000 de Gentech. 100% masticables.<br \/>\nDos sabores:<br \/>\n&#8211; Dulce de leche y frutilla<br \/>\nIdeal para recuperaci\u00f3n. Al haber m\u00e1s recuperaci\u00f3n hay m\u00e1s rendimiento y masa muscular. Con la masa muscular hay m\u00e1s tono y rendimiento.<br \/>\nTambi\u00e9n incluye Arginina Vasodilatador Transportador de Nutrientes x90 comprimidos de Gentech.<br \/>\nEs un vasodilatador, un excelente vasodilatador.<br \/>\nSe encarga de transportar oxigeno y nurtientes hacia la fibra muscular.<br \/>\nIndicaciones de toma en espa\u00f1ol.<br \/>\nToda la informaci\u00f3n nutricional est\u00e1 en espa\u00f1ol.<br \/>\nSe puede combinar con otros suplementos deportivos.<\/p>\n","protected":false},"excerpt":{"rendered":"<p>Ideal para recuperaci\u00f3n, rendimiento, energ\u00eda. Vasodilatador + amino\u00e1cidos para maximizar tu d\u00eda a d\u00eda. Rendis x 2.<\/p>\n","protected":false},"featured_media":13950,"comment_status":"open","ping_status":"closed","template":"","meta":[],"product_brand":[222],"product_cat":[71],"product_tag":[21],"class_list":{"0":"post-13949","1":"product","2":"type-product","3":"status-publish","4":"has-post-thumbnail","6":"product_brand-gentech","7":"product_cat-combos-masa-muscular","8":"product_tag-gentech","10":"first","11":"instock","12":"sale","13":"shipping-taxable","14":"purchasable","15":"product-type-variable"},"yoast_head":"<!-- This site is optimized with the Yoast SEO plugin v27.5 - https:\/\/yoast.com\/product\/yoast-seo-wordpress\/ -->\n<title>Amino 9000 de Gentech Masticable 325 tabs + N.O. \u00d3xido Nitrico x90 de Gentech | DeMusculos<\/title>\n<meta name=\"description\" content=\"Ideal para recuperaci\u00f3n, rendimiento y vasodilataci\u00f3n. Mejora al energ\u00eda, y mejora la masa muscular. Ideal para hombres y mujeres. Env\u00edo r\u00e1pido.\" \/>\n<meta name=\"robots\" content=\"index, follow, max-snippet:-1, max-image-preview:large, max-video-preview:-1\" \/>\n<link rel=\"canonical\" href=\"https:\/\/www.demusculos.com\/web\/producto\/amino-9000-de-gentech-n-o-oxido-nitrico-x90\/\" \/>\n<meta property=\"og:locale\" content=\"es_ES\" \/>\n<meta property=\"og:type\" content=\"article\" \/>\n<meta property=\"og:title\" content=\"Amino 9000 de Gentech Masticable 325 tabs + N.O. \u00d3xido Nitrico x90 de Gentech | DeMusculos\" \/>\n<meta property=\"og:description\" content=\"Ideal para recuperaci\u00f3n, rendimiento y vasodilataci\u00f3n. Mejora al energ\u00eda, y mejora la masa muscular. Ideal para hombres y mujeres. Env\u00edo r\u00e1pido.\" \/>\n<meta property=\"og:url\" content=\"https:\/\/www.demusculos.com\/web\/producto\/amino-9000-de-gentech-n-o-oxido-nitrico-x90\/\" \/>\n<meta property=\"og:site_name\" content=\"DeMusculos\" \/>\n<meta property=\"article:publisher\" content=\"https:\/\/www.facebook.com\/demusculos\" \/>\n<meta property=\"article:modified_time\" content=\"2026-02-01T23:01:50+00:00\" \/>\n<meta property=\"og:image\" content=\"https:\/\/www.demusculos.com\/web\/wp-content\/uploads\/2025\/08\/amino-9000-masticable-gentech-oxido-nitrico-90-gentech.webp\" \/>\n\t<meta property=\"og:image:width\" content=\"1200\" \/>\n\t<meta property=\"og:image:height\" content=\"1200\" \/>\n\t<meta property=\"og:image:type\" content=\"image\/webp\" \/>\n<meta name=\"twitter:card\" content=\"summary_large_image\" \/>\n<meta name=\"twitter:site\" content=\"@demusculos\" \/>\n<meta name=\"twitter:label1\" content=\"Tiempo de lectura\" \/>\n\t<meta name=\"twitter:data1\" content=\"1 minuto\" \/>\n<script type=\"application\/ld+json\" class=\"yoast-schema-graph\">{\"@context\":\"https:\\\/\\\/schema.org\",\"@graph\":[{\"@type\":\"WebPage\",\"@id\":\"https:\\\/\\\/www.demusculos.com\\\/web\\\/producto\\\/amino-9000-de-gentech-n-o-oxido-nitrico-x90\\\/\",\"url\":\"https:\\\/\\\/www.demusculos.com\\\/web\\\/producto\\\/amino-9000-de-gentech-n-o-oxido-nitrico-x90\\\/\",\"name\":\"Amino 9000 de Gentech Masticable 325 tabs + N.O. \u00d3xido Nitrico x90 de Gentech | DeMusculos\",\"isPartOf\":{\"@id\":\"https:\\\/\\\/www.demusculos.com\\\/web\\\/#website\"},\"primaryImageOfPage\":{\"@id\":\"https:\\\/\\\/www.demusculos.com\\\/web\\\/producto\\\/amino-9000-de-gentech-n-o-oxido-nitrico-x90\\\/#primaryimage\"},\"image\":{\"@id\":\"https:\\\/\\\/www.demusculos.com\\\/web\\\/producto\\\/amino-9000-de-gentech-n-o-oxido-nitrico-x90\\\/#primaryimage\"},\"thumbnailUrl\":\"https:\\\/\\\/www.demusculos.com\\\/web\\\/wp-content\\\/uploads\\\/2025\\\/08\\\/amino-9000-masticable-gentech-oxido-nitrico-90-gentech.webp\",\"datePublished\":\"2025-08-08T22:48:44+00:00\",\"dateModified\":\"2026-02-01T23:01:50+00:00\",\"description\":\"Ideal para recuperaci\u00f3n, rendimiento y vasodilataci\u00f3n. Mejora al energ\u00eda, y mejora la masa muscular. Ideal para hombres y mujeres. Env\u00edo r\u00e1pido.\",\"breadcrumb\":{\"@id\":\"https:\\\/\\\/www.demusculos.com\\\/web\\\/producto\\\/amino-9000-de-gentech-n-o-oxido-nitrico-x90\\\/#breadcrumb\"},\"inLanguage\":\"es\",\"potentialAction\":[{\"@type\":\"ReadAction\",\"target\":[\"https:\\\/\\\/www.demusculos.com\\\/web\\\/producto\\\/amino-9000-de-gentech-n-o-oxido-nitrico-x90\\\/\"]}]},{\"@type\":\"ImageObject\",\"inLanguage\":\"es\",\"@id\":\"https:\\\/\\\/www.demusculos.com\\\/web\\\/producto\\\/amino-9000-de-gentech-n-o-oxido-nitrico-x90\\\/#primaryimage\",\"url\":\"https:\\\/\\\/www.demusculos.com\\\/web\\\/wp-content\\\/uploads\\\/2025\\\/08\\\/amino-9000-masticable-gentech-oxido-nitrico-90-gentech.webp\",\"contentUrl\":\"https:\\\/\\\/www.demusculos.com\\\/web\\\/wp-content\\\/uploads\\\/2025\\\/08\\\/amino-9000-masticable-gentech-oxido-nitrico-90-gentech.webp\",\"width\":1200,\"height\":1200,\"caption\":\"Amino 9000 de Gentech + N.O. \u00d3xido Nitrico de Gentech\"},{\"@type\":\"BreadcrumbList\",\"@id\":\"https:\\\/\\\/www.demusculos.com\\\/web\\\/producto\\\/amino-9000-de-gentech-n-o-oxido-nitrico-x90\\\/#breadcrumb\",\"itemListElement\":[{\"@type\":\"ListItem\",\"position\":1,\"name\":\"Inicio\",\"item\":\"https:\\\/\\\/www.demusculos.com\\\/web\\\/\"},{\"@type\":\"ListItem\",\"position\":2,\"name\":\"Suplementos\",\"item\":\"https:\\\/\\\/www.demusculos.com\\\/web\\\/tienda\\\/\"},{\"@type\":\"ListItem\",\"position\":3,\"name\":\"Amino 9000 de Gentech Masticable 325 tabs + N.O. \u00d3xido Nitrico x90 de Gentech\"}]},{\"@type\":\"WebSite\",\"@id\":\"https:\\\/\\\/www.demusculos.com\\\/web\\\/#website\",\"url\":\"https:\\\/\\\/www.demusculos.com\\\/web\\\/\",\"name\":\"DeMusculos.com\",\"description\":\"Suplementos Naturales\",\"publisher\":{\"@id\":\"https:\\\/\\\/www.demusculos.com\\\/web\\\/#organization\"},\"alternateName\":\"Suplementos Naturales\",\"potentialAction\":[{\"@type\":\"SearchAction\",\"target\":{\"@type\":\"EntryPoint\",\"urlTemplate\":\"https:\\\/\\\/www.demusculos.com\\\/web\\\/?s={search_term_string}\"},\"query-input\":{\"@type\":\"PropertyValueSpecification\",\"valueRequired\":true,\"valueName\":\"search_term_string\"}}],\"inLanguage\":\"es\"},{\"@type\":\"Organization\",\"@id\":\"https:\\\/\\\/www.demusculos.com\\\/web\\\/#organization\",\"name\":\"DeMusculos.com\",\"alternateName\":\"DeMusculos\",\"url\":\"https:\\\/\\\/www.demusculos.com\\\/web\\\/\",\"logo\":{\"@type\":\"ImageObject\",\"inLanguage\":\"es\",\"@id\":\"https:\\\/\\\/www.demusculos.com\\\/web\\\/#\\\/schema\\\/logo\\\/image\\\/\",\"url\":\"https:\\\/\\\/www.demusculos.com\\\/web\\\/wp-content\\\/uploads\\\/2024\\\/02\\\/logo-demusculos-prestashop-usuario.png\",\"contentUrl\":\"https:\\\/\\\/www.demusculos.com\\\/web\\\/wp-content\\\/uploads\\\/2024\\\/02\\\/logo-demusculos-prestashop-usuario.png\",\"width\":150,\"height\":150,\"caption\":\"DeMusculos.com\"},\"image\":{\"@id\":\"https:\\\/\\\/www.demusculos.com\\\/web\\\/#\\\/schema\\\/logo\\\/image\\\/\"},\"sameAs\":[\"https:\\\/\\\/www.facebook.com\\\/demusculos\",\"https:\\\/\\\/x.com\\\/demusculos\",\"https:\\\/\\\/www.instagram.com\\\/demusculos\",\"https:\\\/\\\/www.tiktok.com\\\/@demusculos.com\"]}]}<\/script>\n<!-- \/ Yoast SEO plugin. -->","yoast_head_json":{"title":"Amino 9000 de Gentech Masticable 325 tabs + N.O. \u00d3xido Nitrico x90 de Gentech | DeMusculos","description":"Ideal para recuperaci\u00f3n, rendimiento y vasodilataci\u00f3n. Mejora al energ\u00eda, y mejora la masa muscular. Ideal para hombres y mujeres. Env\u00edo r\u00e1pido.","robots":{"index":"index","follow":"follow","max-snippet":"max-snippet:-1","max-image-preview":"max-image-preview:large","max-video-preview":"max-video-preview:-1"},"canonical":"https:\/\/www.demusculos.com\/web\/producto\/amino-9000-de-gentech-n-o-oxido-nitrico-x90\/","og_locale":"es_ES","og_type":"article","og_title":"Amino 9000 de Gentech Masticable 325 tabs + N.O. \u00d3xido Nitrico x90 de Gentech | DeMusculos","og_description":"Ideal para recuperaci\u00f3n, rendimiento y vasodilataci\u00f3n. Mejora al energ\u00eda, y mejora la masa muscular. Ideal para hombres y mujeres. Env\u00edo r\u00e1pido.","og_url":"https:\/\/www.demusculos.com\/web\/producto\/amino-9000-de-gentech-n-o-oxido-nitrico-x90\/","og_site_name":"DeMusculos","article_publisher":"https:\/\/www.facebook.com\/demusculos","article_modified_time":"2026-02-01T23:01:50+00:00","og_image":[{"width":1200,"height":1200,"url":"https:\/\/www.demusculos.com\/web\/wp-content\/uploads\/2025\/08\/amino-9000-masticable-gentech-oxido-nitrico-90-gentech.webp","type":"image\/webp"}],"twitter_card":"summary_large_image","twitter_site":"@demusculos","twitter_misc":{"Tiempo de lectura":"1 minuto"},"schema":{"@context":"https:\/\/schema.org","@graph":[{"@type":"WebPage","@id":"https:\/\/www.demusculos.com\/web\/producto\/amino-9000-de-gentech-n-o-oxido-nitrico-x90\/","url":"https:\/\/www.demusculos.com\/web\/producto\/amino-9000-de-gentech-n-o-oxido-nitrico-x90\/","name":"Amino 9000 de Gentech Masticable 325 tabs + N.O. \u00d3xido Nitrico x90 de Gentech | DeMusculos","isPartOf":{"@id":"https:\/\/www.demusculos.com\/web\/#website"},"primaryImageOfPage":{"@id":"https:\/\/www.demusculos.com\/web\/producto\/amino-9000-de-gentech-n-o-oxido-nitrico-x90\/#primaryimage"},"image":{"@id":"https:\/\/www.demusculos.com\/web\/producto\/amino-9000-de-gentech-n-o-oxido-nitrico-x90\/#primaryimage"},"thumbnailUrl":"https:\/\/www.demusculos.com\/web\/wp-content\/uploads\/2025\/08\/amino-9000-masticable-gentech-oxido-nitrico-90-gentech.webp","datePublished":"2025-08-08T22:48:44+00:00","dateModified":"2026-02-01T23:01:50+00:00","description":"Ideal para recuperaci\u00f3n, rendimiento y vasodilataci\u00f3n. Mejora al energ\u00eda, y mejora la masa muscular. Ideal para hombres y mujeres. Env\u00edo r\u00e1pido.","breadcrumb":{"@id":"https:\/\/www.demusculos.com\/web\/producto\/amino-9000-de-gentech-n-o-oxido-nitrico-x90\/#breadcrumb"},"inLanguage":"es","potentialAction":[{"@type":"ReadAction","target":["https:\/\/www.demusculos.com\/web\/producto\/amino-9000-de-gentech-n-o-oxido-nitrico-x90\/"]}]},{"@type":"ImageObject","inLanguage":"es","@id":"https:\/\/www.demusculos.com\/web\/producto\/amino-9000-de-gentech-n-o-oxido-nitrico-x90\/#primaryimage","url":"https:\/\/www.demusculos.com\/web\/wp-content\/uploads\/2025\/08\/amino-9000-masticable-gentech-oxido-nitrico-90-gentech.webp","contentUrl":"https:\/\/www.demusculos.com\/web\/wp-content\/uploads\/2025\/08\/amino-9000-masticable-gentech-oxido-nitrico-90-gentech.webp","width":1200,"height":1200,"caption":"Amino 9000 de Gentech + N.O. \u00d3xido Nitrico de Gentech"},{"@type":"BreadcrumbList","@id":"https:\/\/www.demusculos.com\/web\/producto\/amino-9000-de-gentech-n-o-oxido-nitrico-x90\/#breadcrumb","itemListElement":[{"@type":"ListItem","position":1,"name":"Inicio","item":"https:\/\/www.demusculos.com\/web\/"},{"@type":"ListItem","position":2,"name":"Suplementos","item":"https:\/\/www.demusculos.com\/web\/tienda\/"},{"@type":"ListItem","position":3,"name":"Amino 9000 de Gentech Masticable 325 tabs + N.O. \u00d3xido Nitrico x90 de Gentech"}]},{"@type":"WebSite","@id":"https:\/\/www.demusculos.com\/web\/#website","url":"https:\/\/www.demusculos.com\/web\/","name":"DeMusculos.com","description":"Suplementos Naturales","publisher":{"@id":"https:\/\/www.demusculos.com\/web\/#organization"},"alternateName":"Suplementos Naturales","potentialAction":[{"@type":"SearchAction","target":{"@type":"EntryPoint","urlTemplate":"https:\/\/www.demusculos.com\/web\/?s={search_term_string}"},"query-input":{"@type":"PropertyValueSpecification","valueRequired":true,"valueName":"search_term_string"}}],"inLanguage":"es"},{"@type":"Organization","@id":"https:\/\/www.demusculos.com\/web\/#organization","name":"DeMusculos.com","alternateName":"DeMusculos","url":"https:\/\/www.demusculos.com\/web\/","logo":{"@type":"ImageObject","inLanguage":"es","@id":"https:\/\/www.demusculos.com\/web\/#\/schema\/logo\/image\/","url":"https:\/\/www.demusculos.com\/web\/wp-content\/uploads\/2024\/02\/logo-demusculos-prestashop-usuario.png","contentUrl":"https:\/\/www.demusculos.com\/web\/wp-content\/uploads\/2024\/02\/logo-demusculos-prestashop-usuario.png","width":150,"height":150,"caption":"DeMusculos.com"},"image":{"@id":"https:\/\/www.demusculos.com\/web\/#\/schema\/logo\/image\/"},"sameAs":["https:\/\/www.facebook.com\/demusculos","https:\/\/x.com\/demusculos","https:\/\/www.instagram.com\/demusculos","https:\/\/www.tiktok.com\/@demusculos.com"]}]}},"_links":{"self":[{"href":"https:\/\/www.demusculos.com\/web\/wp-json\/wp\/v2\/product\/13949","targetHints":{"allow":["GET"]}}],"collection":[{"href":"https:\/\/www.demusculos.com\/web\/wp-json\/wp\/v2\/product"}],"about":[{"href":"https:\/\/www.demusculos.com\/web\/wp-json\/wp\/v2\/types\/product"}],"replies":[{"embeddable":true,"href":"https:\/\/www.demusculos.com\/web\/wp-json\/wp\/v2\/comments?post=13949"}],"wp:featuredmedia":[{"embeddable":true,"href":"https:\/\/www.demusculos.com\/web\/wp-json\/wp\/v2\/media\/13950"}],"wp:attachment":[{"href":"https:\/\/www.demusculos.com\/web\/wp-json\/wp\/v2\/media?parent=13949"}],"wp:term":[{"taxonomy":"product_brand","embeddable":true,"href":"https:\/\/www.demusculos.com\/web\/wp-json\/wp\/v2\/product_brand?post=13949"},{"taxonomy":"product_cat","embeddable":true,"href":"https:\/\/www.demusculos.com\/web\/wp-json\/wp\/v2\/product_cat?post=13949"},{"taxonomy":"product_tag","embeddable":true,"href":"https:\/\/www.demusculos.com\/web\/wp-json\/wp\/v2\/product_tag?post=13949"}],"curies":[{"name":"wp","href":"https:\/\/api.w.org\/{rel}","templated":true}]}}