{"id":1410,"date":"2024-03-03T19:49:57","date_gmt":"2024-03-03T22:49:57","guid":{"rendered":"https:\/\/www.demusculos.com\/web\/?post_type=product&#038;p=1410"},"modified":"2026-03-27T10:42:59","modified_gmt":"2026-03-27T13:42:59","slug":"complejo-b-x60-capsula-hoch-sport","status":"publish","type":"product","link":"https:\/\/www.demusculos.com\/web\/producto\/complejo-b-x60-capsula-hoch-sport\/","title":{"rendered":"Complejo B x60 c\u00e1psula Hoch Sport"},"content":{"rendered":"<h2>Complejo B<\/h2>\n<p>Vitaminas del Complejo B. Grandes Beneficios para la salud.<\/p>\n<figure id=\"attachment_299\" aria-describedby=\"caption-attachment-299\" style=\"width: 446px\" class=\"wp-caption alignnone\"><img decoding=\"async\" class=\"size-full wp-image-299\" src=\"https:\/\/www.demusculos.com\/web\/wp-content\/uploads\/2024\/02\/logo-hoch-sport.png\" alt=\"Fabricado por Hoch Sport en Argentina. Empresa que desarrolla los suplementos naturales m\u00e1s vers\u00e1tiles del mercado.\" width=\"446\" height=\"103\" srcset=\"https:\/\/www.demusculos.com\/web\/wp-content\/uploads\/2024\/02\/logo-hoch-sport.png 446w, https:\/\/www.demusculos.com\/web\/wp-content\/uploads\/2024\/02\/logo-hoch-sport-300x69.png 300w, https:\/\/www.demusculos.com\/web\/wp-content\/uploads\/2024\/02\/logo-hoch-sport-150x35.png 150w, https:\/\/www.demusculos.com\/web\/wp-content\/uploads\/2024\/02\/logo-hoch-sport-416x96.png 416w\" sizes=\"(max-width: 446px) 100vw, 446px\" \/><figcaption id=\"caption-attachment-299\" class=\"wp-caption-text\">Fabricado por Hoch Sport en Argentina. Empresa que desarrolla los suplementos naturales m\u00e1s vers\u00e1tiles del mercado.<\/figcaption><\/figure>\n<p><strong>Complex B de Hoch Sport<\/strong>, un vitam\u00ednico que combina concentraciones eficaces y equilibradas de vitaminas del grupo B. Este suplemento est\u00e1 dise\u00f1ado para deportistas y asegura los requisitos diarios de estas importantes vitaminas:<\/p>\n<h1><strong>Complejo B de Hoch Sport: Potencia tu Rendimiento<\/strong><\/h1>\n<h2><strong>\u00bfQu\u00e9 es Vitamin B de Hoch Sport?<\/strong><\/h2>\n<p>El\u00a0<strong>Complex B de Hoch Sport<\/strong>\u00a0es una f\u00f3rmula avanzada que re\u00fane las vitaminas esenciales del grupo B en un solo comprimido. Est\u00e1 especialmente dise\u00f1ado para quienes buscan mantener su salud y rendimiento f\u00edsico al m\u00e1ximo.<\/p>\n<p><img fetchpriority=\"high\" decoding=\"async\" class=\"alignnone size-full wp-image-6693\" src=\"https:\/\/www.demusculos.com\/web\/wp-content\/uploads\/2024\/03\/complex-b-complejo-b-hoch-sport1.jpg\" alt=\"Complex B de Hoch Sport x 90 caps\" width=\"1080\" height=\"1080\" srcset=\"https:\/\/www.demusculos.com\/web\/wp-content\/uploads\/2024\/03\/complex-b-complejo-b-hoch-sport1.jpg 1080w, https:\/\/www.demusculos.com\/web\/wp-content\/uploads\/2024\/03\/complex-b-complejo-b-hoch-sport1-300x300.jpg 300w, https:\/\/www.demusculos.com\/web\/wp-content\/uploads\/2024\/03\/complex-b-complejo-b-hoch-sport1-150x150.jpg 150w, https:\/\/www.demusculos.com\/web\/wp-content\/uploads\/2024\/03\/complex-b-complejo-b-hoch-sport1-800x800.jpg 800w, https:\/\/www.demusculos.com\/web\/wp-content\/uploads\/2024\/03\/complex-b-complejo-b-hoch-sport1-1024x1024.jpg 1024w, https:\/\/www.demusculos.com\/web\/wp-content\/uploads\/2024\/03\/complex-b-complejo-b-hoch-sport1-768x768.jpg 768w\" sizes=\"(max-width: 1080px) 100vw, 1080px\" \/><\/p>\n<h2><strong>Beneficios Clave:<\/strong><\/h2>\n<h2>1.\u00a0<strong>Energ\u00eda y Metabolismo:<\/strong><\/h2>\n<ul>\n<li><strong>Vitaminas B1 (Tiamina), B3 (Niacina) y B6 (Piridoxina)<\/strong>: Estas vitaminas son fundamentales para convertir los alimentos en energ\u00eda utilizable por el cuerpo. Ayudan a mantener un metabolismo eficiente y a combatir la fatiga.<\/li>\n<\/ul>\n<h3>2.\u00a0<strong>Salud Cardiovascular:<\/strong><\/h3>\n<ul>\n<li><strong>Vitamina B6 (Piridoxina)<\/strong>: Contribuye a la salud del coraz\u00f3n y ayuda a regular los niveles de homociste\u00edna, un factor de riesgo para enfermedades cardiovasculares.<\/li>\n<\/ul>\n<figure id=\"attachment_6694\" aria-describedby=\"caption-attachment-6694\" style=\"width: 1080px\" class=\"wp-caption alignnone\"><img decoding=\"async\" class=\"size-full wp-image-6694\" src=\"https:\/\/www.demusculos.com\/web\/wp-content\/uploads\/2024\/03\/complex-b-complejo-b-hoch-sport2.jpg\" alt=\"Complex B de Hoch Sport x 90 caps\" width=\"1080\" height=\"1080\" srcset=\"https:\/\/www.demusculos.com\/web\/wp-content\/uploads\/2024\/03\/complex-b-complejo-b-hoch-sport2.jpg 1080w, https:\/\/www.demusculos.com\/web\/wp-content\/uploads\/2024\/03\/complex-b-complejo-b-hoch-sport2-300x300.jpg 300w, https:\/\/www.demusculos.com\/web\/wp-content\/uploads\/2024\/03\/complex-b-complejo-b-hoch-sport2-150x150.jpg 150w, https:\/\/www.demusculos.com\/web\/wp-content\/uploads\/2024\/03\/complex-b-complejo-b-hoch-sport2-800x800.jpg 800w, https:\/\/www.demusculos.com\/web\/wp-content\/uploads\/2024\/03\/complex-b-complejo-b-hoch-sport2-1024x1024.jpg 1024w, https:\/\/www.demusculos.com\/web\/wp-content\/uploads\/2024\/03\/complex-b-complejo-b-hoch-sport2-768x768.jpg 768w\" sizes=\"(max-width: 1080px) 100vw, 1080px\" \/><figcaption id=\"caption-attachment-6694\" class=\"wp-caption-text\">Vitamina B1 y B6<\/figcaption><\/figure>\n<h3>3.\u00a0<strong>Apoyo al Sistema Nervioso:<\/strong><\/h3>\n<ul>\n<li><strong>Vitaminas B1 (Tiamina) y B6 (Piridoxina)<\/strong>: Estas vitaminas son esenciales para el funcionamiento adecuado del sistema nervioso. Ayudan a mantener la claridad mental y la concentraci\u00f3n.<\/li>\n<\/ul>\n<h3>4.\u00a0<strong>Fortalecimiento Inmunol\u00f3gico con complejo B:<\/strong><\/h3>\n<ul>\n<li><strong>Vitamina B6 (Piridoxina) y B9 (\u00c1cido F\u00f3lico)<\/strong>: Estas vitaminas desempe\u00f1an un papel crucial en la funci\u00f3n inmunol\u00f3gica. Ayudan a fortalecer las defensas naturales del cuerpo.<\/li>\n<\/ul>\n<figure id=\"attachment_6695\" aria-describedby=\"caption-attachment-6695\" style=\"width: 1080px\" class=\"wp-caption alignnone\"><img loading=\"lazy\" decoding=\"async\" class=\"size-full wp-image-6695\" src=\"https:\/\/www.demusculos.com\/web\/wp-content\/uploads\/2024\/03\/complex-b-complejo-b-hoch-sport3.jpg\" alt=\"Complex B de Hoch Sport x 90 caps\" width=\"1080\" height=\"1080\" srcset=\"https:\/\/www.demusculos.com\/web\/wp-content\/uploads\/2024\/03\/complex-b-complejo-b-hoch-sport3.jpg 1080w, https:\/\/www.demusculos.com\/web\/wp-content\/uploads\/2024\/03\/complex-b-complejo-b-hoch-sport3-300x300.jpg 300w, https:\/\/www.demusculos.com\/web\/wp-content\/uploads\/2024\/03\/complex-b-complejo-b-hoch-sport3-150x150.jpg 150w, https:\/\/www.demusculos.com\/web\/wp-content\/uploads\/2024\/03\/complex-b-complejo-b-hoch-sport3-800x800.jpg 800w, https:\/\/www.demusculos.com\/web\/wp-content\/uploads\/2024\/03\/complex-b-complejo-b-hoch-sport3-1024x1024.jpg 1024w, https:\/\/www.demusculos.com\/web\/wp-content\/uploads\/2024\/03\/complex-b-complejo-b-hoch-sport3-768x768.jpg 768w\" sizes=\"(max-width: 1080px) 100vw, 1080px\" \/><figcaption id=\"caption-attachment-6695\" class=\"wp-caption-text\">Vitamina B9 y B12<\/figcaption><\/figure>\n<h3>5.\u00a0<strong>Apoyo al Sistema Muscular:<\/strong><\/h3>\n<ul>\n<li><strong>Vitamina B12 (Cianocobalamina)<\/strong>: Esencial para la s\u00edntesis de ADN y la formaci\u00f3n de gl\u00f3bulos rojos. Contribuye al mantenimiento de la masa muscular.<\/li>\n<\/ul>\n<h2><strong>\u00bfC\u00f3mo tomar Complejo B?<\/strong><\/h2>\n<p>Toma\u00a0<strong>un comprimido al d\u00eda<\/strong>\u00a0con una comida para obtener todos los beneficios del Complejo B de Hoch Sport.<\/p>\n<p>&nbsp;<\/p>\n<figure id=\"attachment_6696\" aria-describedby=\"caption-attachment-6696\" style=\"width: 1080px\" class=\"wp-caption alignnone\"><img loading=\"lazy\" decoding=\"async\" class=\"size-full wp-image-6696\" src=\"https:\/\/www.demusculos.com\/web\/wp-content\/uploads\/2024\/03\/complex-b-complejo-b-hoch-sport4.jpg\" alt=\"Complex B de Hoch Sport x 90 caps\" width=\"1080\" height=\"1080\" srcset=\"https:\/\/www.demusculos.com\/web\/wp-content\/uploads\/2024\/03\/complex-b-complejo-b-hoch-sport4.jpg 1080w, https:\/\/www.demusculos.com\/web\/wp-content\/uploads\/2024\/03\/complex-b-complejo-b-hoch-sport4-300x300.jpg 300w, https:\/\/www.demusculos.com\/web\/wp-content\/uploads\/2024\/03\/complex-b-complejo-b-hoch-sport4-150x150.jpg 150w, https:\/\/www.demusculos.com\/web\/wp-content\/uploads\/2024\/03\/complex-b-complejo-b-hoch-sport4-800x800.jpg 800w, https:\/\/www.demusculos.com\/web\/wp-content\/uploads\/2024\/03\/complex-b-complejo-b-hoch-sport4-1024x1024.jpg 1024w, https:\/\/www.demusculos.com\/web\/wp-content\/uploads\/2024\/03\/complex-b-complejo-b-hoch-sport4-768x768.jpg 768w\" sizes=\"(max-width: 1080px) 100vw, 1080px\" \/><figcaption id=\"caption-attachment-6696\" class=\"wp-caption-text\">Informaci\u00f3n nutricional<\/figcaption><\/figure>\n<p><img loading=\"lazy\" decoding=\"async\" class=\"alignnone size-full wp-image-6697\" src=\"https:\/\/www.demusculos.com\/web\/wp-content\/uploads\/2024\/03\/complex-b-complejo-b-hoch-sport5.jpg\" alt=\"Complex B de Hoch Sport x 90 caps\" width=\"1080\" height=\"1080\" srcset=\"https:\/\/www.demusculos.com\/web\/wp-content\/uploads\/2024\/03\/complex-b-complejo-b-hoch-sport5.jpg 1080w, https:\/\/www.demusculos.com\/web\/wp-content\/uploads\/2024\/03\/complex-b-complejo-b-hoch-sport5-300x300.jpg 300w, https:\/\/www.demusculos.com\/web\/wp-content\/uploads\/2024\/03\/complex-b-complejo-b-hoch-sport5-150x150.jpg 150w, https:\/\/www.demusculos.com\/web\/wp-content\/uploads\/2024\/03\/complex-b-complejo-b-hoch-sport5-800x800.jpg 800w, https:\/\/www.demusculos.com\/web\/wp-content\/uploads\/2024\/03\/complex-b-complejo-b-hoch-sport5-1024x1024.jpg 1024w, https:\/\/www.demusculos.com\/web\/wp-content\/uploads\/2024\/03\/complex-b-complejo-b-hoch-sport5-768x768.jpg 768w\" sizes=\"(max-width: 1080px) 100vw, 1080px\" \/><\/p>\n","protected":false},"excerpt":{"rendered":"<p>Mejora el bienestar. Nutrici\u00f3n avanzada para los tiempos de hoy. Complejo de vitaminas B.<\/p>\n","protected":false},"featured_media":1411,"comment_status":"closed","ping_status":"closed","template":"","meta":[],"product_brand":[237],"product_cat":[37],"product_tag":[86,20,105,108,106,107],"class_list":{"0":"post-1410","1":"product","2":"type-product","3":"status-publish","4":"has-post-thumbnail","6":"product_brand-hoch-sport","7":"product_cat-vitaminas-y-minierales","8":"product_tag-energia","9":"product_tag-hoch-sport","10":"product_tag-metabolismo","11":"product_tag-salud-cardiovascular","12":"product_tag-sistema-inmunologico","13":"product_tag-sistema-nervioso","15":"first","16":"instock","17":"sale","18":"shipping-taxable","19":"purchasable","20":"product-type-simple"},"yoast_head":"<!-- This site is optimized with the Yoast SEO plugin v27.3 - https:\/\/yoast.com\/product\/yoast-seo-wordpress\/ -->\n<title>Vitamina B Complex | x60 c\u00e1psula | Hoch Sport | Complejo B<\/title>\n<meta name=\"description\" content=\"Complejo B es un producto 100% natural con altos beneficios para nuestra salud. Es un producto muy econ\u00f3mico que no te puede faltar en el d\u00eda a d\u00eda.\" \/>\n<meta name=\"robots\" content=\"index, follow, max-snippet:-1, max-image-preview:large, max-video-preview:-1\" \/>\n<link rel=\"canonical\" href=\"https:\/\/www.demusculos.com\/web\/producto\/complejo-b-x60-capsula-hoch-sport\/\" \/>\n<meta property=\"og:locale\" content=\"es_ES\" \/>\n<meta property=\"og:type\" content=\"article\" \/>\n<meta property=\"og:title\" content=\"Vitamina B Complex | x60 c\u00e1psula | Hoch Sport | Complejo B\" \/>\n<meta property=\"og:description\" content=\"Complejo B es un producto 100% natural con altos beneficios para nuestra salud. Es un producto muy econ\u00f3mico que no te puede faltar en el d\u00eda a d\u00eda.\" \/>\n<meta property=\"og:url\" content=\"https:\/\/www.demusculos.com\/web\/producto\/complejo-b-x60-capsula-hoch-sport\/\" \/>\n<meta property=\"og:site_name\" content=\"DeMusculos\" \/>\n<meta property=\"article:publisher\" content=\"https:\/\/www.facebook.com\/demusculos\" \/>\n<meta property=\"article:modified_time\" content=\"2026-03-27T13:42:59+00:00\" \/>\n<meta property=\"og:image\" content=\"https:\/\/www.demusculos.com\/web\/wp-content\/uploads\/2024\/03\/complejo-b-hoch-sport.jpg\" \/>\n\t<meta property=\"og:image:width\" content=\"1200\" \/>\n\t<meta property=\"og:image:height\" content=\"1200\" \/>\n\t<meta property=\"og:image:type\" content=\"image\/jpeg\" \/>\n<meta name=\"twitter:card\" content=\"summary_large_image\" \/>\n<meta name=\"twitter:site\" content=\"@demusculos\" \/>\n<meta name=\"twitter:label1\" content=\"Tiempo de lectura\" \/>\n\t<meta name=\"twitter:data1\" content=\"3 minutos\" \/>\n<script type=\"application\/ld+json\" class=\"yoast-schema-graph\">{\"@context\":\"https:\\\/\\\/schema.org\",\"@graph\":[{\"@type\":\"WebPage\",\"@id\":\"https:\\\/\\\/www.demusculos.com\\\/web\\\/producto\\\/complejo-b-x60-capsula-hoch-sport\\\/\",\"url\":\"https:\\\/\\\/www.demusculos.com\\\/web\\\/producto\\\/complejo-b-x60-capsula-hoch-sport\\\/\",\"name\":\"Vitamina B Complex | x60 c\u00e1psula | Hoch Sport | Complejo B\",\"isPartOf\":{\"@id\":\"https:\\\/\\\/www.demusculos.com\\\/web\\\/#website\"},\"primaryImageOfPage\":{\"@id\":\"https:\\\/\\\/www.demusculos.com\\\/web\\\/producto\\\/complejo-b-x60-capsula-hoch-sport\\\/#primaryimage\"},\"image\":{\"@id\":\"https:\\\/\\\/www.demusculos.com\\\/web\\\/producto\\\/complejo-b-x60-capsula-hoch-sport\\\/#primaryimage\"},\"thumbnailUrl\":\"https:\\\/\\\/www.demusculos.com\\\/web\\\/wp-content\\\/uploads\\\/2024\\\/03\\\/complejo-b-hoch-sport.jpg\",\"datePublished\":\"2024-03-03T22:49:57+00:00\",\"dateModified\":\"2026-03-27T13:42:59+00:00\",\"description\":\"Complejo B es un producto 100% natural con altos beneficios para nuestra salud. Es un producto muy econ\u00f3mico que no te puede faltar en el d\u00eda a d\u00eda.\",\"breadcrumb\":{\"@id\":\"https:\\\/\\\/www.demusculos.com\\\/web\\\/producto\\\/complejo-b-x60-capsula-hoch-sport\\\/#breadcrumb\"},\"inLanguage\":\"es\",\"potentialAction\":[{\"@type\":\"ReadAction\",\"target\":[\"https:\\\/\\\/www.demusculos.com\\\/web\\\/producto\\\/complejo-b-x60-capsula-hoch-sport\\\/\"]}]},{\"@type\":\"ImageObject\",\"inLanguage\":\"es\",\"@id\":\"https:\\\/\\\/www.demusculos.com\\\/web\\\/producto\\\/complejo-b-x60-capsula-hoch-sport\\\/#primaryimage\",\"url\":\"https:\\\/\\\/www.demusculos.com\\\/web\\\/wp-content\\\/uploads\\\/2024\\\/03\\\/complejo-b-hoch-sport.jpg\",\"contentUrl\":\"https:\\\/\\\/www.demusculos.com\\\/web\\\/wp-content\\\/uploads\\\/2024\\\/03\\\/complejo-b-hoch-sport.jpg\",\"width\":1200,\"height\":1200,\"caption\":\"Complejo B de Hoch Sport x 60 c\u00e1psulas\"},{\"@type\":\"BreadcrumbList\",\"@id\":\"https:\\\/\\\/www.demusculos.com\\\/web\\\/producto\\\/complejo-b-x60-capsula-hoch-sport\\\/#breadcrumb\",\"itemListElement\":[{\"@type\":\"ListItem\",\"position\":1,\"name\":\"Inicio\",\"item\":\"https:\\\/\\\/www.demusculos.com\\\/web\\\/\"},{\"@type\":\"ListItem\",\"position\":2,\"name\":\"Suplementos\",\"item\":\"https:\\\/\\\/www.demusculos.com\\\/web\\\/tienda\\\/\"},{\"@type\":\"ListItem\",\"position\":3,\"name\":\"Complejo B x60 c\u00e1psula Hoch Sport\"}]},{\"@type\":\"WebSite\",\"@id\":\"https:\\\/\\\/www.demusculos.com\\\/web\\\/#website\",\"url\":\"https:\\\/\\\/www.demusculos.com\\\/web\\\/\",\"name\":\"DeMusculos.com\",\"description\":\"Suplementos Naturales\",\"publisher\":{\"@id\":\"https:\\\/\\\/www.demusculos.com\\\/web\\\/#organization\"},\"alternateName\":\"Suplementos Naturales\",\"potentialAction\":[{\"@type\":\"SearchAction\",\"target\":{\"@type\":\"EntryPoint\",\"urlTemplate\":\"https:\\\/\\\/www.demusculos.com\\\/web\\\/?s={search_term_string}\"},\"query-input\":{\"@type\":\"PropertyValueSpecification\",\"valueRequired\":true,\"valueName\":\"search_term_string\"}}],\"inLanguage\":\"es\"},{\"@type\":\"Organization\",\"@id\":\"https:\\\/\\\/www.demusculos.com\\\/web\\\/#organization\",\"name\":\"DeMusculos.com\",\"alternateName\":\"DeMusculos\",\"url\":\"https:\\\/\\\/www.demusculos.com\\\/web\\\/\",\"logo\":{\"@type\":\"ImageObject\",\"inLanguage\":\"es\",\"@id\":\"https:\\\/\\\/www.demusculos.com\\\/web\\\/#\\\/schema\\\/logo\\\/image\\\/\",\"url\":\"https:\\\/\\\/www.demusculos.com\\\/web\\\/wp-content\\\/uploads\\\/2024\\\/02\\\/logo-demusculos-prestashop-usuario.png\",\"contentUrl\":\"https:\\\/\\\/www.demusculos.com\\\/web\\\/wp-content\\\/uploads\\\/2024\\\/02\\\/logo-demusculos-prestashop-usuario.png\",\"width\":150,\"height\":150,\"caption\":\"DeMusculos.com\"},\"image\":{\"@id\":\"https:\\\/\\\/www.demusculos.com\\\/web\\\/#\\\/schema\\\/logo\\\/image\\\/\"},\"sameAs\":[\"https:\\\/\\\/www.facebook.com\\\/demusculos\",\"https:\\\/\\\/x.com\\\/demusculos\",\"https:\\\/\\\/www.instagram.com\\\/demusculos\",\"https:\\\/\\\/www.tiktok.com\\\/@demusculos.com\"]}]}<\/script>\n<!-- \/ Yoast SEO plugin. -->","yoast_head_json":{"title":"Vitamina B Complex | x60 c\u00e1psula | Hoch Sport | Complejo B","description":"Complejo B es un producto 100% natural con altos beneficios para nuestra salud. Es un producto muy econ\u00f3mico que no te puede faltar en el d\u00eda a d\u00eda.","robots":{"index":"index","follow":"follow","max-snippet":"max-snippet:-1","max-image-preview":"max-image-preview:large","max-video-preview":"max-video-preview:-1"},"canonical":"https:\/\/www.demusculos.com\/web\/producto\/complejo-b-x60-capsula-hoch-sport\/","og_locale":"es_ES","og_type":"article","og_title":"Vitamina B Complex | x60 c\u00e1psula | Hoch Sport | Complejo B","og_description":"Complejo B es un producto 100% natural con altos beneficios para nuestra salud. Es un producto muy econ\u00f3mico que no te puede faltar en el d\u00eda a d\u00eda.","og_url":"https:\/\/www.demusculos.com\/web\/producto\/complejo-b-x60-capsula-hoch-sport\/","og_site_name":"DeMusculos","article_publisher":"https:\/\/www.facebook.com\/demusculos","article_modified_time":"2026-03-27T13:42:59+00:00","og_image":[{"width":1200,"height":1200,"url":"https:\/\/www.demusculos.com\/web\/wp-content\/uploads\/2024\/03\/complejo-b-hoch-sport.jpg","type":"image\/jpeg"}],"twitter_card":"summary_large_image","twitter_site":"@demusculos","twitter_misc":{"Tiempo de lectura":"3 minutos"},"schema":{"@context":"https:\/\/schema.org","@graph":[{"@type":"WebPage","@id":"https:\/\/www.demusculos.com\/web\/producto\/complejo-b-x60-capsula-hoch-sport\/","url":"https:\/\/www.demusculos.com\/web\/producto\/complejo-b-x60-capsula-hoch-sport\/","name":"Vitamina B Complex | x60 c\u00e1psula | Hoch Sport | Complejo B","isPartOf":{"@id":"https:\/\/www.demusculos.com\/web\/#website"},"primaryImageOfPage":{"@id":"https:\/\/www.demusculos.com\/web\/producto\/complejo-b-x60-capsula-hoch-sport\/#primaryimage"},"image":{"@id":"https:\/\/www.demusculos.com\/web\/producto\/complejo-b-x60-capsula-hoch-sport\/#primaryimage"},"thumbnailUrl":"https:\/\/www.demusculos.com\/web\/wp-content\/uploads\/2024\/03\/complejo-b-hoch-sport.jpg","datePublished":"2024-03-03T22:49:57+00:00","dateModified":"2026-03-27T13:42:59+00:00","description":"Complejo B es un producto 100% natural con altos beneficios para nuestra salud. Es un producto muy econ\u00f3mico que no te puede faltar en el d\u00eda a d\u00eda.","breadcrumb":{"@id":"https:\/\/www.demusculos.com\/web\/producto\/complejo-b-x60-capsula-hoch-sport\/#breadcrumb"},"inLanguage":"es","potentialAction":[{"@type":"ReadAction","target":["https:\/\/www.demusculos.com\/web\/producto\/complejo-b-x60-capsula-hoch-sport\/"]}]},{"@type":"ImageObject","inLanguage":"es","@id":"https:\/\/www.demusculos.com\/web\/producto\/complejo-b-x60-capsula-hoch-sport\/#primaryimage","url":"https:\/\/www.demusculos.com\/web\/wp-content\/uploads\/2024\/03\/complejo-b-hoch-sport.jpg","contentUrl":"https:\/\/www.demusculos.com\/web\/wp-content\/uploads\/2024\/03\/complejo-b-hoch-sport.jpg","width":1200,"height":1200,"caption":"Complejo B de Hoch Sport x 60 c\u00e1psulas"},{"@type":"BreadcrumbList","@id":"https:\/\/www.demusculos.com\/web\/producto\/complejo-b-x60-capsula-hoch-sport\/#breadcrumb","itemListElement":[{"@type":"ListItem","position":1,"name":"Inicio","item":"https:\/\/www.demusculos.com\/web\/"},{"@type":"ListItem","position":2,"name":"Suplementos","item":"https:\/\/www.demusculos.com\/web\/tienda\/"},{"@type":"ListItem","position":3,"name":"Complejo B x60 c\u00e1psula Hoch Sport"}]},{"@type":"WebSite","@id":"https:\/\/www.demusculos.com\/web\/#website","url":"https:\/\/www.demusculos.com\/web\/","name":"DeMusculos.com","description":"Suplementos Naturales","publisher":{"@id":"https:\/\/www.demusculos.com\/web\/#organization"},"alternateName":"Suplementos Naturales","potentialAction":[{"@type":"SearchAction","target":{"@type":"EntryPoint","urlTemplate":"https:\/\/www.demusculos.com\/web\/?s={search_term_string}"},"query-input":{"@type":"PropertyValueSpecification","valueRequired":true,"valueName":"search_term_string"}}],"inLanguage":"es"},{"@type":"Organization","@id":"https:\/\/www.demusculos.com\/web\/#organization","name":"DeMusculos.com","alternateName":"DeMusculos","url":"https:\/\/www.demusculos.com\/web\/","logo":{"@type":"ImageObject","inLanguage":"es","@id":"https:\/\/www.demusculos.com\/web\/#\/schema\/logo\/image\/","url":"https:\/\/www.demusculos.com\/web\/wp-content\/uploads\/2024\/02\/logo-demusculos-prestashop-usuario.png","contentUrl":"https:\/\/www.demusculos.com\/web\/wp-content\/uploads\/2024\/02\/logo-demusculos-prestashop-usuario.png","width":150,"height":150,"caption":"DeMusculos.com"},"image":{"@id":"https:\/\/www.demusculos.com\/web\/#\/schema\/logo\/image\/"},"sameAs":["https:\/\/www.facebook.com\/demusculos","https:\/\/x.com\/demusculos","https:\/\/www.instagram.com\/demusculos","https:\/\/www.tiktok.com\/@demusculos.com"]}]}},"_links":{"self":[{"href":"https:\/\/www.demusculos.com\/web\/wp-json\/wp\/v2\/product\/1410","targetHints":{"allow":["GET"]}}],"collection":[{"href":"https:\/\/www.demusculos.com\/web\/wp-json\/wp\/v2\/product"}],"about":[{"href":"https:\/\/www.demusculos.com\/web\/wp-json\/wp\/v2\/types\/product"}],"replies":[{"embeddable":true,"href":"https:\/\/www.demusculos.com\/web\/wp-json\/wp\/v2\/comments?post=1410"}],"wp:featuredmedia":[{"embeddable":true,"href":"https:\/\/www.demusculos.com\/web\/wp-json\/wp\/v2\/media\/1411"}],"wp:attachment":[{"href":"https:\/\/www.demusculos.com\/web\/wp-json\/wp\/v2\/media?parent=1410"}],"wp:term":[{"taxonomy":"product_brand","embeddable":true,"href":"https:\/\/www.demusculos.com\/web\/wp-json\/wp\/v2\/product_brand?post=1410"},{"taxonomy":"product_cat","embeddable":true,"href":"https:\/\/www.demusculos.com\/web\/wp-json\/wp\/v2\/product_cat?post=1410"},{"taxonomy":"product_tag","embeddable":true,"href":"https:\/\/www.demusculos.com\/web\/wp-json\/wp\/v2\/product_tag?post=1410"}],"curies":[{"name":"wp","href":"https:\/\/api.w.org\/{rel}","templated":true}]}}