{"id":144,"date":"2024-02-19T17:25:01","date_gmt":"2024-02-19T20:25:01","guid":{"rendered":"https:\/\/www.demusculos.com\/web\/?post_type=product&#038;p=144"},"modified":"2026-05-06T12:12:11","modified_gmt":"2026-05-06T15:12:11","slug":"zma-x60-comprimidos-de-ena-sport","status":"publish","type":"product","link":"https:\/\/www.demusculos.com\/web\/producto\/zma-x60-comprimidos-de-ena-sport\/","title":{"rendered":"ZMA x60 Ena Sport Zinc Magnesio Vitamina B6"},"content":{"rendered":"<h1><strong>ZMA Ena: Potencia tu Rendimiento y Bienestar<\/strong><\/h1>\n<p>ZMA Ena es la combinaci\u00f3n de Zinc, Magnesio y Vitamina B6. Ideal para incrementar los niveles de testosterona.<\/p>\n<figure id=\"attachment_151\" aria-describedby=\"caption-attachment-151\" style=\"width: 300px\" class=\"wp-caption alignnone\"><img decoding=\"async\" class=\"size-medium wp-image-151\" src=\"https:\/\/www.demusculos.com\/web\/wp-content\/uploads\/2024\/02\/logo-ena-sport-300x69.png\" alt=\"\" width=\"300\" height=\"69\" srcset=\"https:\/\/www.demusculos.com\/web\/wp-content\/uploads\/2024\/02\/logo-ena-sport-300x69.png 300w, https:\/\/www.demusculos.com\/web\/wp-content\/uploads\/2024\/02\/logo-ena-sport-150x35.png 150w, https:\/\/www.demusculos.com\/web\/wp-content\/uploads\/2024\/02\/logo-ena-sport-416x96.png 416w, https:\/\/www.demusculos.com\/web\/wp-content\/uploads\/2024\/02\/logo-ena-sport.png 446w\" sizes=\"(max-width: 300px) 100vw, 300px\" \/><figcaption id=\"caption-attachment-151\" class=\"wp-caption-text\">Este producto es fabricado por ENA SPORT (Empresa de Nutrici\u00f3n Argentina). Es una de las empresas pioneras en el rubro.<\/figcaption><\/figure>\n<h1><strong><img decoding=\"async\" class=\"alignnone size-full wp-image-201\" src=\"https:\/\/www.demusculos.com\/web\/wp-content\/uploads\/2024\/02\/titulo-beneficios.png\" alt=\"\" width=\"300\" height=\"50\" srcset=\"https:\/\/www.demusculos.com\/web\/wp-content\/uploads\/2024\/02\/titulo-beneficios.png 300w, https:\/\/www.demusculos.com\/web\/wp-content\/uploads\/2024\/02\/titulo-beneficios-150x25.png 150w\" sizes=\"(max-width: 300px) 100vw, 300px\" \/><\/strong><\/h1>\n<h2><strong>\u00bfQu\u00e9 es el ZMA Ena?<\/strong><\/h2>\n<p>El\u00a0<strong>ZMA<\/strong>\u00a0es un suplemento mineral natural que combina\u00a0<strong>zinc<\/strong>,\u00a0<strong>aspartato de magnesio<\/strong>\u00a0y\u00a0<strong>vitamina B6<\/strong>. Su f\u00f3rmula patentada ofrece una serie de beneficios clave para tu salud y desempe\u00f1o f\u00edsico.<\/p>\n<figure id=\"attachment_150\" aria-describedby=\"caption-attachment-150\" style=\"width: 300px\" class=\"wp-caption alignnone\"><img fetchpriority=\"high\" decoding=\"async\" class=\"size-full wp-image-150\" src=\"https:\/\/www.demusculos.com\/web\/wp-content\/uploads\/2024\/02\/energia.png\" alt=\"\" width=\"300\" height=\"300\" srcset=\"https:\/\/www.demusculos.com\/web\/wp-content\/uploads\/2024\/02\/energia.png 300w, https:\/\/www.demusculos.com\/web\/wp-content\/uploads\/2024\/02\/energia-150x150.png 150w\" sizes=\"(max-width: 300px) 100vw, 300px\" \/><figcaption id=\"caption-attachment-150\" class=\"wp-caption-text\">Una de las caracter\u00edsticas fundamentales de este producto es el aumento de la energ\u00eda.<\/figcaption><\/figure>\n<h2><strong>Beneficios de ZMA Ena para Hombres y Mujeres:<\/strong><\/h2>\n<p data-start=\"816\" data-end=\"1177\">ZMA no es magia, pero a veces se siente como si lo fuera. Se trata de una f\u00f3rmula simple y natural que une <strong data-start=\"923\" data-end=\"931\">zinc<\/strong>, <strong data-start=\"933\" data-end=\"945\">magnesio<\/strong> y <strong data-start=\"948\" data-end=\"963\">vitamina B6<\/strong>, tres componentes clave que tu cuerpo necesita para funcionar al 100%. Este combo act\u00faa como un verdadero potenciador del rendimiento f\u00edsico y mental, especialmente cuando entren\u00e1s fuerte o llev\u00e1s una vida activa.<\/p>\n<p data-start=\"1179\" data-end=\"1410\">Pero no solo eso: tambi\u00e9n mejora el descanso, ayuda a fortalecer el sistema inmunol\u00f3gico y puede contribuir al <strong data-start=\"1290\" data-end=\"1328\">aumento natural de la testosterona<\/strong>, algo fundamental si busc\u00e1s <strong data-start=\"1357\" data-end=\"1389\">ganar fuerza y masa muscular<\/strong> de manera saludable.<\/p>\n<p data-start=\"2016\" data-end=\"2241\">Aunque muchos piensan que el ZMA es solo para varones, nada m\u00e1s lejos de la realidad. Las mujeres tambi\u00e9n pueden aprovechar sus beneficios, sobre todo si entrenan regularmente, hacen fuerza o buscan mejorar su salud hormonal.<\/p>\n<ul data-start=\"2243\" data-end=\"2457\">\n<li data-start=\"2243\" data-end=\"2312\">\n<p data-start=\"2245\" data-end=\"2312\"><strong data-start=\"2245\" data-end=\"2285\">Aumenta naturalmente la testosterona<\/strong> (clave para masa muscular)<\/p>\n<\/li>\n<li data-start=\"2313\" data-end=\"2348\">\n<p data-start=\"2315\" data-end=\"2348\"><strong data-start=\"2315\" data-end=\"2348\">Favorece el descanso profundo<\/strong><\/p>\n<\/li>\n<li data-start=\"2349\" data-end=\"2392\">\n<p data-start=\"2351\" data-end=\"2392\"><strong data-start=\"2351\" data-end=\"2392\">Mejora la fuerza y resistencia f\u00edsica<\/strong><\/p>\n<\/li>\n<li data-start=\"2393\" data-end=\"2422\">\n<p data-start=\"2395\" data-end=\"2422\"><strong data-start=\"2395\" data-end=\"2422\">Apoya el sistema inmune<\/strong><\/p>\n<\/li>\n<li data-start=\"2423\" data-end=\"2457\">\n<p data-start=\"2425\" data-end=\"2457\"><strong data-start=\"2425\" data-end=\"2457\">Eleva los niveles de energ\u00eda<\/strong><\/p>\n<\/li>\n<\/ul>\n<p data-start=\"2459\" data-end=\"2574\">Adem\u00e1s, est\u00e1 <strong data-start=\"2472\" data-end=\"2494\">hecho en Argentina<\/strong>, con materias primas locales e importadas que garantizan una calidad impecable.<\/p>\n<div class=\"mceTemp\"><\/div>\n<figure id=\"attachment_148\" aria-describedby=\"caption-attachment-148\" style=\"width: 300px\" class=\"wp-caption alignnone\"><img loading=\"lazy\" decoding=\"async\" class=\"wp-image-148 size-full\" src=\"https:\/\/www.demusculos.com\/web\/wp-content\/uploads\/2024\/02\/testosterona.png\" alt=\"ZMA Ena aumenta la masa muscular y los niveles de testosterona\" width=\"300\" height=\"300\" srcset=\"https:\/\/www.demusculos.com\/web\/wp-content\/uploads\/2024\/02\/testosterona.png 300w, https:\/\/www.demusculos.com\/web\/wp-content\/uploads\/2024\/02\/testosterona-150x150.png 150w\" sizes=\"(max-width: 300px) 100vw, 300px\" \/><figcaption id=\"caption-attachment-148\" class=\"wp-caption-text\">Este producto, en hombres, potencia la producci\u00f3n de testosterona.<\/figcaption><\/figure>\n<h2 data-start=\"1417\" data-end=\"1446\">Dorm\u00ed mejor, rend\u00ed m\u00e1s<\/h2>\n<p data-start=\"1448\" data-end=\"1725\">Uno de los efectos m\u00e1s notables del ZMA de ENA es su capacidad para mejorar la calidad del sue\u00f1o. No hablamos de dormir m\u00e1s, sino de dormir mejor: m\u00e1s profundo, m\u00e1s reparador. Esto se traduce directamente en una <strong data-start=\"1660\" data-end=\"1691\">mejor recuperaci\u00f3n muscular<\/strong> y mayor energ\u00eda al d\u00eda siguiente.<\/p>\n<p data-start=\"1727\" data-end=\"1959\">Gracias al <strong data-start=\"1738\" data-end=\"1750\">magnesio<\/strong>, tus m\u00fasculos se relajan m\u00e1s f\u00e1cil, y junto con la vitamina B6, tu cuerpo entra en modo recuperaci\u00f3n sin interferencias. \u00bfTe cuesta dormir despu\u00e9s de entrenar? Este suplemento puede ser un antes y un despu\u00e9s.<\/p>\n<h2 data-start=\"2581\" data-end=\"2610\">Modo de uso recomendado<\/h2>\n<p data-start=\"2612\" data-end=\"2821\">Una forma de usarlo es tomar <strong data-start=\"2641\" data-end=\"2679\">2 c\u00e1psulas diarias antes de dormir<\/strong>, con el est\u00f3mago vac\u00edo o despu\u00e9s de la cena. El envase incluye instrucciones precisas y tambi\u00e9n pod\u00e9s seguir las indicaciones del fabricante.<\/p>\n<p data-start=\"2823\" data-end=\"2949\"><strong data-start=\"2823\" data-end=\"2839\">Advertencia:<\/strong> No apto para menores, diab\u00e9ticos, mujeres en periodo de embarazo o lactancia. <strong data-start=\"2918\" data-end=\"2949\">Consulte a su m\u00e9dico amigo.<\/strong><\/p>\n<figure id=\"attachment_143\" aria-describedby=\"caption-attachment-143\" style=\"width: 300px\" class=\"wp-caption alignnone\"><img loading=\"lazy\" decoding=\"async\" class=\"wp-image-143 size-full\" src=\"https:\/\/www.demusculos.com\/web\/wp-content\/uploads\/2024\/02\/se-puede-combinar.png\" alt=\"ZMA Ena se puede combinar con otros suplementos\" width=\"300\" height=\"300\" srcset=\"https:\/\/www.demusculos.com\/web\/wp-content\/uploads\/2024\/02\/se-puede-combinar.png 300w, https:\/\/www.demusculos.com\/web\/wp-content\/uploads\/2024\/02\/se-puede-combinar-150x150.png 150w\" sizes=\"(max-width: 300px) 100vw, 300px\" \/><figcaption id=\"caption-attachment-143\" class=\"wp-caption-text\">Este producto se puede combinar con otros suplementos naturales: Vitaminas, Minerales, Amino\u00e1cidos, Pro Hormonales, Pre Entrenos, Prote\u00ednas, etc.<\/figcaption><\/figure>\n<p><b>Trayectoria<\/b><strong>\u00a0de la marca en el mercado<\/strong><\/p>\n<figure id=\"attachment_142\" aria-describedby=\"caption-attachment-142\" style=\"width: 300px\" class=\"wp-caption alignnone\"><img loading=\"lazy\" decoding=\"async\" class=\"size-full wp-image-142\" src=\"https:\/\/www.demusculos.com\/web\/wp-content\/uploads\/2024\/02\/puntos-estrellas-10.png\" alt=\"\" width=\"300\" height=\"30\" srcset=\"https:\/\/www.demusculos.com\/web\/wp-content\/uploads\/2024\/02\/puntos-estrellas-10.png 300w, https:\/\/www.demusculos.com\/web\/wp-content\/uploads\/2024\/02\/puntos-estrellas-10-150x15.png 150w\" sizes=\"(max-width: 300px) 100vw, 300px\" \/><figcaption id=\"caption-attachment-142\" class=\"wp-caption-text\">10 puntos<\/figcaption><\/figure>\n<p><strong>Calidad de las materias primas utilizadas<\/strong><\/p>\n<figure id=\"attachment_141\" aria-describedby=\"caption-attachment-141\" style=\"width: 300px\" class=\"wp-caption alignnone\"><img loading=\"lazy\" decoding=\"async\" class=\"size-full wp-image-141\" src=\"https:\/\/www.demusculos.com\/web\/wp-content\/uploads\/2024\/02\/puntos-estrellas-09.png\" alt=\"\" width=\"300\" height=\"30\" srcset=\"https:\/\/www.demusculos.com\/web\/wp-content\/uploads\/2024\/02\/puntos-estrellas-09.png 300w, https:\/\/www.demusculos.com\/web\/wp-content\/uploads\/2024\/02\/puntos-estrellas-09-150x15.png 150w\" sizes=\"(max-width: 300px) 100vw, 300px\" \/><figcaption id=\"caption-attachment-141\" class=\"wp-caption-text\">9 puntos<\/figcaption><\/figure>\n<p><img loading=\"lazy\" decoding=\"async\" class=\"alignnone size-full wp-image-203\" src=\"https:\/\/www.demusculos.com\/web\/wp-content\/uploads\/2024\/02\/titulo-presentacion.png\" alt=\"\" width=\"300\" height=\"50\" srcset=\"https:\/\/www.demusculos.com\/web\/wp-content\/uploads\/2024\/02\/titulo-presentacion.png 300w, https:\/\/www.demusculos.com\/web\/wp-content\/uploads\/2024\/02\/titulo-presentacion-150x25.png 150w\" sizes=\"(max-width: 300px) 100vw, 300px\" \/><\/p>\n<p>60 comprimidos.<br \/>\nIdeales para un plan de 1 mes.<\/p>\n<p><img loading=\"lazy\" decoding=\"async\" class=\"alignnone size-full wp-image-204\" src=\"https:\/\/www.demusculos.com\/web\/wp-content\/uploads\/2024\/02\/titulo-como-tomar.png\" alt=\"\" width=\"300\" height=\"50\" srcset=\"https:\/\/www.demusculos.com\/web\/wp-content\/uploads\/2024\/02\/titulo-como-tomar.png 300w, https:\/\/www.demusculos.com\/web\/wp-content\/uploads\/2024\/02\/titulo-como-tomar-150x25.png 150w\" sizes=\"(max-width: 300px) 100vw, 300px\" \/><\/p>\n<p>Consumir 2 comprimidos por d\u00eda.<br \/>\nPodemos consumirlo por la ma\u00f1ana o por la noche.<\/p>\n<figure id=\"attachment_205\" aria-describedby=\"caption-attachment-205\" style=\"width: 300px\" class=\"wp-caption alignnone\"><img loading=\"lazy\" decoding=\"async\" class=\"size-full wp-image-205\" src=\"https:\/\/www.demusculos.com\/web\/wp-content\/uploads\/2024\/02\/titulo-advertencias.png\" alt=\"\" width=\"300\" height=\"50\" srcset=\"https:\/\/www.demusculos.com\/web\/wp-content\/uploads\/2024\/02\/titulo-advertencias.png 300w, https:\/\/www.demusculos.com\/web\/wp-content\/uploads\/2024\/02\/titulo-advertencias-150x25.png 150w\" sizes=\"(max-width: 300px) 100vw, 300px\" \/><figcaption id=\"caption-attachment-205\" class=\"wp-caption-text\">No tomar si eres mujer en periodo de embarazo o lactancia. Tampoco lo pueden usar menores de 18 a\u00f1os (Si eres menor debes estar supervisado por un adulto responsable)<\/figcaption><\/figure>\n<p>&nbsp;<\/p>\n","protected":false},"excerpt":{"rendered":"<p>Zinc, Magnesio y vitaminas que potencian tu rendimiento, aumento de testosterona, fuerza y masa muscular magra.<\/p>\n","protected":false},"featured_media":145,"comment_status":"closed","ping_status":"closed","template":"","meta":[],"product_brand":[223],"product_cat":[42,37],"product_tag":[38,104],"class_list":{"0":"post-144","1":"product","2":"type-product","3":"status-publish","4":"has-post-thumbnail","6":"product_brand-ena-sport","7":"product_cat-hormonales-y-testo","8":"product_cat-vitaminas-y-minierales","9":"product_tag-ena-sport","10":"product_tag-testosterona","12":"first","13":"outofstock","14":"sale","15":"shipping-taxable","16":"purchasable","17":"product-type-simple"},"yoast_head":"<!-- This site is optimized with the Yoast SEO plugin v27.6 - https:\/\/yoast.com\/product\/yoast-seo-wordpress\/ -->\n<title>ZMA Ena | 60 c\u00e1psulas | Beneficios para masa muscular y testo<\/title>\n<meta name=\"description\" content=\"Si quieres aumentar la fuerza, resistencia, masa muscular y testosterona puedes utilizar le nuevo producto de ENA Sport: ZMA Ena x60 c\u00e1ps. Env\u00edo. Cuotas.\" \/>\n<meta name=\"robots\" content=\"index, follow, max-snippet:-1, max-image-preview:large, max-video-preview:-1\" \/>\n<link rel=\"canonical\" href=\"https:\/\/www.demusculos.com\/web\/producto\/zma-x60-comprimidos-de-ena-sport\/\" \/>\n<meta property=\"og:locale\" content=\"es_ES\" \/>\n<meta property=\"og:type\" content=\"article\" \/>\n<meta property=\"og:title\" content=\"ZMA Ena | 60 c\u00e1psulas | Beneficios para masa muscular y testo\" \/>\n<meta property=\"og:description\" content=\"Si quieres aumentar la fuerza, resistencia, masa muscular y testosterona puedes utilizar le nuevo producto de ENA Sport: ZMA Ena x60 c\u00e1ps. Env\u00edo. Cuotas.\" \/>\n<meta property=\"og:url\" content=\"https:\/\/www.demusculos.com\/web\/producto\/zma-x60-comprimidos-de-ena-sport\/\" \/>\n<meta property=\"og:site_name\" content=\"DeMusculos\" \/>\n<meta property=\"article:publisher\" content=\"https:\/\/www.facebook.com\/demusculos\" \/>\n<meta property=\"article:modified_time\" content=\"2026-05-06T15:12:11+00:00\" \/>\n<meta property=\"og:image\" content=\"https:\/\/www.demusculos.com\/web\/wp-content\/uploads\/2024\/02\/zma-x-1-ena.jpg\" \/>\n\t<meta property=\"og:image:width\" content=\"1200\" \/>\n\t<meta property=\"og:image:height\" content=\"1200\" \/>\n\t<meta property=\"og:image:type\" content=\"image\/jpeg\" \/>\n<meta name=\"twitter:card\" content=\"summary_large_image\" \/>\n<meta name=\"twitter:site\" content=\"@demusculos\" \/>\n<meta name=\"twitter:label1\" content=\"Tiempo de lectura\" \/>\n\t<meta name=\"twitter:data1\" content=\"5 minutos\" \/>\n<script type=\"application\/ld+json\" class=\"yoast-schema-graph\">{\"@context\":\"https:\\\/\\\/schema.org\",\"@graph\":[{\"@type\":\"WebPage\",\"@id\":\"https:\\\/\\\/www.demusculos.com\\\/web\\\/producto\\\/zma-x60-comprimidos-de-ena-sport\\\/\",\"url\":\"https:\\\/\\\/www.demusculos.com\\\/web\\\/producto\\\/zma-x60-comprimidos-de-ena-sport\\\/\",\"name\":\"ZMA Ena | 60 c\u00e1psulas | Beneficios para masa muscular y testo\",\"isPartOf\":{\"@id\":\"https:\\\/\\\/www.demusculos.com\\\/web\\\/#website\"},\"primaryImageOfPage\":{\"@id\":\"https:\\\/\\\/www.demusculos.com\\\/web\\\/producto\\\/zma-x60-comprimidos-de-ena-sport\\\/#primaryimage\"},\"image\":{\"@id\":\"https:\\\/\\\/www.demusculos.com\\\/web\\\/producto\\\/zma-x60-comprimidos-de-ena-sport\\\/#primaryimage\"},\"thumbnailUrl\":\"https:\\\/\\\/www.demusculos.com\\\/web\\\/wp-content\\\/uploads\\\/2024\\\/02\\\/zma-x-1-ena.jpg\",\"datePublished\":\"2024-02-19T20:25:01+00:00\",\"dateModified\":\"2026-05-06T15:12:11+00:00\",\"description\":\"Si quieres aumentar la fuerza, resistencia, masa muscular y testosterona puedes utilizar le nuevo producto de ENA Sport: ZMA Ena x60 c\u00e1ps. Env\u00edo. Cuotas.\",\"breadcrumb\":{\"@id\":\"https:\\\/\\\/www.demusculos.com\\\/web\\\/producto\\\/zma-x60-comprimidos-de-ena-sport\\\/#breadcrumb\"},\"inLanguage\":\"es\",\"potentialAction\":[{\"@type\":\"ReadAction\",\"target\":[\"https:\\\/\\\/www.demusculos.com\\\/web\\\/producto\\\/zma-x60-comprimidos-de-ena-sport\\\/\"]}]},{\"@type\":\"ImageObject\",\"inLanguage\":\"es\",\"@id\":\"https:\\\/\\\/www.demusculos.com\\\/web\\\/producto\\\/zma-x60-comprimidos-de-ena-sport\\\/#primaryimage\",\"url\":\"https:\\\/\\\/www.demusculos.com\\\/web\\\/wp-content\\\/uploads\\\/2024\\\/02\\\/zma-x-1-ena.jpg\",\"contentUrl\":\"https:\\\/\\\/www.demusculos.com\\\/web\\\/wp-content\\\/uploads\\\/2024\\\/02\\\/zma-x-1-ena.jpg\",\"width\":1200,\"height\":1200},{\"@type\":\"BreadcrumbList\",\"@id\":\"https:\\\/\\\/www.demusculos.com\\\/web\\\/producto\\\/zma-x60-comprimidos-de-ena-sport\\\/#breadcrumb\",\"itemListElement\":[{\"@type\":\"ListItem\",\"position\":1,\"name\":\"Inicio\",\"item\":\"https:\\\/\\\/www.demusculos.com\\\/web\\\/\"},{\"@type\":\"ListItem\",\"position\":2,\"name\":\"Suplementos\",\"item\":\"https:\\\/\\\/www.demusculos.com\\\/web\\\/tienda\\\/\"},{\"@type\":\"ListItem\",\"position\":3,\"name\":\"ZMA x60 Ena Sport Zinc Magnesio Vitamina B6\"}]},{\"@type\":\"WebSite\",\"@id\":\"https:\\\/\\\/www.demusculos.com\\\/web\\\/#website\",\"url\":\"https:\\\/\\\/www.demusculos.com\\\/web\\\/\",\"name\":\"DeMusculos.com\",\"description\":\"Suplementos Naturales\",\"publisher\":{\"@id\":\"https:\\\/\\\/www.demusculos.com\\\/web\\\/#organization\"},\"alternateName\":\"Suplementos Naturales\",\"potentialAction\":[{\"@type\":\"SearchAction\",\"target\":{\"@type\":\"EntryPoint\",\"urlTemplate\":\"https:\\\/\\\/www.demusculos.com\\\/web\\\/?s={search_term_string}\"},\"query-input\":{\"@type\":\"PropertyValueSpecification\",\"valueRequired\":true,\"valueName\":\"search_term_string\"}}],\"inLanguage\":\"es\"},{\"@type\":\"Organization\",\"@id\":\"https:\\\/\\\/www.demusculos.com\\\/web\\\/#organization\",\"name\":\"DeMusculos.com\",\"alternateName\":\"DeMusculos\",\"url\":\"https:\\\/\\\/www.demusculos.com\\\/web\\\/\",\"logo\":{\"@type\":\"ImageObject\",\"inLanguage\":\"es\",\"@id\":\"https:\\\/\\\/www.demusculos.com\\\/web\\\/#\\\/schema\\\/logo\\\/image\\\/\",\"url\":\"https:\\\/\\\/www.demusculos.com\\\/web\\\/wp-content\\\/uploads\\\/2024\\\/02\\\/logo-demusculos-prestashop-usuario.png\",\"contentUrl\":\"https:\\\/\\\/www.demusculos.com\\\/web\\\/wp-content\\\/uploads\\\/2024\\\/02\\\/logo-demusculos-prestashop-usuario.png\",\"width\":150,\"height\":150,\"caption\":\"DeMusculos.com\"},\"image\":{\"@id\":\"https:\\\/\\\/www.demusculos.com\\\/web\\\/#\\\/schema\\\/logo\\\/image\\\/\"},\"sameAs\":[\"https:\\\/\\\/www.facebook.com\\\/demusculos\",\"https:\\\/\\\/x.com\\\/demusculos\",\"https:\\\/\\\/www.instagram.com\\\/demusculos\",\"https:\\\/\\\/www.tiktok.com\\\/@demusculos.com\"]}]}<\/script>\n<!-- \/ Yoast SEO plugin. -->","yoast_head_json":{"title":"ZMA Ena | 60 c\u00e1psulas | Beneficios para masa muscular y testo","description":"Si quieres aumentar la fuerza, resistencia, masa muscular y testosterona puedes utilizar le nuevo producto de ENA Sport: ZMA Ena x60 c\u00e1ps. Env\u00edo. Cuotas.","robots":{"index":"index","follow":"follow","max-snippet":"max-snippet:-1","max-image-preview":"max-image-preview:large","max-video-preview":"max-video-preview:-1"},"canonical":"https:\/\/www.demusculos.com\/web\/producto\/zma-x60-comprimidos-de-ena-sport\/","og_locale":"es_ES","og_type":"article","og_title":"ZMA Ena | 60 c\u00e1psulas | Beneficios para masa muscular y testo","og_description":"Si quieres aumentar la fuerza, resistencia, masa muscular y testosterona puedes utilizar le nuevo producto de ENA Sport: ZMA Ena x60 c\u00e1ps. Env\u00edo. Cuotas.","og_url":"https:\/\/www.demusculos.com\/web\/producto\/zma-x60-comprimidos-de-ena-sport\/","og_site_name":"DeMusculos","article_publisher":"https:\/\/www.facebook.com\/demusculos","article_modified_time":"2026-05-06T15:12:11+00:00","og_image":[{"width":1200,"height":1200,"url":"https:\/\/www.demusculos.com\/web\/wp-content\/uploads\/2024\/02\/zma-x-1-ena.jpg","type":"image\/jpeg"}],"twitter_card":"summary_large_image","twitter_site":"@demusculos","twitter_misc":{"Tiempo de lectura":"5 minutos"},"schema":{"@context":"https:\/\/schema.org","@graph":[{"@type":"WebPage","@id":"https:\/\/www.demusculos.com\/web\/producto\/zma-x60-comprimidos-de-ena-sport\/","url":"https:\/\/www.demusculos.com\/web\/producto\/zma-x60-comprimidos-de-ena-sport\/","name":"ZMA Ena | 60 c\u00e1psulas | Beneficios para masa muscular y testo","isPartOf":{"@id":"https:\/\/www.demusculos.com\/web\/#website"},"primaryImageOfPage":{"@id":"https:\/\/www.demusculos.com\/web\/producto\/zma-x60-comprimidos-de-ena-sport\/#primaryimage"},"image":{"@id":"https:\/\/www.demusculos.com\/web\/producto\/zma-x60-comprimidos-de-ena-sport\/#primaryimage"},"thumbnailUrl":"https:\/\/www.demusculos.com\/web\/wp-content\/uploads\/2024\/02\/zma-x-1-ena.jpg","datePublished":"2024-02-19T20:25:01+00:00","dateModified":"2026-05-06T15:12:11+00:00","description":"Si quieres aumentar la fuerza, resistencia, masa muscular y testosterona puedes utilizar le nuevo producto de ENA Sport: ZMA Ena x60 c\u00e1ps. Env\u00edo. Cuotas.","breadcrumb":{"@id":"https:\/\/www.demusculos.com\/web\/producto\/zma-x60-comprimidos-de-ena-sport\/#breadcrumb"},"inLanguage":"es","potentialAction":[{"@type":"ReadAction","target":["https:\/\/www.demusculos.com\/web\/producto\/zma-x60-comprimidos-de-ena-sport\/"]}]},{"@type":"ImageObject","inLanguage":"es","@id":"https:\/\/www.demusculos.com\/web\/producto\/zma-x60-comprimidos-de-ena-sport\/#primaryimage","url":"https:\/\/www.demusculos.com\/web\/wp-content\/uploads\/2024\/02\/zma-x-1-ena.jpg","contentUrl":"https:\/\/www.demusculos.com\/web\/wp-content\/uploads\/2024\/02\/zma-x-1-ena.jpg","width":1200,"height":1200},{"@type":"BreadcrumbList","@id":"https:\/\/www.demusculos.com\/web\/producto\/zma-x60-comprimidos-de-ena-sport\/#breadcrumb","itemListElement":[{"@type":"ListItem","position":1,"name":"Inicio","item":"https:\/\/www.demusculos.com\/web\/"},{"@type":"ListItem","position":2,"name":"Suplementos","item":"https:\/\/www.demusculos.com\/web\/tienda\/"},{"@type":"ListItem","position":3,"name":"ZMA x60 Ena Sport Zinc Magnesio Vitamina B6"}]},{"@type":"WebSite","@id":"https:\/\/www.demusculos.com\/web\/#website","url":"https:\/\/www.demusculos.com\/web\/","name":"DeMusculos.com","description":"Suplementos Naturales","publisher":{"@id":"https:\/\/www.demusculos.com\/web\/#organization"},"alternateName":"Suplementos Naturales","potentialAction":[{"@type":"SearchAction","target":{"@type":"EntryPoint","urlTemplate":"https:\/\/www.demusculos.com\/web\/?s={search_term_string}"},"query-input":{"@type":"PropertyValueSpecification","valueRequired":true,"valueName":"search_term_string"}}],"inLanguage":"es"},{"@type":"Organization","@id":"https:\/\/www.demusculos.com\/web\/#organization","name":"DeMusculos.com","alternateName":"DeMusculos","url":"https:\/\/www.demusculos.com\/web\/","logo":{"@type":"ImageObject","inLanguage":"es","@id":"https:\/\/www.demusculos.com\/web\/#\/schema\/logo\/image\/","url":"https:\/\/www.demusculos.com\/web\/wp-content\/uploads\/2024\/02\/logo-demusculos-prestashop-usuario.png","contentUrl":"https:\/\/www.demusculos.com\/web\/wp-content\/uploads\/2024\/02\/logo-demusculos-prestashop-usuario.png","width":150,"height":150,"caption":"DeMusculos.com"},"image":{"@id":"https:\/\/www.demusculos.com\/web\/#\/schema\/logo\/image\/"},"sameAs":["https:\/\/www.facebook.com\/demusculos","https:\/\/x.com\/demusculos","https:\/\/www.instagram.com\/demusculos","https:\/\/www.tiktok.com\/@demusculos.com"]}]}},"_links":{"self":[{"href":"https:\/\/www.demusculos.com\/web\/wp-json\/wp\/v2\/product\/144","targetHints":{"allow":["GET"]}}],"collection":[{"href":"https:\/\/www.demusculos.com\/web\/wp-json\/wp\/v2\/product"}],"about":[{"href":"https:\/\/www.demusculos.com\/web\/wp-json\/wp\/v2\/types\/product"}],"replies":[{"embeddable":true,"href":"https:\/\/www.demusculos.com\/web\/wp-json\/wp\/v2\/comments?post=144"}],"wp:featuredmedia":[{"embeddable":true,"href":"https:\/\/www.demusculos.com\/web\/wp-json\/wp\/v2\/media\/145"}],"wp:attachment":[{"href":"https:\/\/www.demusculos.com\/web\/wp-json\/wp\/v2\/media?parent=144"}],"wp:term":[{"taxonomy":"product_brand","embeddable":true,"href":"https:\/\/www.demusculos.com\/web\/wp-json\/wp\/v2\/product_brand?post=144"},{"taxonomy":"product_cat","embeddable":true,"href":"https:\/\/www.demusculos.com\/web\/wp-json\/wp\/v2\/product_cat?post=144"},{"taxonomy":"product_tag","embeddable":true,"href":"https:\/\/www.demusculos.com\/web\/wp-json\/wp\/v2\/product_tag?post=144"}],"curies":[{"name":"wp","href":"https:\/\/api.w.org\/{rel}","templated":true}]}}