{"id":16300,"date":"2025-11-29T20:17:14","date_gmt":"2025-11-29T23:17:14","guid":{"rendered":"https:\/\/www.demusculos.com\/web\/?post_type=product&#038;p=16300"},"modified":"2026-04-27T10:47:47","modified_gmt":"2026-04-27T13:47:47","slug":"pasta-de-mani-con-sal-marina","status":"publish","type":"product","link":"https:\/\/www.demusculos.com\/web\/producto\/pasta-de-mani-con-sal-marina\/","title":{"rendered":"Pasta de Mani con Sal Marina x 370g &#8211; Entrenuts"},"content":{"rendered":"<h2 data-start=\"141\" data-end=\"222\"><strong data-start=\"143\" data-end=\"222\">Crema de Man\u00ed Entre Nuts con Sal Marina 370 g \u2013 Sabor Intenso, Energ\u00eda Real<\/strong><\/h2>\n<p data-start=\"224\" data-end=\"529\">Si busc\u00e1s una crema de man\u00ed con <strong data-start=\"256\" data-end=\"301\">sabor m\u00e1s profundo, natural y equilibrado<\/strong>, esta versi\u00f3n con <strong data-start=\"320\" data-end=\"334\">sal marina<\/strong> de Entre Nuts es ideal. Con textura cremosa, sin vueltas y hecha con ingredientes reales, es perfecta para quienes quieren sumar energ\u00eda, prote\u00ednas y grasas saludables a su d\u00eda sin perder sabor.<\/p>\n<p data-start=\"531\" data-end=\"823\">La combinaci\u00f3n de man\u00ed tostado + un toque de sal marina realza al m\u00e1ximo su gusto, logrando esa mezcla justa entre lo dulce natural del man\u00ed y la intensidad de la sal. Una bomba nutritiva que funciona para deportistas, estudiantes, trabajadores y cualquiera que quiera comer algo rico y sano.<\/p>\n<p data-start=\"531\" data-end=\"823\"><img fetchpriority=\"high\" decoding=\"async\" class=\"alignnone size-full wp-image-16302\" src=\"https:\/\/www.demusculos.com\/web\/wp-content\/uploads\/2025\/11\/Pasta-de-Mani-con-Sal-Marina-x-370g-Entrenuts-1.webp\" alt=\"Crema de Man\u00ed con Sal Marina 370 grs\" width=\"1024\" height=\"1024\" srcset=\"https:\/\/www.demusculos.com\/web\/wp-content\/uploads\/2025\/11\/Pasta-de-Mani-con-Sal-Marina-x-370g-Entrenuts-1.webp 1024w, https:\/\/www.demusculos.com\/web\/wp-content\/uploads\/2025\/11\/Pasta-de-Mani-con-Sal-Marina-x-370g-Entrenuts-1-300x300.webp 300w, https:\/\/www.demusculos.com\/web\/wp-content\/uploads\/2025\/11\/Pasta-de-Mani-con-Sal-Marina-x-370g-Entrenuts-1-150x150.webp 150w, https:\/\/www.demusculos.com\/web\/wp-content\/uploads\/2025\/11\/Pasta-de-Mani-con-Sal-Marina-x-370g-Entrenuts-1-768x768.webp 768w, https:\/\/www.demusculos.com\/web\/wp-content\/uploads\/2025\/11\/Pasta-de-Mani-con-Sal-Marina-x-370g-Entrenuts-1-990x990.webp 990w, https:\/\/www.demusculos.com\/web\/wp-content\/uploads\/2025\/11\/Pasta-de-Mani-con-Sal-Marina-x-370g-Entrenuts-1-441x441.webp 441w, https:\/\/www.demusculos.com\/web\/wp-content\/uploads\/2025\/11\/Pasta-de-Mani-con-Sal-Marina-x-370g-Entrenuts-1-100x100.webp 100w, https:\/\/www.demusculos.com\/web\/wp-content\/uploads\/2025\/11\/Pasta-de-Mani-con-Sal-Marina-x-370g-Entrenuts-1-800x800.webp 800w\" sizes=\"(max-width: 1024px) 100vw, 1024px\" \/><\/p>\n<h3 data-start=\"825\" data-end=\"851\"><strong data-start=\"829\" data-end=\"851\">\u00bfPor qu\u00e9 elegirla?<\/strong><\/h3>\n<ul data-start=\"852\" data-end=\"1424\">\n<li data-start=\"852\" data-end=\"960\">\n<p data-start=\"854\" data-end=\"960\"><strong data-start=\"854\" data-end=\"886\">Alta en prote\u00ednas vegetales:<\/strong> ayuda a la recuperaci\u00f3n muscular y mantiene la saciedad por m\u00e1s tiempo.<\/p>\n<\/li>\n<li data-start=\"961\" data-end=\"1052\">\n<p data-start=\"963\" data-end=\"1052\"><strong data-start=\"963\" data-end=\"985\">Grasas saludables:<\/strong> aporta energ\u00eda de buena calidad y cuida la salud cardiovascular.<\/p>\n<\/li>\n<li data-start=\"1053\" data-end=\"1147\">\n<p data-start=\"1055\" data-end=\"1147\"><strong data-start=\"1055\" data-end=\"1079\">Toque de sal marina:<\/strong> mejora el sabor y ayuda a reponer electrolitos de manera natural.<\/p>\n<\/li>\n<li data-start=\"1148\" data-end=\"1246\">\n<p data-start=\"1150\" data-end=\"1246\"><strong data-start=\"1150\" data-end=\"1172\">Energ\u00eda sostenida:<\/strong> ideal para antes de entrenar, desayunos, meriendas o snacks nutritivos.<\/p>\n<\/li>\n<li data-start=\"1247\" data-end=\"1327\">\n<p data-start=\"1249\" data-end=\"1327\"><strong data-start=\"1249\" data-end=\"1276\">Sin ingredientes raros:<\/strong> simple, real y cremosa. Lo que ves es lo que es.<\/p>\n<\/li>\n<li data-start=\"1328\" data-end=\"1424\">\n<p data-start=\"1330\" data-end=\"1424\"><strong data-start=\"1330\" data-end=\"1343\">Vers\u00e1til:<\/strong> perfecta para tostadas, avena, panqueques, licuados o directamente a cucharadas.<\/p>\n<\/li>\n<\/ul>\n<h3 data-start=\"1426\" data-end=\"1449\"><strong data-start=\"1430\" data-end=\"1449\">\u00bfPara qui\u00e9n es?<\/strong><\/h3>\n<p data-start=\"1450\" data-end=\"1576\">Para quienes necesitan un alimento <strong data-start=\"1485\" data-end=\"1514\">rico, natural y funcional<\/strong>, que aporte energ\u00eda real sin ultraprocesados.<br data-start=\"1560\" data-end=\"1563\" \/>Ideal para:<\/p>\n<ul data-start=\"1577\" data-end=\"1695\">\n<li data-start=\"1577\" data-end=\"1592\">\n<p data-start=\"1579\" data-end=\"1592\">Deportistas<\/p>\n<\/li>\n<li data-start=\"1593\" data-end=\"1613\">\n<p data-start=\"1595\" data-end=\"1613\">Personas activas<\/p>\n<\/li>\n<li data-start=\"1614\" data-end=\"1637\">\n<p data-start=\"1616\" data-end=\"1637\">Quienes hacen dieta<\/p>\n<\/li>\n<li data-start=\"1638\" data-end=\"1695\">\n<p data-start=\"1640\" data-end=\"1695\">Quienes buscan reemplazar dulces por algo m\u00e1s saludable<\/p>\n<\/li>\n<\/ul>\n<p><img decoding=\"async\" class=\"alignnone size-full wp-image-16304\" src=\"https:\/\/www.demusculos.com\/web\/wp-content\/uploads\/2025\/11\/Pasta-de-Mani-con-Sal-Marina-x-370g-Entrenuts-4.webp\" alt=\"Crema de Man\u00ed con Sal Marina 370 grs\" width=\"1024\" height=\"1024\" srcset=\"https:\/\/www.demusculos.com\/web\/wp-content\/uploads\/2025\/11\/Pasta-de-Mani-con-Sal-Marina-x-370g-Entrenuts-4.webp 1024w, https:\/\/www.demusculos.com\/web\/wp-content\/uploads\/2025\/11\/Pasta-de-Mani-con-Sal-Marina-x-370g-Entrenuts-4-300x300.webp 300w, https:\/\/www.demusculos.com\/web\/wp-content\/uploads\/2025\/11\/Pasta-de-Mani-con-Sal-Marina-x-370g-Entrenuts-4-150x150.webp 150w, https:\/\/www.demusculos.com\/web\/wp-content\/uploads\/2025\/11\/Pasta-de-Mani-con-Sal-Marina-x-370g-Entrenuts-4-768x768.webp 768w, https:\/\/www.demusculos.com\/web\/wp-content\/uploads\/2025\/11\/Pasta-de-Mani-con-Sal-Marina-x-370g-Entrenuts-4-990x990.webp 990w, https:\/\/www.demusculos.com\/web\/wp-content\/uploads\/2025\/11\/Pasta-de-Mani-con-Sal-Marina-x-370g-Entrenuts-4-441x441.webp 441w, https:\/\/www.demusculos.com\/web\/wp-content\/uploads\/2025\/11\/Pasta-de-Mani-con-Sal-Marina-x-370g-Entrenuts-4-100x100.webp 100w, https:\/\/www.demusculos.com\/web\/wp-content\/uploads\/2025\/11\/Pasta-de-Mani-con-Sal-Marina-x-370g-Entrenuts-4-800x800.webp 800w\" sizes=\"(max-width: 1024px) 100vw, 1024px\" \/><\/p>\n<h3 data-start=\"1697\" data-end=\"1717\"><strong data-start=\"1701\" data-end=\"1717\">Presentaci\u00f3n<\/strong><\/h3>\n<ul data-start=\"1718\" data-end=\"1814\">\n<li data-start=\"1718\" data-end=\"1741\">\n<p data-start=\"1720\" data-end=\"1741\"><strong data-start=\"1720\" data-end=\"1739\">Frasco de 370 g<\/strong><\/p>\n<\/li>\n<li data-start=\"1742\" data-end=\"1767\">\n<p data-start=\"1744\" data-end=\"1767\"><strong data-start=\"1744\" data-end=\"1754\">Marca:<\/strong> Entre Nuts<\/p>\n<\/li>\n<li data-start=\"1768\" data-end=\"1814\">\n<p data-start=\"1770\" data-end=\"1814\"><strong data-start=\"1770\" data-end=\"1783\">Variante:<\/strong> Crema de man\u00ed con sal marina<\/p>\n<\/li>\n<\/ul>\n<p data-start=\"1816\" data-end=\"1889\">Una opci\u00f3n equilibrada y deliciosa para sumar nutrici\u00f3n y sabor a tu d\u00eda.<\/p>\n","protected":false},"excerpt":{"rendered":"<p>La Crema de Man\u00ed Entre Nuts con Sal Marina 370 g combina el sabor intenso del man\u00ed tostado con un toque justo de sal marina que realza su perfil natural. Aporta prote\u00ednas, grasas saludables y energ\u00eda sostenida para el d\u00eda a d\u00eda, siendo ideal para desayunos, meriendas o antes de entrenar. Rica, nutritiva y vers\u00e1til, es una opci\u00f3n perfecta para quienes buscan un snack real, simple y lleno de sabor.<\/p>\n","protected":false},"featured_media":16301,"comment_status":"open","ping_status":"closed","template":"","meta":[],"product_brand":[374],"product_cat":[351],"product_tag":[375],"class_list":{"0":"post-16300","1":"product","2":"type-product","3":"status-publish","4":"has-post-thumbnail","6":"product_brand-entrenuts","7":"product_cat-supermercado","8":"product_tag-entrenuts","10":"first","11":"instock","12":"sale","13":"shipping-taxable","14":"purchasable","15":"product-type-simple"},"yoast_head":"<!-- This site is optimized with the Yoast SEO plugin v27.6 - https:\/\/yoast.com\/product\/yoast-seo-wordpress\/ -->\n<title>Crema de Man\u00ed | 370 grs | Con Sal Marina | Entrenuts<\/title>\n<meta name=\"description\" content=\"Crema de man\u00ed Entre Nuts con sal marina 370 g: prote\u00ednas, energ\u00eda natural y sabor intenso. Ideal para desayunos, meriendas y antes de entrenar.\" \/>\n<meta name=\"robots\" content=\"index, follow, max-snippet:-1, max-image-preview:large, max-video-preview:-1\" \/>\n<link rel=\"canonical\" href=\"https:\/\/www.demusculos.com\/web\/producto\/pasta-de-mani-con-sal-marina\/\" \/>\n<meta property=\"og:locale\" content=\"es_ES\" \/>\n<meta property=\"og:type\" content=\"article\" \/>\n<meta property=\"og:title\" content=\"Crema de Man\u00ed | 370 grs | Con Sal Marina | Entrenuts\" \/>\n<meta property=\"og:description\" content=\"Crema de man\u00ed Entre Nuts con sal marina 370 g: prote\u00ednas, energ\u00eda natural y sabor intenso. Ideal para desayunos, meriendas y antes de entrenar.\" \/>\n<meta property=\"og:url\" content=\"https:\/\/www.demusculos.com\/web\/producto\/pasta-de-mani-con-sal-marina\/\" \/>\n<meta property=\"og:site_name\" content=\"DeMusculos\" \/>\n<meta property=\"article:publisher\" content=\"https:\/\/www.facebook.com\/demusculos\" \/>\n<meta property=\"article:modified_time\" content=\"2026-04-27T13:47:47+00:00\" \/>\n<meta property=\"og:image\" content=\"https:\/\/www.demusculos.com\/web\/wp-content\/uploads\/2025\/11\/Pasta-de-Mani-con-Sal-Marina-x-370g-Entrenuts.webp\" \/>\n\t<meta property=\"og:image:width\" content=\"1200\" \/>\n\t<meta property=\"og:image:height\" content=\"1200\" \/>\n\t<meta property=\"og:image:type\" content=\"image\/webp\" \/>\n<meta name=\"twitter:card\" content=\"summary_large_image\" \/>\n<meta name=\"twitter:site\" content=\"@demusculos\" \/>\n<meta name=\"twitter:label1\" content=\"Tiempo de lectura\" \/>\n\t<meta name=\"twitter:data1\" content=\"2 minutos\" \/>\n<script type=\"application\/ld+json\" class=\"yoast-schema-graph\">{\"@context\":\"https:\\\/\\\/schema.org\",\"@graph\":[{\"@type\":\"WebPage\",\"@id\":\"https:\\\/\\\/www.demusculos.com\\\/web\\\/producto\\\/pasta-de-mani-con-sal-marina\\\/\",\"url\":\"https:\\\/\\\/www.demusculos.com\\\/web\\\/producto\\\/pasta-de-mani-con-sal-marina\\\/\",\"name\":\"Crema de Man\u00ed | 370 grs | Con Sal Marina | Entrenuts\",\"isPartOf\":{\"@id\":\"https:\\\/\\\/www.demusculos.com\\\/web\\\/#website\"},\"primaryImageOfPage\":{\"@id\":\"https:\\\/\\\/www.demusculos.com\\\/web\\\/producto\\\/pasta-de-mani-con-sal-marina\\\/#primaryimage\"},\"image\":{\"@id\":\"https:\\\/\\\/www.demusculos.com\\\/web\\\/producto\\\/pasta-de-mani-con-sal-marina\\\/#primaryimage\"},\"thumbnailUrl\":\"https:\\\/\\\/www.demusculos.com\\\/web\\\/wp-content\\\/uploads\\\/2025\\\/11\\\/Pasta-de-Mani-con-Sal-Marina-x-370g-Entrenuts.webp\",\"datePublished\":\"2025-11-29T23:17:14+00:00\",\"dateModified\":\"2026-04-27T13:47:47+00:00\",\"description\":\"Crema de man\u00ed Entre Nuts con sal marina 370 g: prote\u00ednas, energ\u00eda natural y sabor intenso. Ideal para desayunos, meriendas y antes de entrenar.\",\"breadcrumb\":{\"@id\":\"https:\\\/\\\/www.demusculos.com\\\/web\\\/producto\\\/pasta-de-mani-con-sal-marina\\\/#breadcrumb\"},\"inLanguage\":\"es\",\"potentialAction\":[{\"@type\":\"ReadAction\",\"target\":[\"https:\\\/\\\/www.demusculos.com\\\/web\\\/producto\\\/pasta-de-mani-con-sal-marina\\\/\"]}]},{\"@type\":\"ImageObject\",\"inLanguage\":\"es\",\"@id\":\"https:\\\/\\\/www.demusculos.com\\\/web\\\/producto\\\/pasta-de-mani-con-sal-marina\\\/#primaryimage\",\"url\":\"https:\\\/\\\/www.demusculos.com\\\/web\\\/wp-content\\\/uploads\\\/2025\\\/11\\\/Pasta-de-Mani-con-Sal-Marina-x-370g-Entrenuts.webp\",\"contentUrl\":\"https:\\\/\\\/www.demusculos.com\\\/web\\\/wp-content\\\/uploads\\\/2025\\\/11\\\/Pasta-de-Mani-con-Sal-Marina-x-370g-Entrenuts.webp\",\"width\":1200,\"height\":1200,\"caption\":\"Crema de Man\u00ed con Sal Marina 370 grs\"},{\"@type\":\"BreadcrumbList\",\"@id\":\"https:\\\/\\\/www.demusculos.com\\\/web\\\/producto\\\/pasta-de-mani-con-sal-marina\\\/#breadcrumb\",\"itemListElement\":[{\"@type\":\"ListItem\",\"position\":1,\"name\":\"Inicio\",\"item\":\"https:\\\/\\\/www.demusculos.com\\\/web\\\/\"},{\"@type\":\"ListItem\",\"position\":2,\"name\":\"Suplementos\",\"item\":\"https:\\\/\\\/www.demusculos.com\\\/web\\\/tienda\\\/\"},{\"@type\":\"ListItem\",\"position\":3,\"name\":\"Pasta de Mani con Sal Marina x 370g &#8211; Entrenuts\"}]},{\"@type\":\"WebSite\",\"@id\":\"https:\\\/\\\/www.demusculos.com\\\/web\\\/#website\",\"url\":\"https:\\\/\\\/www.demusculos.com\\\/web\\\/\",\"name\":\"DeMusculos.com\",\"description\":\"Suplementos Naturales\",\"publisher\":{\"@id\":\"https:\\\/\\\/www.demusculos.com\\\/web\\\/#organization\"},\"alternateName\":\"Suplementos Naturales\",\"potentialAction\":[{\"@type\":\"SearchAction\",\"target\":{\"@type\":\"EntryPoint\",\"urlTemplate\":\"https:\\\/\\\/www.demusculos.com\\\/web\\\/?s={search_term_string}\"},\"query-input\":{\"@type\":\"PropertyValueSpecification\",\"valueRequired\":true,\"valueName\":\"search_term_string\"}}],\"inLanguage\":\"es\"},{\"@type\":\"Organization\",\"@id\":\"https:\\\/\\\/www.demusculos.com\\\/web\\\/#organization\",\"name\":\"DeMusculos.com\",\"alternateName\":\"DeMusculos\",\"url\":\"https:\\\/\\\/www.demusculos.com\\\/web\\\/\",\"logo\":{\"@type\":\"ImageObject\",\"inLanguage\":\"es\",\"@id\":\"https:\\\/\\\/www.demusculos.com\\\/web\\\/#\\\/schema\\\/logo\\\/image\\\/\",\"url\":\"https:\\\/\\\/www.demusculos.com\\\/web\\\/wp-content\\\/uploads\\\/2024\\\/02\\\/logo-demusculos-prestashop-usuario.png\",\"contentUrl\":\"https:\\\/\\\/www.demusculos.com\\\/web\\\/wp-content\\\/uploads\\\/2024\\\/02\\\/logo-demusculos-prestashop-usuario.png\",\"width\":150,\"height\":150,\"caption\":\"DeMusculos.com\"},\"image\":{\"@id\":\"https:\\\/\\\/www.demusculos.com\\\/web\\\/#\\\/schema\\\/logo\\\/image\\\/\"},\"sameAs\":[\"https:\\\/\\\/www.facebook.com\\\/demusculos\",\"https:\\\/\\\/x.com\\\/demusculos\",\"https:\\\/\\\/www.instagram.com\\\/demusculos\",\"https:\\\/\\\/www.tiktok.com\\\/@demusculos.com\"]}]}<\/script>\n<!-- \/ Yoast SEO plugin. -->","yoast_head_json":{"title":"Crema de Man\u00ed | 370 grs | Con Sal Marina | Entrenuts","description":"Crema de man\u00ed Entre Nuts con sal marina 370 g: prote\u00ednas, energ\u00eda natural y sabor intenso. Ideal para desayunos, meriendas y antes de entrenar.","robots":{"index":"index","follow":"follow","max-snippet":"max-snippet:-1","max-image-preview":"max-image-preview:large","max-video-preview":"max-video-preview:-1"},"canonical":"https:\/\/www.demusculos.com\/web\/producto\/pasta-de-mani-con-sal-marina\/","og_locale":"es_ES","og_type":"article","og_title":"Crema de Man\u00ed | 370 grs | Con Sal Marina | Entrenuts","og_description":"Crema de man\u00ed Entre Nuts con sal marina 370 g: prote\u00ednas, energ\u00eda natural y sabor intenso. Ideal para desayunos, meriendas y antes de entrenar.","og_url":"https:\/\/www.demusculos.com\/web\/producto\/pasta-de-mani-con-sal-marina\/","og_site_name":"DeMusculos","article_publisher":"https:\/\/www.facebook.com\/demusculos","article_modified_time":"2026-04-27T13:47:47+00:00","og_image":[{"width":1200,"height":1200,"url":"https:\/\/www.demusculos.com\/web\/wp-content\/uploads\/2025\/11\/Pasta-de-Mani-con-Sal-Marina-x-370g-Entrenuts.webp","type":"image\/webp"}],"twitter_card":"summary_large_image","twitter_site":"@demusculos","twitter_misc":{"Tiempo de lectura":"2 minutos"},"schema":{"@context":"https:\/\/schema.org","@graph":[{"@type":"WebPage","@id":"https:\/\/www.demusculos.com\/web\/producto\/pasta-de-mani-con-sal-marina\/","url":"https:\/\/www.demusculos.com\/web\/producto\/pasta-de-mani-con-sal-marina\/","name":"Crema de Man\u00ed | 370 grs | Con Sal Marina | Entrenuts","isPartOf":{"@id":"https:\/\/www.demusculos.com\/web\/#website"},"primaryImageOfPage":{"@id":"https:\/\/www.demusculos.com\/web\/producto\/pasta-de-mani-con-sal-marina\/#primaryimage"},"image":{"@id":"https:\/\/www.demusculos.com\/web\/producto\/pasta-de-mani-con-sal-marina\/#primaryimage"},"thumbnailUrl":"https:\/\/www.demusculos.com\/web\/wp-content\/uploads\/2025\/11\/Pasta-de-Mani-con-Sal-Marina-x-370g-Entrenuts.webp","datePublished":"2025-11-29T23:17:14+00:00","dateModified":"2026-04-27T13:47:47+00:00","description":"Crema de man\u00ed Entre Nuts con sal marina 370 g: prote\u00ednas, energ\u00eda natural y sabor intenso. Ideal para desayunos, meriendas y antes de entrenar.","breadcrumb":{"@id":"https:\/\/www.demusculos.com\/web\/producto\/pasta-de-mani-con-sal-marina\/#breadcrumb"},"inLanguage":"es","potentialAction":[{"@type":"ReadAction","target":["https:\/\/www.demusculos.com\/web\/producto\/pasta-de-mani-con-sal-marina\/"]}]},{"@type":"ImageObject","inLanguage":"es","@id":"https:\/\/www.demusculos.com\/web\/producto\/pasta-de-mani-con-sal-marina\/#primaryimage","url":"https:\/\/www.demusculos.com\/web\/wp-content\/uploads\/2025\/11\/Pasta-de-Mani-con-Sal-Marina-x-370g-Entrenuts.webp","contentUrl":"https:\/\/www.demusculos.com\/web\/wp-content\/uploads\/2025\/11\/Pasta-de-Mani-con-Sal-Marina-x-370g-Entrenuts.webp","width":1200,"height":1200,"caption":"Crema de Man\u00ed con Sal Marina 370 grs"},{"@type":"BreadcrumbList","@id":"https:\/\/www.demusculos.com\/web\/producto\/pasta-de-mani-con-sal-marina\/#breadcrumb","itemListElement":[{"@type":"ListItem","position":1,"name":"Inicio","item":"https:\/\/www.demusculos.com\/web\/"},{"@type":"ListItem","position":2,"name":"Suplementos","item":"https:\/\/www.demusculos.com\/web\/tienda\/"},{"@type":"ListItem","position":3,"name":"Pasta de Mani con Sal Marina x 370g &#8211; Entrenuts"}]},{"@type":"WebSite","@id":"https:\/\/www.demusculos.com\/web\/#website","url":"https:\/\/www.demusculos.com\/web\/","name":"DeMusculos.com","description":"Suplementos Naturales","publisher":{"@id":"https:\/\/www.demusculos.com\/web\/#organization"},"alternateName":"Suplementos Naturales","potentialAction":[{"@type":"SearchAction","target":{"@type":"EntryPoint","urlTemplate":"https:\/\/www.demusculos.com\/web\/?s={search_term_string}"},"query-input":{"@type":"PropertyValueSpecification","valueRequired":true,"valueName":"search_term_string"}}],"inLanguage":"es"},{"@type":"Organization","@id":"https:\/\/www.demusculos.com\/web\/#organization","name":"DeMusculos.com","alternateName":"DeMusculos","url":"https:\/\/www.demusculos.com\/web\/","logo":{"@type":"ImageObject","inLanguage":"es","@id":"https:\/\/www.demusculos.com\/web\/#\/schema\/logo\/image\/","url":"https:\/\/www.demusculos.com\/web\/wp-content\/uploads\/2024\/02\/logo-demusculos-prestashop-usuario.png","contentUrl":"https:\/\/www.demusculos.com\/web\/wp-content\/uploads\/2024\/02\/logo-demusculos-prestashop-usuario.png","width":150,"height":150,"caption":"DeMusculos.com"},"image":{"@id":"https:\/\/www.demusculos.com\/web\/#\/schema\/logo\/image\/"},"sameAs":["https:\/\/www.facebook.com\/demusculos","https:\/\/x.com\/demusculos","https:\/\/www.instagram.com\/demusculos","https:\/\/www.tiktok.com\/@demusculos.com"]}]}},"_links":{"self":[{"href":"https:\/\/www.demusculos.com\/web\/wp-json\/wp\/v2\/product\/16300","targetHints":{"allow":["GET"]}}],"collection":[{"href":"https:\/\/www.demusculos.com\/web\/wp-json\/wp\/v2\/product"}],"about":[{"href":"https:\/\/www.demusculos.com\/web\/wp-json\/wp\/v2\/types\/product"}],"replies":[{"embeddable":true,"href":"https:\/\/www.demusculos.com\/web\/wp-json\/wp\/v2\/comments?post=16300"}],"wp:featuredmedia":[{"embeddable":true,"href":"https:\/\/www.demusculos.com\/web\/wp-json\/wp\/v2\/media\/16301"}],"wp:attachment":[{"href":"https:\/\/www.demusculos.com\/web\/wp-json\/wp\/v2\/media?parent=16300"}],"wp:term":[{"taxonomy":"product_brand","embeddable":true,"href":"https:\/\/www.demusculos.com\/web\/wp-json\/wp\/v2\/product_brand?post=16300"},{"taxonomy":"product_cat","embeddable":true,"href":"https:\/\/www.demusculos.com\/web\/wp-json\/wp\/v2\/product_cat?post=16300"},{"taxonomy":"product_tag","embeddable":true,"href":"https:\/\/www.demusculos.com\/web\/wp-json\/wp\/v2\/product_tag?post=16300"}],"curies":[{"name":"wp","href":"https:\/\/api.w.org\/{rel}","templated":true}]}}