{"id":16370,"date":"2025-11-30T19:58:35","date_gmt":"2025-11-30T22:58:35","guid":{"rendered":"https:\/\/www.demusculos.com\/web\/?post_type=product&#038;p=16370"},"modified":"2026-04-27T13:40:46","modified_gmt":"2026-04-27T16:40:46","slug":"curcuma-molida","status":"publish","type":"product","link":"https:\/\/www.demusculos.com\/web\/producto\/curcuma-molida\/","title":{"rendered":"Curcuma molida x 50g &#8211; El Castillo"},"content":{"rendered":"<h2 data-start=\"206\" data-end=\"245\">C\u00farcuma Molida 50 g El Castillo<\/h2>\n<p data-start=\"246\" data-end=\"302\">Un superalimento natural para tu cocina y tu bienestar**<\/p>\n<p data-start=\"304\" data-end=\"618\">La <strong data-start=\"307\" data-end=\"337\">c\u00farcuma molida El Castillo<\/strong> es una especia pura, arom\u00e1tica y de alt\u00edsima calidad, conocida por su color dorado intenso y sus propiedades antioxidantes. Es un ingrediente tradicional en la cocina saludable, pero tambi\u00e9n es muy valorada por sus beneficios para la digesti\u00f3n, la inflamaci\u00f3n y el sistema inmune.<\/p>\n<p data-start=\"620\" data-end=\"825\">Con tan solo una cucharadita pod\u00e9s sumar sabor, color y un plus de bienestar a tus comidas diarias. Ideal para quienes buscan cocinar rico, natural y con alimentos que realmente aporten algo m\u00e1s que sabor.<\/p>\n<h2 data-start=\"832\" data-end=\"861\"><img fetchpriority=\"high\" decoding=\"async\" class=\"alignnone size-full wp-image-16375\" src=\"https:\/\/www.demusculos.com\/web\/wp-content\/uploads\/2025\/11\/Curcuma-molida-x-50g-El-Castillo-04.webp\" alt=\"C\u00farcuma El Castillo x50 grs\" width=\"1024\" height=\"1024\" srcset=\"https:\/\/www.demusculos.com\/web\/wp-content\/uploads\/2025\/11\/Curcuma-molida-x-50g-El-Castillo-04.webp 1024w, https:\/\/www.demusculos.com\/web\/wp-content\/uploads\/2025\/11\/Curcuma-molida-x-50g-El-Castillo-04-300x300.webp 300w, https:\/\/www.demusculos.com\/web\/wp-content\/uploads\/2025\/11\/Curcuma-molida-x-50g-El-Castillo-04-150x150.webp 150w, https:\/\/www.demusculos.com\/web\/wp-content\/uploads\/2025\/11\/Curcuma-molida-x-50g-El-Castillo-04-768x768.webp 768w, https:\/\/www.demusculos.com\/web\/wp-content\/uploads\/2025\/11\/Curcuma-molida-x-50g-El-Castillo-04-990x990.webp 990w, https:\/\/www.demusculos.com\/web\/wp-content\/uploads\/2025\/11\/Curcuma-molida-x-50g-El-Castillo-04-441x441.webp 441w, https:\/\/www.demusculos.com\/web\/wp-content\/uploads\/2025\/11\/Curcuma-molida-x-50g-El-Castillo-04-100x100.webp 100w, https:\/\/www.demusculos.com\/web\/wp-content\/uploads\/2025\/11\/Curcuma-molida-x-50g-El-Castillo-04-800x800.webp 800w\" sizes=\"(max-width: 1024px) 100vw, 1024px\" \/><\/h2>\n<h2 data-start=\"832\" data-end=\"861\"><strong data-start=\"835\" data-end=\"861\">Beneficios principales<\/strong><\/h2>\n<h3 data-start=\"863\" data-end=\"906\"><strong data-start=\"867\" data-end=\"904\">1. Poder antiinflamatorio natural<\/strong><\/h3>\n<p data-start=\"907\" data-end=\"1082\">La c\u00farcuma contiene <strong data-start=\"927\" data-end=\"940\">curcumina<\/strong>, un compuesto que ayuda a reducir inflamaci\u00f3n en articulaciones, m\u00fasculos y tejidos. Ideal para quienes entrenan o tienen molestias cr\u00f3nicas.<\/p>\n<h3 data-start=\"1084\" data-end=\"1116\"><strong data-start=\"1088\" data-end=\"1114\">2. Mejora la digesti\u00f3n<\/strong><\/h3>\n<p data-start=\"1117\" data-end=\"1244\">Favorece la producci\u00f3n de bilis y una mejor digesti\u00f3n de grasas, ayudando a evitar hinchaz\u00f3n, gases y pesadez despu\u00e9s de comer.<\/p>\n<h3 data-start=\"1246\" data-end=\"1280\"><strong data-start=\"1250\" data-end=\"1278\">3. Alta en antioxidantes<\/strong><\/h3>\n<p data-start=\"1281\" data-end=\"1384\">Protege las c\u00e9lulas del da\u00f1o oxidativo y contribuye al bienestar general, energ\u00eda y defensa del cuerpo.<\/p>\n<h3 data-start=\"1386\" data-end=\"1425\"><strong data-start=\"1390\" data-end=\"1423\">4. Refuerza el sistema inmune<\/strong><\/h3>\n<p data-start=\"1426\" data-end=\"1515\">Sus propiedades naturales ayudan al cuerpo a defenderse mejor frente a virus y bacterias.<\/p>\n<p data-start=\"1426\" data-end=\"1515\"><img decoding=\"async\" class=\"alignnone size-full wp-image-16374\" src=\"https:\/\/www.demusculos.com\/web\/wp-content\/uploads\/2025\/11\/Curcuma-molida-x-50g-El-Castillo-03.webp\" alt=\"C\u00farcuma El Castillo x50 grs\" width=\"1024\" height=\"1024\" srcset=\"https:\/\/www.demusculos.com\/web\/wp-content\/uploads\/2025\/11\/Curcuma-molida-x-50g-El-Castillo-03.webp 1024w, https:\/\/www.demusculos.com\/web\/wp-content\/uploads\/2025\/11\/Curcuma-molida-x-50g-El-Castillo-03-300x300.webp 300w, https:\/\/www.demusculos.com\/web\/wp-content\/uploads\/2025\/11\/Curcuma-molida-x-50g-El-Castillo-03-150x150.webp 150w, https:\/\/www.demusculos.com\/web\/wp-content\/uploads\/2025\/11\/Curcuma-molida-x-50g-El-Castillo-03-768x768.webp 768w, https:\/\/www.demusculos.com\/web\/wp-content\/uploads\/2025\/11\/Curcuma-molida-x-50g-El-Castillo-03-990x990.webp 990w, https:\/\/www.demusculos.com\/web\/wp-content\/uploads\/2025\/11\/Curcuma-molida-x-50g-El-Castillo-03-441x441.webp 441w, https:\/\/www.demusculos.com\/web\/wp-content\/uploads\/2025\/11\/Curcuma-molida-x-50g-El-Castillo-03-100x100.webp 100w, https:\/\/www.demusculos.com\/web\/wp-content\/uploads\/2025\/11\/Curcuma-molida-x-50g-El-Castillo-03-800x800.webp 800w\" sizes=\"(max-width: 1024px) 100vw, 1024px\" \/><\/p>\n<h3 data-start=\"1517\" data-end=\"1569\"><strong data-start=\"1521\" data-end=\"1567\">5. Sabor y color para todo tipo de recetas<\/strong><\/h3>\n<p data-start=\"1570\" data-end=\"1583\">Ideal para:<\/p>\n<ul data-start=\"1584\" data-end=\"1738\">\n<li data-start=\"1584\" data-end=\"1602\">\n<p data-start=\"1586\" data-end=\"1602\">Sopas y cremas<\/p>\n<\/li>\n<li data-start=\"1603\" data-end=\"1621\">\n<p data-start=\"1605\" data-end=\"1621\">Arroz y guisos<\/p>\n<\/li>\n<li data-start=\"1622\" data-end=\"1650\">\n<p data-start=\"1624\" data-end=\"1650\">Carnes, pollo o pescados<\/p>\n<\/li>\n<li data-start=\"1651\" data-end=\"1673\">\n<p data-start=\"1653\" data-end=\"1673\">Verduras salteadas<\/p>\n<\/li>\n<li data-start=\"1674\" data-end=\"1709\">\n<p data-start=\"1676\" data-end=\"1709\">Infusiones con jengibre y lim\u00f3n<\/p>\n<\/li>\n<li data-start=\"1710\" data-end=\"1738\">\n<p data-start=\"1712\" data-end=\"1738\">Leche dorada (golden milk)<\/p>\n<\/li>\n<\/ul>\n<h3 data-start=\"1740\" data-end=\"1781\"><strong data-start=\"1744\" data-end=\"1779\">6. Producto de calidad superior<\/strong><\/h3>\n<p data-start=\"1782\" data-end=\"1897\">El Castillo es una marca conocida por sus especias puras, arom\u00e1ticas y sin agregados innecesarios. Rinde much\u00edsimo.<\/p>\n<h2 data-start=\"1904\" data-end=\"1923\"><strong data-start=\"1907\" data-end=\"1923\">Presentaci\u00f3n<\/strong><\/h2>\n<ul data-start=\"1924\" data-end=\"2019\">\n<li data-start=\"1924\" data-end=\"1958\">\n<p data-start=\"1926\" data-end=\"1958\"><strong data-start=\"1926\" data-end=\"1956\">C\u00farcuma molida El Castillo<\/strong><\/p>\n<\/li>\n<li data-start=\"1959\" data-end=\"1971\">\n<p data-start=\"1961\" data-end=\"1971\"><strong data-start=\"1961\" data-end=\"1969\">50 g<\/strong><\/p>\n<\/li>\n<li data-start=\"1972\" data-end=\"2019\">\n<p data-start=\"1974\" data-end=\"2019\">Especia natural, arom\u00e1tica y s\u00faper vers\u00e1til<\/p>\n<\/li>\n<\/ul>\n<p data-start=\"2021\" data-end=\"2128\">Un condimento esencial para quienes buscan sumar sabor, color y beneficios reales a la alimentaci\u00f3n diaria.<\/p>\n","protected":false},"excerpt":{"rendered":"<p>La C\u00farcuma Molida El Castillo 50 g es una especia natural, arom\u00e1tica y rica en curcumina, con beneficios antiinflamatorios, antioxidantes y digestivos. Ideal para sumar sabor, color y bienestar a tus comidas diarias, desde sopas y guisos hasta infusiones saludables.<\/p>\n","protected":false},"featured_media":16371,"comment_status":"open","ping_status":"closed","template":"","meta":[],"product_brand":[388],"product_cat":[351],"product_tag":[390,389],"class_list":{"0":"post-16370","1":"product","2":"type-product","3":"status-publish","4":"has-post-thumbnail","6":"product_brand-el-castillo","7":"product_cat-supermercado","8":"product_tag-curcuma","9":"product_tag-el-castillo","11":"first","12":"instock","13":"sale","14":"shipping-taxable","15":"purchasable","16":"product-type-simple"},"yoast_head":"<!-- This site is optimized with the Yoast SEO plugin v27.5 - https:\/\/yoast.com\/product\/yoast-seo-wordpress\/ -->\n<title>Curcuma molida x 50g - El Castillo | DeMusculos<\/title>\n<meta name=\"description\" content=\"C\u00farcuma molida El Castillo 50 g: especia natural con propiedades antiinflamatorias, antioxidantes y digestivas. Ideal para cocinar sano y sumar bienestar diario.\" \/>\n<meta name=\"robots\" content=\"index, follow, max-snippet:-1, max-image-preview:large, max-video-preview:-1\" \/>\n<link rel=\"canonical\" href=\"https:\/\/www.demusculos.com\/web\/producto\/curcuma-molida\/\" \/>\n<meta property=\"og:locale\" content=\"es_ES\" \/>\n<meta property=\"og:type\" content=\"article\" \/>\n<meta property=\"og:title\" content=\"Curcuma molida x 50g - El Castillo | DeMusculos\" \/>\n<meta property=\"og:description\" content=\"C\u00farcuma molida El Castillo 50 g: especia natural con propiedades antiinflamatorias, antioxidantes y digestivas. Ideal para cocinar sano y sumar bienestar diario.\" \/>\n<meta property=\"og:url\" content=\"https:\/\/www.demusculos.com\/web\/producto\/curcuma-molida\/\" \/>\n<meta property=\"og:site_name\" content=\"DeMusculos\" \/>\n<meta property=\"article:publisher\" content=\"https:\/\/www.facebook.com\/demusculos\" \/>\n<meta property=\"article:modified_time\" content=\"2026-04-27T16:40:46+00:00\" \/>\n<meta property=\"og:image\" content=\"https:\/\/www.demusculos.com\/web\/wp-content\/uploads\/2025\/11\/Curcuma-molida-x-50g-El-Castillo.webp\" \/>\n\t<meta property=\"og:image:width\" content=\"1200\" \/>\n\t<meta property=\"og:image:height\" content=\"1200\" \/>\n\t<meta property=\"og:image:type\" content=\"image\/webp\" \/>\n<meta name=\"twitter:card\" content=\"summary_large_image\" \/>\n<meta name=\"twitter:site\" content=\"@demusculos\" \/>\n<meta name=\"twitter:label1\" content=\"Tiempo de lectura\" \/>\n\t<meta name=\"twitter:data1\" content=\"2 minutos\" \/>\n<script type=\"application\/ld+json\" class=\"yoast-schema-graph\">{\"@context\":\"https:\\\/\\\/schema.org\",\"@graph\":[{\"@type\":\"WebPage\",\"@id\":\"https:\\\/\\\/www.demusculos.com\\\/web\\\/producto\\\/curcuma-molida\\\/\",\"url\":\"https:\\\/\\\/www.demusculos.com\\\/web\\\/producto\\\/curcuma-molida\\\/\",\"name\":\"Curcuma molida x 50g - El Castillo | DeMusculos\",\"isPartOf\":{\"@id\":\"https:\\\/\\\/www.demusculos.com\\\/web\\\/#website\"},\"primaryImageOfPage\":{\"@id\":\"https:\\\/\\\/www.demusculos.com\\\/web\\\/producto\\\/curcuma-molida\\\/#primaryimage\"},\"image\":{\"@id\":\"https:\\\/\\\/www.demusculos.com\\\/web\\\/producto\\\/curcuma-molida\\\/#primaryimage\"},\"thumbnailUrl\":\"https:\\\/\\\/www.demusculos.com\\\/web\\\/wp-content\\\/uploads\\\/2025\\\/11\\\/Curcuma-molida-x-50g-El-Castillo.webp\",\"datePublished\":\"2025-11-30T22:58:35+00:00\",\"dateModified\":\"2026-04-27T16:40:46+00:00\",\"description\":\"C\u00farcuma molida El Castillo 50 g: especia natural con propiedades antiinflamatorias, antioxidantes y digestivas. Ideal para cocinar sano y sumar bienestar diario.\",\"breadcrumb\":{\"@id\":\"https:\\\/\\\/www.demusculos.com\\\/web\\\/producto\\\/curcuma-molida\\\/#breadcrumb\"},\"inLanguage\":\"es\",\"potentialAction\":[{\"@type\":\"ReadAction\",\"target\":[\"https:\\\/\\\/www.demusculos.com\\\/web\\\/producto\\\/curcuma-molida\\\/\"]}]},{\"@type\":\"ImageObject\",\"inLanguage\":\"es\",\"@id\":\"https:\\\/\\\/www.demusculos.com\\\/web\\\/producto\\\/curcuma-molida\\\/#primaryimage\",\"url\":\"https:\\\/\\\/www.demusculos.com\\\/web\\\/wp-content\\\/uploads\\\/2025\\\/11\\\/Curcuma-molida-x-50g-El-Castillo.webp\",\"contentUrl\":\"https:\\\/\\\/www.demusculos.com\\\/web\\\/wp-content\\\/uploads\\\/2025\\\/11\\\/Curcuma-molida-x-50g-El-Castillo.webp\",\"width\":1200,\"height\":1200,\"caption\":\"C\u00farcuma El Castillo x50 grs\"},{\"@type\":\"BreadcrumbList\",\"@id\":\"https:\\\/\\\/www.demusculos.com\\\/web\\\/producto\\\/curcuma-molida\\\/#breadcrumb\",\"itemListElement\":[{\"@type\":\"ListItem\",\"position\":1,\"name\":\"Inicio\",\"item\":\"https:\\\/\\\/www.demusculos.com\\\/web\\\/\"},{\"@type\":\"ListItem\",\"position\":2,\"name\":\"Suplementos\",\"item\":\"https:\\\/\\\/www.demusculos.com\\\/web\\\/tienda\\\/\"},{\"@type\":\"ListItem\",\"position\":3,\"name\":\"Curcuma molida x 50g &#8211; El Castillo\"}]},{\"@type\":\"WebSite\",\"@id\":\"https:\\\/\\\/www.demusculos.com\\\/web\\\/#website\",\"url\":\"https:\\\/\\\/www.demusculos.com\\\/web\\\/\",\"name\":\"DeMusculos.com\",\"description\":\"Suplementos Naturales\",\"publisher\":{\"@id\":\"https:\\\/\\\/www.demusculos.com\\\/web\\\/#organization\"},\"alternateName\":\"Suplementos Naturales\",\"potentialAction\":[{\"@type\":\"SearchAction\",\"target\":{\"@type\":\"EntryPoint\",\"urlTemplate\":\"https:\\\/\\\/www.demusculos.com\\\/web\\\/?s={search_term_string}\"},\"query-input\":{\"@type\":\"PropertyValueSpecification\",\"valueRequired\":true,\"valueName\":\"search_term_string\"}}],\"inLanguage\":\"es\"},{\"@type\":\"Organization\",\"@id\":\"https:\\\/\\\/www.demusculos.com\\\/web\\\/#organization\",\"name\":\"DeMusculos.com\",\"alternateName\":\"DeMusculos\",\"url\":\"https:\\\/\\\/www.demusculos.com\\\/web\\\/\",\"logo\":{\"@type\":\"ImageObject\",\"inLanguage\":\"es\",\"@id\":\"https:\\\/\\\/www.demusculos.com\\\/web\\\/#\\\/schema\\\/logo\\\/image\\\/\",\"url\":\"https:\\\/\\\/www.demusculos.com\\\/web\\\/wp-content\\\/uploads\\\/2024\\\/02\\\/logo-demusculos-prestashop-usuario.png\",\"contentUrl\":\"https:\\\/\\\/www.demusculos.com\\\/web\\\/wp-content\\\/uploads\\\/2024\\\/02\\\/logo-demusculos-prestashop-usuario.png\",\"width\":150,\"height\":150,\"caption\":\"DeMusculos.com\"},\"image\":{\"@id\":\"https:\\\/\\\/www.demusculos.com\\\/web\\\/#\\\/schema\\\/logo\\\/image\\\/\"},\"sameAs\":[\"https:\\\/\\\/www.facebook.com\\\/demusculos\",\"https:\\\/\\\/x.com\\\/demusculos\",\"https:\\\/\\\/www.instagram.com\\\/demusculos\",\"https:\\\/\\\/www.tiktok.com\\\/@demusculos.com\"]}]}<\/script>\n<!-- \/ Yoast SEO plugin. -->","yoast_head_json":{"title":"Curcuma molida x 50g - El Castillo | DeMusculos","description":"C\u00farcuma molida El Castillo 50 g: especia natural con propiedades antiinflamatorias, antioxidantes y digestivas. Ideal para cocinar sano y sumar bienestar diario.","robots":{"index":"index","follow":"follow","max-snippet":"max-snippet:-1","max-image-preview":"max-image-preview:large","max-video-preview":"max-video-preview:-1"},"canonical":"https:\/\/www.demusculos.com\/web\/producto\/curcuma-molida\/","og_locale":"es_ES","og_type":"article","og_title":"Curcuma molida x 50g - El Castillo | DeMusculos","og_description":"C\u00farcuma molida El Castillo 50 g: especia natural con propiedades antiinflamatorias, antioxidantes y digestivas. Ideal para cocinar sano y sumar bienestar diario.","og_url":"https:\/\/www.demusculos.com\/web\/producto\/curcuma-molida\/","og_site_name":"DeMusculos","article_publisher":"https:\/\/www.facebook.com\/demusculos","article_modified_time":"2026-04-27T16:40:46+00:00","og_image":[{"width":1200,"height":1200,"url":"https:\/\/www.demusculos.com\/web\/wp-content\/uploads\/2025\/11\/Curcuma-molida-x-50g-El-Castillo.webp","type":"image\/webp"}],"twitter_card":"summary_large_image","twitter_site":"@demusculos","twitter_misc":{"Tiempo de lectura":"2 minutos"},"schema":{"@context":"https:\/\/schema.org","@graph":[{"@type":"WebPage","@id":"https:\/\/www.demusculos.com\/web\/producto\/curcuma-molida\/","url":"https:\/\/www.demusculos.com\/web\/producto\/curcuma-molida\/","name":"Curcuma molida x 50g - El Castillo | DeMusculos","isPartOf":{"@id":"https:\/\/www.demusculos.com\/web\/#website"},"primaryImageOfPage":{"@id":"https:\/\/www.demusculos.com\/web\/producto\/curcuma-molida\/#primaryimage"},"image":{"@id":"https:\/\/www.demusculos.com\/web\/producto\/curcuma-molida\/#primaryimage"},"thumbnailUrl":"https:\/\/www.demusculos.com\/web\/wp-content\/uploads\/2025\/11\/Curcuma-molida-x-50g-El-Castillo.webp","datePublished":"2025-11-30T22:58:35+00:00","dateModified":"2026-04-27T16:40:46+00:00","description":"C\u00farcuma molida El Castillo 50 g: especia natural con propiedades antiinflamatorias, antioxidantes y digestivas. Ideal para cocinar sano y sumar bienestar diario.","breadcrumb":{"@id":"https:\/\/www.demusculos.com\/web\/producto\/curcuma-molida\/#breadcrumb"},"inLanguage":"es","potentialAction":[{"@type":"ReadAction","target":["https:\/\/www.demusculos.com\/web\/producto\/curcuma-molida\/"]}]},{"@type":"ImageObject","inLanguage":"es","@id":"https:\/\/www.demusculos.com\/web\/producto\/curcuma-molida\/#primaryimage","url":"https:\/\/www.demusculos.com\/web\/wp-content\/uploads\/2025\/11\/Curcuma-molida-x-50g-El-Castillo.webp","contentUrl":"https:\/\/www.demusculos.com\/web\/wp-content\/uploads\/2025\/11\/Curcuma-molida-x-50g-El-Castillo.webp","width":1200,"height":1200,"caption":"C\u00farcuma El Castillo x50 grs"},{"@type":"BreadcrumbList","@id":"https:\/\/www.demusculos.com\/web\/producto\/curcuma-molida\/#breadcrumb","itemListElement":[{"@type":"ListItem","position":1,"name":"Inicio","item":"https:\/\/www.demusculos.com\/web\/"},{"@type":"ListItem","position":2,"name":"Suplementos","item":"https:\/\/www.demusculos.com\/web\/tienda\/"},{"@type":"ListItem","position":3,"name":"Curcuma molida x 50g &#8211; El Castillo"}]},{"@type":"WebSite","@id":"https:\/\/www.demusculos.com\/web\/#website","url":"https:\/\/www.demusculos.com\/web\/","name":"DeMusculos.com","description":"Suplementos Naturales","publisher":{"@id":"https:\/\/www.demusculos.com\/web\/#organization"},"alternateName":"Suplementos Naturales","potentialAction":[{"@type":"SearchAction","target":{"@type":"EntryPoint","urlTemplate":"https:\/\/www.demusculos.com\/web\/?s={search_term_string}"},"query-input":{"@type":"PropertyValueSpecification","valueRequired":true,"valueName":"search_term_string"}}],"inLanguage":"es"},{"@type":"Organization","@id":"https:\/\/www.demusculos.com\/web\/#organization","name":"DeMusculos.com","alternateName":"DeMusculos","url":"https:\/\/www.demusculos.com\/web\/","logo":{"@type":"ImageObject","inLanguage":"es","@id":"https:\/\/www.demusculos.com\/web\/#\/schema\/logo\/image\/","url":"https:\/\/www.demusculos.com\/web\/wp-content\/uploads\/2024\/02\/logo-demusculos-prestashop-usuario.png","contentUrl":"https:\/\/www.demusculos.com\/web\/wp-content\/uploads\/2024\/02\/logo-demusculos-prestashop-usuario.png","width":150,"height":150,"caption":"DeMusculos.com"},"image":{"@id":"https:\/\/www.demusculos.com\/web\/#\/schema\/logo\/image\/"},"sameAs":["https:\/\/www.facebook.com\/demusculos","https:\/\/x.com\/demusculos","https:\/\/www.instagram.com\/demusculos","https:\/\/www.tiktok.com\/@demusculos.com"]}]}},"_links":{"self":[{"href":"https:\/\/www.demusculos.com\/web\/wp-json\/wp\/v2\/product\/16370","targetHints":{"allow":["GET"]}}],"collection":[{"href":"https:\/\/www.demusculos.com\/web\/wp-json\/wp\/v2\/product"}],"about":[{"href":"https:\/\/www.demusculos.com\/web\/wp-json\/wp\/v2\/types\/product"}],"replies":[{"embeddable":true,"href":"https:\/\/www.demusculos.com\/web\/wp-json\/wp\/v2\/comments?post=16370"}],"wp:featuredmedia":[{"embeddable":true,"href":"https:\/\/www.demusculos.com\/web\/wp-json\/wp\/v2\/media\/16371"}],"wp:attachment":[{"href":"https:\/\/www.demusculos.com\/web\/wp-json\/wp\/v2\/media?parent=16370"}],"wp:term":[{"taxonomy":"product_brand","embeddable":true,"href":"https:\/\/www.demusculos.com\/web\/wp-json\/wp\/v2\/product_brand?post=16370"},{"taxonomy":"product_cat","embeddable":true,"href":"https:\/\/www.demusculos.com\/web\/wp-json\/wp\/v2\/product_cat?post=16370"},{"taxonomy":"product_tag","embeddable":true,"href":"https:\/\/www.demusculos.com\/web\/wp-json\/wp\/v2\/product_tag?post=16370"}],"curies":[{"name":"wp","href":"https:\/\/api.w.org\/{rel}","templated":true}]}}