{"id":16731,"date":"2025-12-04T12:58:47","date_gmt":"2025-12-04T15:58:47","guid":{"rendered":"https:\/\/www.demusculos.com\/web\/?post_type=product&#038;p=16731"},"modified":"2026-04-27T10:47:30","modified_gmt":"2026-04-27T13:47:30","slug":"ajo-ahumado-organico","status":"publish","type":"product","link":"https:\/\/www.demusculos.com\/web\/producto\/ajo-ahumado-organico\/","title":{"rendered":"Ajo Ahumado Organico x 250g &#8211; Pampa Gourmet"},"content":{"rendered":"<p data-start=\"238\" data-end=\"303\">Sabor intenso, aroma ahumado y calidad premium para tus comidas**<\/p>\n<p data-start=\"305\" data-end=\"581\">El <strong data-start=\"308\" data-end=\"346\">Ajo Ahumado Org\u00e1nico Pampa Gourmet<\/strong> es una verdadera joya para la cocina. Elaborado a partir de ajo org\u00e1nico cuidadosamente deshidratado y ahumado de manera artesanal, ofrece un sabor profundo, dulce y levemente tostado que transforma cualquier plato con solo una pizca.<\/p>\n<p data-start=\"583\" data-end=\"887\">Este producto combina la potencia cl\u00e1sica del ajo con un perfil ahumado que recuerda a la parrilla, logrando un condimento gourmet, natural y sin qu\u00edmicos. Es ideal para quienes buscan elevar el sabor de sus recetas sin complicarse, sumando aroma, intensidad y un toque distintivo que hace la diferencia.<\/p>\n<p data-start=\"889\" data-end=\"1119\">Va perfecto con carnes, pastas, vegetales, papas, salsas, aderezos, marinadas y panes caseros. El ajo ahumado resalta sabores, aporta profundidad y permite cocinar platos de estilo gourmet incluso en preparaciones r\u00e1pidas del d\u00eda.<\/p>\n<p data-start=\"1121\" data-end=\"1226\">Adem\u00e1s, al ser org\u00e1nico, garantiza un producto m\u00e1s limpio, con mejor perfil nutricional y sin pesticidas.<\/p>\n","protected":false},"excerpt":{"rendered":"<p>El Ajo Ahumado Org\u00e1nico Pampa Gourmet 250 g ofrece un sabor intenso y ahumado, perfecto para carnes, pastas, salsas y vegetales. Natural y gourmet, realza cualquier plato con aroma y profundidad.<\/p>\n","protected":false},"featured_media":16732,"comment_status":"open","ping_status":"closed","template":"","meta":[],"product_brand":[401],"product_cat":[351],"product_tag":[429,402],"class_list":{"0":"post-16731","1":"product","2":"type-product","3":"status-publish","4":"has-post-thumbnail","6":"product_brand-pampa-gourmet","7":"product_cat-supermercado","8":"product_tag-ajo","9":"product_tag-pampa-gourmet","11":"first","12":"instock","13":"sale","14":"shipping-taxable","15":"purchasable","16":"product-type-simple"},"yoast_head":"<!-- This site is optimized with the Yoast SEO plugin v27.5 - https:\/\/yoast.com\/product\/yoast-seo-wordpress\/ -->\n<title>Ajo Ahumado Organico x 250g - Pampa Gourmet | DeMusculos<\/title>\n<meta name=\"description\" content=\"Ajo ahumado org\u00e1nico Pampa Gourmet 250 g: sabor intenso y natural con toque ahumado. Ideal para carnes, pastas, vegetales y recetas gourmet.\" \/>\n<meta name=\"robots\" content=\"index, follow, max-snippet:-1, max-image-preview:large, max-video-preview:-1\" \/>\n<link rel=\"canonical\" href=\"https:\/\/www.demusculos.com\/web\/producto\/ajo-ahumado-organico\/\" \/>\n<meta property=\"og:locale\" content=\"es_ES\" \/>\n<meta property=\"og:type\" content=\"article\" \/>\n<meta property=\"og:title\" content=\"Ajo Ahumado Organico x 250g - Pampa Gourmet | DeMusculos\" \/>\n<meta property=\"og:description\" content=\"Ajo ahumado org\u00e1nico Pampa Gourmet 250 g: sabor intenso y natural con toque ahumado. Ideal para carnes, pastas, vegetales y recetas gourmet.\" \/>\n<meta property=\"og:url\" content=\"https:\/\/www.demusculos.com\/web\/producto\/ajo-ahumado-organico\/\" \/>\n<meta property=\"og:site_name\" content=\"DeMusculos\" \/>\n<meta property=\"article:publisher\" content=\"https:\/\/www.facebook.com\/demusculos\" \/>\n<meta property=\"article:modified_time\" content=\"2026-04-27T13:47:30+00:00\" \/>\n<meta property=\"og:image\" content=\"https:\/\/www.demusculos.com\/web\/wp-content\/uploads\/2025\/12\/Ajo-Ahumado-Organico-x-250g-Pampa-Gourmet.webp\" \/>\n\t<meta property=\"og:image:width\" content=\"1200\" \/>\n\t<meta property=\"og:image:height\" content=\"1200\" \/>\n\t<meta property=\"og:image:type\" content=\"image\/webp\" \/>\n<meta name=\"twitter:card\" content=\"summary_large_image\" \/>\n<meta name=\"twitter:site\" content=\"@demusculos\" \/>\n<meta name=\"twitter:label1\" content=\"Tiempo de lectura\" \/>\n\t<meta name=\"twitter:data1\" content=\"1 minuto\" \/>\n<script type=\"application\/ld+json\" class=\"yoast-schema-graph\">{\"@context\":\"https:\\\/\\\/schema.org\",\"@graph\":[{\"@type\":\"WebPage\",\"@id\":\"https:\\\/\\\/www.demusculos.com\\\/web\\\/producto\\\/ajo-ahumado-organico\\\/\",\"url\":\"https:\\\/\\\/www.demusculos.com\\\/web\\\/producto\\\/ajo-ahumado-organico\\\/\",\"name\":\"Ajo Ahumado Organico x 250g - Pampa Gourmet | DeMusculos\",\"isPartOf\":{\"@id\":\"https:\\\/\\\/www.demusculos.com\\\/web\\\/#website\"},\"primaryImageOfPage\":{\"@id\":\"https:\\\/\\\/www.demusculos.com\\\/web\\\/producto\\\/ajo-ahumado-organico\\\/#primaryimage\"},\"image\":{\"@id\":\"https:\\\/\\\/www.demusculos.com\\\/web\\\/producto\\\/ajo-ahumado-organico\\\/#primaryimage\"},\"thumbnailUrl\":\"https:\\\/\\\/www.demusculos.com\\\/web\\\/wp-content\\\/uploads\\\/2025\\\/12\\\/Ajo-Ahumado-Organico-x-250g-Pampa-Gourmet.webp\",\"datePublished\":\"2025-12-04T15:58:47+00:00\",\"dateModified\":\"2026-04-27T13:47:30+00:00\",\"description\":\"Ajo ahumado org\u00e1nico Pampa Gourmet 250 g: sabor intenso y natural con toque ahumado. Ideal para carnes, pastas, vegetales y recetas gourmet.\",\"breadcrumb\":{\"@id\":\"https:\\\/\\\/www.demusculos.com\\\/web\\\/producto\\\/ajo-ahumado-organico\\\/#breadcrumb\"},\"inLanguage\":\"es\",\"potentialAction\":[{\"@type\":\"ReadAction\",\"target\":[\"https:\\\/\\\/www.demusculos.com\\\/web\\\/producto\\\/ajo-ahumado-organico\\\/\"]}]},{\"@type\":\"ImageObject\",\"inLanguage\":\"es\",\"@id\":\"https:\\\/\\\/www.demusculos.com\\\/web\\\/producto\\\/ajo-ahumado-organico\\\/#primaryimage\",\"url\":\"https:\\\/\\\/www.demusculos.com\\\/web\\\/wp-content\\\/uploads\\\/2025\\\/12\\\/Ajo-Ahumado-Organico-x-250g-Pampa-Gourmet.webp\",\"contentUrl\":\"https:\\\/\\\/www.demusculos.com\\\/web\\\/wp-content\\\/uploads\\\/2025\\\/12\\\/Ajo-Ahumado-Organico-x-250g-Pampa-Gourmet.webp\",\"width\":1200,\"height\":1200,\"caption\":\"Ajo Ahumado Organico x 250g - Pampa Gourmet\"},{\"@type\":\"BreadcrumbList\",\"@id\":\"https:\\\/\\\/www.demusculos.com\\\/web\\\/producto\\\/ajo-ahumado-organico\\\/#breadcrumb\",\"itemListElement\":[{\"@type\":\"ListItem\",\"position\":1,\"name\":\"Inicio\",\"item\":\"https:\\\/\\\/www.demusculos.com\\\/web\\\/\"},{\"@type\":\"ListItem\",\"position\":2,\"name\":\"Suplementos\",\"item\":\"https:\\\/\\\/www.demusculos.com\\\/web\\\/tienda\\\/\"},{\"@type\":\"ListItem\",\"position\":3,\"name\":\"Ajo Ahumado Organico x 250g &#8211; Pampa Gourmet\"}]},{\"@type\":\"WebSite\",\"@id\":\"https:\\\/\\\/www.demusculos.com\\\/web\\\/#website\",\"url\":\"https:\\\/\\\/www.demusculos.com\\\/web\\\/\",\"name\":\"DeMusculos.com\",\"description\":\"Suplementos Naturales\",\"publisher\":{\"@id\":\"https:\\\/\\\/www.demusculos.com\\\/web\\\/#organization\"},\"alternateName\":\"Suplementos Naturales\",\"potentialAction\":[{\"@type\":\"SearchAction\",\"target\":{\"@type\":\"EntryPoint\",\"urlTemplate\":\"https:\\\/\\\/www.demusculos.com\\\/web\\\/?s={search_term_string}\"},\"query-input\":{\"@type\":\"PropertyValueSpecification\",\"valueRequired\":true,\"valueName\":\"search_term_string\"}}],\"inLanguage\":\"es\"},{\"@type\":\"Organization\",\"@id\":\"https:\\\/\\\/www.demusculos.com\\\/web\\\/#organization\",\"name\":\"DeMusculos.com\",\"alternateName\":\"DeMusculos\",\"url\":\"https:\\\/\\\/www.demusculos.com\\\/web\\\/\",\"logo\":{\"@type\":\"ImageObject\",\"inLanguage\":\"es\",\"@id\":\"https:\\\/\\\/www.demusculos.com\\\/web\\\/#\\\/schema\\\/logo\\\/image\\\/\",\"url\":\"https:\\\/\\\/www.demusculos.com\\\/web\\\/wp-content\\\/uploads\\\/2024\\\/02\\\/logo-demusculos-prestashop-usuario.png\",\"contentUrl\":\"https:\\\/\\\/www.demusculos.com\\\/web\\\/wp-content\\\/uploads\\\/2024\\\/02\\\/logo-demusculos-prestashop-usuario.png\",\"width\":150,\"height\":150,\"caption\":\"DeMusculos.com\"},\"image\":{\"@id\":\"https:\\\/\\\/www.demusculos.com\\\/web\\\/#\\\/schema\\\/logo\\\/image\\\/\"},\"sameAs\":[\"https:\\\/\\\/www.facebook.com\\\/demusculos\",\"https:\\\/\\\/x.com\\\/demusculos\",\"https:\\\/\\\/www.instagram.com\\\/demusculos\",\"https:\\\/\\\/www.tiktok.com\\\/@demusculos.com\"]}]}<\/script>\n<!-- \/ Yoast SEO plugin. -->","yoast_head_json":{"title":"Ajo Ahumado Organico x 250g - Pampa Gourmet | DeMusculos","description":"Ajo ahumado org\u00e1nico Pampa Gourmet 250 g: sabor intenso y natural con toque ahumado. Ideal para carnes, pastas, vegetales y recetas gourmet.","robots":{"index":"index","follow":"follow","max-snippet":"max-snippet:-1","max-image-preview":"max-image-preview:large","max-video-preview":"max-video-preview:-1"},"canonical":"https:\/\/www.demusculos.com\/web\/producto\/ajo-ahumado-organico\/","og_locale":"es_ES","og_type":"article","og_title":"Ajo Ahumado Organico x 250g - Pampa Gourmet | DeMusculos","og_description":"Ajo ahumado org\u00e1nico Pampa Gourmet 250 g: sabor intenso y natural con toque ahumado. Ideal para carnes, pastas, vegetales y recetas gourmet.","og_url":"https:\/\/www.demusculos.com\/web\/producto\/ajo-ahumado-organico\/","og_site_name":"DeMusculos","article_publisher":"https:\/\/www.facebook.com\/demusculos","article_modified_time":"2026-04-27T13:47:30+00:00","og_image":[{"width":1200,"height":1200,"url":"https:\/\/www.demusculos.com\/web\/wp-content\/uploads\/2025\/12\/Ajo-Ahumado-Organico-x-250g-Pampa-Gourmet.webp","type":"image\/webp"}],"twitter_card":"summary_large_image","twitter_site":"@demusculos","twitter_misc":{"Tiempo de lectura":"1 minuto"},"schema":{"@context":"https:\/\/schema.org","@graph":[{"@type":"WebPage","@id":"https:\/\/www.demusculos.com\/web\/producto\/ajo-ahumado-organico\/","url":"https:\/\/www.demusculos.com\/web\/producto\/ajo-ahumado-organico\/","name":"Ajo Ahumado Organico x 250g - Pampa Gourmet | DeMusculos","isPartOf":{"@id":"https:\/\/www.demusculos.com\/web\/#website"},"primaryImageOfPage":{"@id":"https:\/\/www.demusculos.com\/web\/producto\/ajo-ahumado-organico\/#primaryimage"},"image":{"@id":"https:\/\/www.demusculos.com\/web\/producto\/ajo-ahumado-organico\/#primaryimage"},"thumbnailUrl":"https:\/\/www.demusculos.com\/web\/wp-content\/uploads\/2025\/12\/Ajo-Ahumado-Organico-x-250g-Pampa-Gourmet.webp","datePublished":"2025-12-04T15:58:47+00:00","dateModified":"2026-04-27T13:47:30+00:00","description":"Ajo ahumado org\u00e1nico Pampa Gourmet 250 g: sabor intenso y natural con toque ahumado. Ideal para carnes, pastas, vegetales y recetas gourmet.","breadcrumb":{"@id":"https:\/\/www.demusculos.com\/web\/producto\/ajo-ahumado-organico\/#breadcrumb"},"inLanguage":"es","potentialAction":[{"@type":"ReadAction","target":["https:\/\/www.demusculos.com\/web\/producto\/ajo-ahumado-organico\/"]}]},{"@type":"ImageObject","inLanguage":"es","@id":"https:\/\/www.demusculos.com\/web\/producto\/ajo-ahumado-organico\/#primaryimage","url":"https:\/\/www.demusculos.com\/web\/wp-content\/uploads\/2025\/12\/Ajo-Ahumado-Organico-x-250g-Pampa-Gourmet.webp","contentUrl":"https:\/\/www.demusculos.com\/web\/wp-content\/uploads\/2025\/12\/Ajo-Ahumado-Organico-x-250g-Pampa-Gourmet.webp","width":1200,"height":1200,"caption":"Ajo Ahumado Organico x 250g - Pampa Gourmet"},{"@type":"BreadcrumbList","@id":"https:\/\/www.demusculos.com\/web\/producto\/ajo-ahumado-organico\/#breadcrumb","itemListElement":[{"@type":"ListItem","position":1,"name":"Inicio","item":"https:\/\/www.demusculos.com\/web\/"},{"@type":"ListItem","position":2,"name":"Suplementos","item":"https:\/\/www.demusculos.com\/web\/tienda\/"},{"@type":"ListItem","position":3,"name":"Ajo Ahumado Organico x 250g &#8211; Pampa Gourmet"}]},{"@type":"WebSite","@id":"https:\/\/www.demusculos.com\/web\/#website","url":"https:\/\/www.demusculos.com\/web\/","name":"DeMusculos.com","description":"Suplementos Naturales","publisher":{"@id":"https:\/\/www.demusculos.com\/web\/#organization"},"alternateName":"Suplementos Naturales","potentialAction":[{"@type":"SearchAction","target":{"@type":"EntryPoint","urlTemplate":"https:\/\/www.demusculos.com\/web\/?s={search_term_string}"},"query-input":{"@type":"PropertyValueSpecification","valueRequired":true,"valueName":"search_term_string"}}],"inLanguage":"es"},{"@type":"Organization","@id":"https:\/\/www.demusculos.com\/web\/#organization","name":"DeMusculos.com","alternateName":"DeMusculos","url":"https:\/\/www.demusculos.com\/web\/","logo":{"@type":"ImageObject","inLanguage":"es","@id":"https:\/\/www.demusculos.com\/web\/#\/schema\/logo\/image\/","url":"https:\/\/www.demusculos.com\/web\/wp-content\/uploads\/2024\/02\/logo-demusculos-prestashop-usuario.png","contentUrl":"https:\/\/www.demusculos.com\/web\/wp-content\/uploads\/2024\/02\/logo-demusculos-prestashop-usuario.png","width":150,"height":150,"caption":"DeMusculos.com"},"image":{"@id":"https:\/\/www.demusculos.com\/web\/#\/schema\/logo\/image\/"},"sameAs":["https:\/\/www.facebook.com\/demusculos","https:\/\/x.com\/demusculos","https:\/\/www.instagram.com\/demusculos","https:\/\/www.tiktok.com\/@demusculos.com"]}]}},"_links":{"self":[{"href":"https:\/\/www.demusculos.com\/web\/wp-json\/wp\/v2\/product\/16731","targetHints":{"allow":["GET"]}}],"collection":[{"href":"https:\/\/www.demusculos.com\/web\/wp-json\/wp\/v2\/product"}],"about":[{"href":"https:\/\/www.demusculos.com\/web\/wp-json\/wp\/v2\/types\/product"}],"replies":[{"embeddable":true,"href":"https:\/\/www.demusculos.com\/web\/wp-json\/wp\/v2\/comments?post=16731"}],"wp:featuredmedia":[{"embeddable":true,"href":"https:\/\/www.demusculos.com\/web\/wp-json\/wp\/v2\/media\/16732"}],"wp:attachment":[{"href":"https:\/\/www.demusculos.com\/web\/wp-json\/wp\/v2\/media?parent=16731"}],"wp:term":[{"taxonomy":"product_brand","embeddable":true,"href":"https:\/\/www.demusculos.com\/web\/wp-json\/wp\/v2\/product_brand?post=16731"},{"taxonomy":"product_cat","embeddable":true,"href":"https:\/\/www.demusculos.com\/web\/wp-json\/wp\/v2\/product_cat?post=16731"},{"taxonomy":"product_tag","embeddable":true,"href":"https:\/\/www.demusculos.com\/web\/wp-json\/wp\/v2\/product_tag?post=16731"}],"curies":[{"name":"wp","href":"https:\/\/api.w.org\/{rel}","templated":true}]}}