{"id":1798,"date":"2024-03-05T11:28:50","date_gmt":"2024-03-05T14:28:50","guid":{"rendered":"https:\/\/www.demusculos.com\/web\/?post_type=product&#038;p=1798"},"modified":"2026-02-25T07:11:03","modified_gmt":"2026-02-25T10:11:03","slug":"vitamina-c-de-ena-sport-x30","status":"publish","type":"product","link":"https:\/\/www.demusculos.com\/web\/producto\/vitamina-c-de-ena-sport-x30\/","title":{"rendered":"Vitamina C de Ena Sport x30"},"content":{"rendered":"<h2>Vitamina C<\/h2>\n<p>Vitamina C es ideal para fortalecer el sistema inmune, mejorar la salud ocular y mental. Tambi\u00e9n es considerada un poderoso antioxidante natural.<\/p>\n<figure id=\"attachment_151\" aria-describedby=\"caption-attachment-151\" style=\"width: 446px\" class=\"wp-caption alignnone\"><img decoding=\"async\" class=\"size-full wp-image-151\" src=\"https:\/\/www.demusculos.com\/web\/wp-content\/uploads\/2024\/02\/logo-ena-sport.png\" alt=\"Suplementos naturales Ena Sport. Empresa de nutricion Argentina.\" width=\"446\" height=\"103\" srcset=\"https:\/\/www.demusculos.com\/web\/wp-content\/uploads\/2024\/02\/logo-ena-sport.png 446w, https:\/\/www.demusculos.com\/web\/wp-content\/uploads\/2024\/02\/logo-ena-sport-300x69.png 300w, https:\/\/www.demusculos.com\/web\/wp-content\/uploads\/2024\/02\/logo-ena-sport-150x35.png 150w, https:\/\/www.demusculos.com\/web\/wp-content\/uploads\/2024\/02\/logo-ena-sport-416x96.png 416w\" sizes=\"(max-width: 446px) 100vw, 446px\" \/><figcaption id=\"caption-attachment-151\" class=\"wp-caption-text\">Este producto es fabricado por ENA SPORT (Empresa de Nutrici\u00f3n Argentina). Es una de las empresas pioneras en el rubro.<\/figcaption><\/figure>\n<figure id=\"attachment_6753\" aria-describedby=\"caption-attachment-6753\" style=\"width: 1080px\" class=\"wp-caption alignnone\"><img fetchpriority=\"high\" decoding=\"async\" class=\"size-full wp-image-6753\" src=\"https:\/\/www.demusculos.com\/web\/wp-content\/uploads\/2024\/03\/vitamina-c-ena-natuliv-1.jpg\" alt=\"Vitamina C x 30 comprimidos Natuliv Ena sport\" width=\"1080\" height=\"1080\" srcset=\"https:\/\/www.demusculos.com\/web\/wp-content\/uploads\/2024\/03\/vitamina-c-ena-natuliv-1.jpg 1080w, https:\/\/www.demusculos.com\/web\/wp-content\/uploads\/2024\/03\/vitamina-c-ena-natuliv-1-300x300.jpg 300w, https:\/\/www.demusculos.com\/web\/wp-content\/uploads\/2024\/03\/vitamina-c-ena-natuliv-1-150x150.jpg 150w, https:\/\/www.demusculos.com\/web\/wp-content\/uploads\/2024\/03\/vitamina-c-ena-natuliv-1-800x800.jpg 800w, https:\/\/www.demusculos.com\/web\/wp-content\/uploads\/2024\/03\/vitamina-c-ena-natuliv-1-1024x1024.jpg 1024w, https:\/\/www.demusculos.com\/web\/wp-content\/uploads\/2024\/03\/vitamina-c-ena-natuliv-1-768x768.jpg 768w\" sizes=\"(max-width: 1080px) 100vw, 1080px\" \/><figcaption id=\"caption-attachment-6753\" class=\"wp-caption-text\">Presentaci\u00f3n<\/figcaption><\/figure>\n<h2>1.\u00a0<strong>Fortalece el Sistema Inmunol\u00f3gico<\/strong><\/h2>\n<p>Es esencial para mantener un sistema inmunol\u00f3gico fuerte. Ayuda a producir gl\u00f3bulos blancos y protege contra infecciones y enfermedades.<\/p>\n<h2>2. La Vitamina C y su <strong>acci\u00f3n Antioxidante<\/strong><\/h2>\n<p>Act\u00faa como antioxidante, protegiendo las c\u00e9lulas del da\u00f1o causado por los radicales libres. Estos radicales libres pueden estar relacionados con enfermedades card\u00edacas, c\u00e1ncer y otras afecciones.<\/p>\n<h2>3.\u00a0<strong>Mejora la Absorci\u00f3n de Hierro<\/strong><\/h2>\n<p>Facilita la absorci\u00f3n de hierro no hemo (de fuentes vegetales) en el intestino. Esto es especialmente importante para personas con dietas vegetarianas o veganas.<\/p>\n<h2>4.\u00a0<strong>Promueve la Formaci\u00f3n de Col\u00e1geno<\/strong><\/h2>\n<p>El col\u00e1geno es crucial para la salud de la piel, los vasos sangu\u00edneos, los huesos y los cart\u00edlagos.\u00a0La vitamina C contribuye a su s\u00edntesis.<\/p>\n<h2>5. La vitamina C <strong>ayuda en la Cicatrizaci\u00f3n de Heridas<\/strong><\/h2>\n<p>Es necesaria para la formaci\u00f3n de tejido conectivo y la curaci\u00f3n de heridas. Tambi\u00e9n mejora la resistencia de los capilares sangu\u00edneos.<\/p>\n<h2>6.\u00a0<strong>Protege contra el Escorbuto<\/strong><\/h2>\n<p>La deficiencia grave esta vitamina puede causar escorbuto, una enfermedad caracterizada por anemia, sangrado de las enc\u00edas y mala cicatrizaci\u00f3n de heridas.<\/p>\n<h2>7.\u00a0<strong>Posible Reducci\u00f3n del Riesgo de Ciertos C\u00e1nceres<\/strong><\/h2>\n<p>Aunque no est\u00e1 completamente demostrado, una dieta rica esta vitamina podr\u00eda ayudar a reducir el riesgo de c\u00e1ncer de mama, colon y pulm\u00f3n.<\/p>\n<h2>8.\u00a0<strong>Apoyo a la Salud Ocular<\/strong><\/h2>\n<p>Esta vitamina, junto con otros nutrientes, puede prevenir el empeoramiento de la degeneraci\u00f3n macular asociada a la edad (DMAE).<\/p>\n<p>Recuerda que la cantidad diaria recomendada de vitamina C es de\u00a0<strong>90 mg para hombres adultos<\/strong>\u00a0y\u00a0<strong>75 mg para mujeres adultas<\/strong>. \u00a1Incluye alimentos ricos en vitamina C en tu dieta para aprovechar estos beneficios!<\/p>\n<figure id=\"attachment_6754\" aria-describedby=\"caption-attachment-6754\" style=\"width: 1080px\" class=\"wp-caption alignnone\"><img decoding=\"async\" class=\"size-full wp-image-6754\" src=\"https:\/\/www.demusculos.com\/web\/wp-content\/uploads\/2024\/03\/vitamina-c-ena-natuliv-2.jpg\" alt=\"Vitamina C x 30 comprimidos Natuliv Ena sport\" width=\"1080\" height=\"1080\" srcset=\"https:\/\/www.demusculos.com\/web\/wp-content\/uploads\/2024\/03\/vitamina-c-ena-natuliv-2.jpg 1080w, https:\/\/www.demusculos.com\/web\/wp-content\/uploads\/2024\/03\/vitamina-c-ena-natuliv-2-300x300.jpg 300w, https:\/\/www.demusculos.com\/web\/wp-content\/uploads\/2024\/03\/vitamina-c-ena-natuliv-2-150x150.jpg 150w, https:\/\/www.demusculos.com\/web\/wp-content\/uploads\/2024\/03\/vitamina-c-ena-natuliv-2-800x800.jpg 800w, https:\/\/www.demusculos.com\/web\/wp-content\/uploads\/2024\/03\/vitamina-c-ena-natuliv-2-1024x1024.jpg 1024w, https:\/\/www.demusculos.com\/web\/wp-content\/uploads\/2024\/03\/vitamina-c-ena-natuliv-2-768x768.jpg 768w\" sizes=\"(max-width: 1080px) 100vw, 1080px\" \/><figcaption id=\"caption-attachment-6754\" class=\"wp-caption-text\">Beneficios<\/figcaption><\/figure>\n<figure id=\"attachment_6755\" aria-describedby=\"caption-attachment-6755\" style=\"width: 1080px\" class=\"wp-caption alignnone\"><img loading=\"lazy\" decoding=\"async\" class=\"size-full wp-image-6755\" src=\"https:\/\/www.demusculos.com\/web\/wp-content\/uploads\/2024\/03\/vitamina-c-ena-natuliv-3.jpg\" alt=\"Vitamina C x 30 comprimidos Natuliv Ena sport\" width=\"1080\" height=\"1080\" srcset=\"https:\/\/www.demusculos.com\/web\/wp-content\/uploads\/2024\/03\/vitamina-c-ena-natuliv-3.jpg 1080w, https:\/\/www.demusculos.com\/web\/wp-content\/uploads\/2024\/03\/vitamina-c-ena-natuliv-3-300x300.jpg 300w, https:\/\/www.demusculos.com\/web\/wp-content\/uploads\/2024\/03\/vitamina-c-ena-natuliv-3-150x150.jpg 150w, https:\/\/www.demusculos.com\/web\/wp-content\/uploads\/2024\/03\/vitamina-c-ena-natuliv-3-800x800.jpg 800w, https:\/\/www.demusculos.com\/web\/wp-content\/uploads\/2024\/03\/vitamina-c-ena-natuliv-3-1024x1024.jpg 1024w, https:\/\/www.demusculos.com\/web\/wp-content\/uploads\/2024\/03\/vitamina-c-ena-natuliv-3-768x768.jpg 768w\" sizes=\"(max-width: 1080px) 100vw, 1080px\" \/><figcaption id=\"caption-attachment-6755\" class=\"wp-caption-text\">Informaci\u00f3n Nutricional<\/figcaption><\/figure>\n<figure id=\"attachment_6756\" aria-describedby=\"caption-attachment-6756\" style=\"width: 1080px\" class=\"wp-caption alignnone\"><img loading=\"lazy\" decoding=\"async\" class=\"size-full wp-image-6756\" src=\"https:\/\/www.demusculos.com\/web\/wp-content\/uploads\/2024\/03\/vitamina-c-ena-natuliv-4.jpg\" alt=\"Vitamina C x 30 comprimidos Natuliv Ena sport\" width=\"1080\" height=\"1080\" srcset=\"https:\/\/www.demusculos.com\/web\/wp-content\/uploads\/2024\/03\/vitamina-c-ena-natuliv-4.jpg 1080w, https:\/\/www.demusculos.com\/web\/wp-content\/uploads\/2024\/03\/vitamina-c-ena-natuliv-4-300x300.jpg 300w, https:\/\/www.demusculos.com\/web\/wp-content\/uploads\/2024\/03\/vitamina-c-ena-natuliv-4-150x150.jpg 150w, https:\/\/www.demusculos.com\/web\/wp-content\/uploads\/2024\/03\/vitamina-c-ena-natuliv-4-800x800.jpg 800w, https:\/\/www.demusculos.com\/web\/wp-content\/uploads\/2024\/03\/vitamina-c-ena-natuliv-4-1024x1024.jpg 1024w, https:\/\/www.demusculos.com\/web\/wp-content\/uploads\/2024\/03\/vitamina-c-ena-natuliv-4-768x768.jpg 768w\" sizes=\"(max-width: 1080px) 100vw, 1080px\" \/><figcaption id=\"caption-attachment-6756\" class=\"wp-caption-text\">Refuerza el sistema inmune<\/figcaption><\/figure>\n<p><img loading=\"lazy\" decoding=\"async\" class=\"alignnone size-full wp-image-6757\" src=\"https:\/\/www.demusculos.com\/web\/wp-content\/uploads\/2024\/03\/vitamina-c-ena-natuliv-5.jpg\" alt=\"Vitamina C x 30 comprimidos Natuliv Ena sport\" width=\"1080\" height=\"1080\" srcset=\"https:\/\/www.demusculos.com\/web\/wp-content\/uploads\/2024\/03\/vitamina-c-ena-natuliv-5.jpg 1080w, https:\/\/www.demusculos.com\/web\/wp-content\/uploads\/2024\/03\/vitamina-c-ena-natuliv-5-300x300.jpg 300w, https:\/\/www.demusculos.com\/web\/wp-content\/uploads\/2024\/03\/vitamina-c-ena-natuliv-5-150x150.jpg 150w, https:\/\/www.demusculos.com\/web\/wp-content\/uploads\/2024\/03\/vitamina-c-ena-natuliv-5-800x800.jpg 800w, https:\/\/www.demusculos.com\/web\/wp-content\/uploads\/2024\/03\/vitamina-c-ena-natuliv-5-1024x1024.jpg 1024w, https:\/\/www.demusculos.com\/web\/wp-content\/uploads\/2024\/03\/vitamina-c-ena-natuliv-5-768x768.jpg 768w\" sizes=\"(max-width: 1080px) 100vw, 1080px\" \/><\/p>\n<figure id=\"attachment_6758\" aria-describedby=\"caption-attachment-6758\" style=\"width: 1080px\" class=\"wp-caption alignnone\"><img loading=\"lazy\" decoding=\"async\" class=\"size-full wp-image-6758\" src=\"https:\/\/www.demusculos.com\/web\/wp-content\/uploads\/2024\/03\/vitamina-c-ena-natuliv-6.jpg\" alt=\"Vitamina C x 30 comprimidos Natuliv Ena sport\" width=\"1080\" height=\"1080\" srcset=\"https:\/\/www.demusculos.com\/web\/wp-content\/uploads\/2024\/03\/vitamina-c-ena-natuliv-6.jpg 1080w, https:\/\/www.demusculos.com\/web\/wp-content\/uploads\/2024\/03\/vitamina-c-ena-natuliv-6-300x300.jpg 300w, https:\/\/www.demusculos.com\/web\/wp-content\/uploads\/2024\/03\/vitamina-c-ena-natuliv-6-150x150.jpg 150w, https:\/\/www.demusculos.com\/web\/wp-content\/uploads\/2024\/03\/vitamina-c-ena-natuliv-6-800x800.jpg 800w, https:\/\/www.demusculos.com\/web\/wp-content\/uploads\/2024\/03\/vitamina-c-ena-natuliv-6-1024x1024.jpg 1024w, https:\/\/www.demusculos.com\/web\/wp-content\/uploads\/2024\/03\/vitamina-c-ena-natuliv-6-768x768.jpg 768w\" sizes=\"(max-width: 1080px) 100vw, 1080px\" \/><figcaption id=\"caption-attachment-6758\" class=\"wp-caption-text\">Antioxidante 100% natural<\/figcaption><\/figure>\n<figure id=\"attachment_6759\" aria-describedby=\"caption-attachment-6759\" style=\"width: 1080px\" class=\"wp-caption alignnone\"><img loading=\"lazy\" decoding=\"async\" class=\"size-full wp-image-6759\" src=\"https:\/\/www.demusculos.com\/web\/wp-content\/uploads\/2024\/03\/vitamina-c-ena-natuliv-7.jpg\" alt=\"Vitamina C x 30 comprimidos Natuliv Ena sport\" width=\"1080\" height=\"1080\" srcset=\"https:\/\/www.demusculos.com\/web\/wp-content\/uploads\/2024\/03\/vitamina-c-ena-natuliv-7.jpg 1080w, https:\/\/www.demusculos.com\/web\/wp-content\/uploads\/2024\/03\/vitamina-c-ena-natuliv-7-300x300.jpg 300w, https:\/\/www.demusculos.com\/web\/wp-content\/uploads\/2024\/03\/vitamina-c-ena-natuliv-7-150x150.jpg 150w, https:\/\/www.demusculos.com\/web\/wp-content\/uploads\/2024\/03\/vitamina-c-ena-natuliv-7-800x800.jpg 800w, https:\/\/www.demusculos.com\/web\/wp-content\/uploads\/2024\/03\/vitamina-c-ena-natuliv-7-1024x1024.jpg 1024w, https:\/\/www.demusculos.com\/web\/wp-content\/uploads\/2024\/03\/vitamina-c-ena-natuliv-7-768x768.jpg 768w\" sizes=\"(max-width: 1080px) 100vw, 1080px\" \/><figcaption id=\"caption-attachment-6759\" class=\"wp-caption-text\">Mejora la salud ocular y mental<\/figcaption><\/figure>\n","protected":false},"excerpt":{"rendered":"<p>Grandes beneficios para nuestra salud: Antioxidante, cicatrizaci\u00f3n, salud ocular, sistema inmunol\u00f3gico<\/p>\n","protected":false},"featured_media":1800,"comment_status":"closed","ping_status":"closed","template":"","meta":[],"product_brand":[223],"product_cat":[37],"product_tag":[38,106],"class_list":{"0":"post-1798","1":"product","2":"type-product","3":"status-publish","4":"has-post-thumbnail","6":"product_brand-ena-sport","7":"product_cat-vitaminas-y-minierales","8":"product_tag-ena-sport","9":"product_tag-sistema-inmunologico","11":"first","12":"instock","13":"sale","14":"shipping-taxable","15":"purchasable","16":"product-type-simple"},"yoast_head":"<!-- This site is optimized with the Yoast SEO plugin v27.5 - https:\/\/yoast.com\/product\/yoast-seo-wordpress\/ -->\n<title>Vitamina C | Natuliv | 30 Comprimidos | DeMusculos.com<\/title>\n<meta name=\"description\" content=\"La Vitamina C es ideal para fortalecer el sistema inmune, mejorar la salud ocular y mental. Tambi\u00e9n es un poderoso antioxidante 100% natural. Envio.\" \/>\n<meta name=\"robots\" content=\"index, follow, max-snippet:-1, max-image-preview:large, max-video-preview:-1\" \/>\n<link rel=\"canonical\" href=\"https:\/\/www.demusculos.com\/web\/producto\/vitamina-c-de-ena-sport-x30\/\" \/>\n<meta property=\"og:locale\" content=\"es_ES\" \/>\n<meta property=\"og:type\" content=\"article\" \/>\n<meta property=\"og:title\" content=\"Vitamina C | Natuliv | 30 Comprimidos | DeMusculos.com\" \/>\n<meta property=\"og:description\" content=\"La Vitamina C es ideal para fortalecer el sistema inmune, mejorar la salud ocular y mental. Tambi\u00e9n es un poderoso antioxidante 100% natural. Envio.\" \/>\n<meta property=\"og:url\" content=\"https:\/\/www.demusculos.com\/web\/producto\/vitamina-c-de-ena-sport-x30\/\" \/>\n<meta property=\"og:site_name\" content=\"DeMusculos\" \/>\n<meta property=\"article:publisher\" content=\"https:\/\/www.facebook.com\/demusculos\" \/>\n<meta property=\"article:modified_time\" content=\"2026-02-25T10:11:03+00:00\" \/>\n<meta property=\"og:image\" content=\"https:\/\/www.demusculos.com\/web\/wp-content\/uploads\/2024\/03\/vitamina-c-ena-natuliv-01.jpg\" \/>\n\t<meta property=\"og:image:width\" content=\"1500\" \/>\n\t<meta property=\"og:image:height\" content=\"1500\" \/>\n\t<meta property=\"og:image:type\" content=\"image\/jpeg\" \/>\n<meta name=\"twitter:card\" content=\"summary_large_image\" \/>\n<meta name=\"twitter:site\" content=\"@demusculos\" \/>\n<meta name=\"twitter:label1\" content=\"Tiempo de lectura\" \/>\n\t<meta name=\"twitter:data1\" content=\"4 minutos\" \/>\n<script type=\"application\/ld+json\" class=\"yoast-schema-graph\">{\"@context\":\"https:\\\/\\\/schema.org\",\"@graph\":[{\"@type\":\"WebPage\",\"@id\":\"https:\\\/\\\/www.demusculos.com\\\/web\\\/producto\\\/vitamina-c-de-ena-sport-x30\\\/\",\"url\":\"https:\\\/\\\/www.demusculos.com\\\/web\\\/producto\\\/vitamina-c-de-ena-sport-x30\\\/\",\"name\":\"Vitamina C | Natuliv | 30 Comprimidos | DeMusculos.com\",\"isPartOf\":{\"@id\":\"https:\\\/\\\/www.demusculos.com\\\/web\\\/#website\"},\"primaryImageOfPage\":{\"@id\":\"https:\\\/\\\/www.demusculos.com\\\/web\\\/producto\\\/vitamina-c-de-ena-sport-x30\\\/#primaryimage\"},\"image\":{\"@id\":\"https:\\\/\\\/www.demusculos.com\\\/web\\\/producto\\\/vitamina-c-de-ena-sport-x30\\\/#primaryimage\"},\"thumbnailUrl\":\"https:\\\/\\\/www.demusculos.com\\\/web\\\/wp-content\\\/uploads\\\/2024\\\/03\\\/vitamina-c-ena-natuliv-01.jpg\",\"datePublished\":\"2024-03-05T14:28:50+00:00\",\"dateModified\":\"2026-02-25T10:11:03+00:00\",\"description\":\"La Vitamina C es ideal para fortalecer el sistema inmune, mejorar la salud ocular y mental. Tambi\u00e9n es un poderoso antioxidante 100% natural. Envio.\",\"breadcrumb\":{\"@id\":\"https:\\\/\\\/www.demusculos.com\\\/web\\\/producto\\\/vitamina-c-de-ena-sport-x30\\\/#breadcrumb\"},\"inLanguage\":\"es\",\"potentialAction\":[{\"@type\":\"ReadAction\",\"target\":[\"https:\\\/\\\/www.demusculos.com\\\/web\\\/producto\\\/vitamina-c-de-ena-sport-x30\\\/\"]}]},{\"@type\":\"ImageObject\",\"inLanguage\":\"es\",\"@id\":\"https:\\\/\\\/www.demusculos.com\\\/web\\\/producto\\\/vitamina-c-de-ena-sport-x30\\\/#primaryimage\",\"url\":\"https:\\\/\\\/www.demusculos.com\\\/web\\\/wp-content\\\/uploads\\\/2024\\\/03\\\/vitamina-c-ena-natuliv-01.jpg\",\"contentUrl\":\"https:\\\/\\\/www.demusculos.com\\\/web\\\/wp-content\\\/uploads\\\/2024\\\/03\\\/vitamina-c-ena-natuliv-01.jpg\",\"width\":1500,\"height\":1500,\"caption\":\"Vitamina C de Ena Sport\"},{\"@type\":\"BreadcrumbList\",\"@id\":\"https:\\\/\\\/www.demusculos.com\\\/web\\\/producto\\\/vitamina-c-de-ena-sport-x30\\\/#breadcrumb\",\"itemListElement\":[{\"@type\":\"ListItem\",\"position\":1,\"name\":\"Inicio\",\"item\":\"https:\\\/\\\/www.demusculos.com\\\/web\\\/\"},{\"@type\":\"ListItem\",\"position\":2,\"name\":\"Suplementos\",\"item\":\"https:\\\/\\\/www.demusculos.com\\\/web\\\/tienda\\\/\"},{\"@type\":\"ListItem\",\"position\":3,\"name\":\"Vitamina C de Ena Sport x30\"}]},{\"@type\":\"WebSite\",\"@id\":\"https:\\\/\\\/www.demusculos.com\\\/web\\\/#website\",\"url\":\"https:\\\/\\\/www.demusculos.com\\\/web\\\/\",\"name\":\"DeMusculos.com\",\"description\":\"Suplementos Naturales\",\"publisher\":{\"@id\":\"https:\\\/\\\/www.demusculos.com\\\/web\\\/#organization\"},\"alternateName\":\"Suplementos Naturales\",\"potentialAction\":[{\"@type\":\"SearchAction\",\"target\":{\"@type\":\"EntryPoint\",\"urlTemplate\":\"https:\\\/\\\/www.demusculos.com\\\/web\\\/?s={search_term_string}\"},\"query-input\":{\"@type\":\"PropertyValueSpecification\",\"valueRequired\":true,\"valueName\":\"search_term_string\"}}],\"inLanguage\":\"es\"},{\"@type\":\"Organization\",\"@id\":\"https:\\\/\\\/www.demusculos.com\\\/web\\\/#organization\",\"name\":\"DeMusculos.com\",\"alternateName\":\"DeMusculos\",\"url\":\"https:\\\/\\\/www.demusculos.com\\\/web\\\/\",\"logo\":{\"@type\":\"ImageObject\",\"inLanguage\":\"es\",\"@id\":\"https:\\\/\\\/www.demusculos.com\\\/web\\\/#\\\/schema\\\/logo\\\/image\\\/\",\"url\":\"https:\\\/\\\/www.demusculos.com\\\/web\\\/wp-content\\\/uploads\\\/2024\\\/02\\\/logo-demusculos-prestashop-usuario.png\",\"contentUrl\":\"https:\\\/\\\/www.demusculos.com\\\/web\\\/wp-content\\\/uploads\\\/2024\\\/02\\\/logo-demusculos-prestashop-usuario.png\",\"width\":150,\"height\":150,\"caption\":\"DeMusculos.com\"},\"image\":{\"@id\":\"https:\\\/\\\/www.demusculos.com\\\/web\\\/#\\\/schema\\\/logo\\\/image\\\/\"},\"sameAs\":[\"https:\\\/\\\/www.facebook.com\\\/demusculos\",\"https:\\\/\\\/x.com\\\/demusculos\",\"https:\\\/\\\/www.instagram.com\\\/demusculos\",\"https:\\\/\\\/www.tiktok.com\\\/@demusculos.com\"]}]}<\/script>\n<!-- \/ Yoast SEO plugin. -->","yoast_head_json":{"title":"Vitamina C | Natuliv | 30 Comprimidos | DeMusculos.com","description":"La Vitamina C es ideal para fortalecer el sistema inmune, mejorar la salud ocular y mental. Tambi\u00e9n es un poderoso antioxidante 100% natural. Envio.","robots":{"index":"index","follow":"follow","max-snippet":"max-snippet:-1","max-image-preview":"max-image-preview:large","max-video-preview":"max-video-preview:-1"},"canonical":"https:\/\/www.demusculos.com\/web\/producto\/vitamina-c-de-ena-sport-x30\/","og_locale":"es_ES","og_type":"article","og_title":"Vitamina C | Natuliv | 30 Comprimidos | DeMusculos.com","og_description":"La Vitamina C es ideal para fortalecer el sistema inmune, mejorar la salud ocular y mental. Tambi\u00e9n es un poderoso antioxidante 100% natural. Envio.","og_url":"https:\/\/www.demusculos.com\/web\/producto\/vitamina-c-de-ena-sport-x30\/","og_site_name":"DeMusculos","article_publisher":"https:\/\/www.facebook.com\/demusculos","article_modified_time":"2026-02-25T10:11:03+00:00","og_image":[{"width":1500,"height":1500,"url":"https:\/\/www.demusculos.com\/web\/wp-content\/uploads\/2024\/03\/vitamina-c-ena-natuliv-01.jpg","type":"image\/jpeg"}],"twitter_card":"summary_large_image","twitter_site":"@demusculos","twitter_misc":{"Tiempo de lectura":"4 minutos"},"schema":{"@context":"https:\/\/schema.org","@graph":[{"@type":"WebPage","@id":"https:\/\/www.demusculos.com\/web\/producto\/vitamina-c-de-ena-sport-x30\/","url":"https:\/\/www.demusculos.com\/web\/producto\/vitamina-c-de-ena-sport-x30\/","name":"Vitamina C | Natuliv | 30 Comprimidos | DeMusculos.com","isPartOf":{"@id":"https:\/\/www.demusculos.com\/web\/#website"},"primaryImageOfPage":{"@id":"https:\/\/www.demusculos.com\/web\/producto\/vitamina-c-de-ena-sport-x30\/#primaryimage"},"image":{"@id":"https:\/\/www.demusculos.com\/web\/producto\/vitamina-c-de-ena-sport-x30\/#primaryimage"},"thumbnailUrl":"https:\/\/www.demusculos.com\/web\/wp-content\/uploads\/2024\/03\/vitamina-c-ena-natuliv-01.jpg","datePublished":"2024-03-05T14:28:50+00:00","dateModified":"2026-02-25T10:11:03+00:00","description":"La Vitamina C es ideal para fortalecer el sistema inmune, mejorar la salud ocular y mental. Tambi\u00e9n es un poderoso antioxidante 100% natural. Envio.","breadcrumb":{"@id":"https:\/\/www.demusculos.com\/web\/producto\/vitamina-c-de-ena-sport-x30\/#breadcrumb"},"inLanguage":"es","potentialAction":[{"@type":"ReadAction","target":["https:\/\/www.demusculos.com\/web\/producto\/vitamina-c-de-ena-sport-x30\/"]}]},{"@type":"ImageObject","inLanguage":"es","@id":"https:\/\/www.demusculos.com\/web\/producto\/vitamina-c-de-ena-sport-x30\/#primaryimage","url":"https:\/\/www.demusculos.com\/web\/wp-content\/uploads\/2024\/03\/vitamina-c-ena-natuliv-01.jpg","contentUrl":"https:\/\/www.demusculos.com\/web\/wp-content\/uploads\/2024\/03\/vitamina-c-ena-natuliv-01.jpg","width":1500,"height":1500,"caption":"Vitamina C de Ena Sport"},{"@type":"BreadcrumbList","@id":"https:\/\/www.demusculos.com\/web\/producto\/vitamina-c-de-ena-sport-x30\/#breadcrumb","itemListElement":[{"@type":"ListItem","position":1,"name":"Inicio","item":"https:\/\/www.demusculos.com\/web\/"},{"@type":"ListItem","position":2,"name":"Suplementos","item":"https:\/\/www.demusculos.com\/web\/tienda\/"},{"@type":"ListItem","position":3,"name":"Vitamina C de Ena Sport x30"}]},{"@type":"WebSite","@id":"https:\/\/www.demusculos.com\/web\/#website","url":"https:\/\/www.demusculos.com\/web\/","name":"DeMusculos.com","description":"Suplementos Naturales","publisher":{"@id":"https:\/\/www.demusculos.com\/web\/#organization"},"alternateName":"Suplementos Naturales","potentialAction":[{"@type":"SearchAction","target":{"@type":"EntryPoint","urlTemplate":"https:\/\/www.demusculos.com\/web\/?s={search_term_string}"},"query-input":{"@type":"PropertyValueSpecification","valueRequired":true,"valueName":"search_term_string"}}],"inLanguage":"es"},{"@type":"Organization","@id":"https:\/\/www.demusculos.com\/web\/#organization","name":"DeMusculos.com","alternateName":"DeMusculos","url":"https:\/\/www.demusculos.com\/web\/","logo":{"@type":"ImageObject","inLanguage":"es","@id":"https:\/\/www.demusculos.com\/web\/#\/schema\/logo\/image\/","url":"https:\/\/www.demusculos.com\/web\/wp-content\/uploads\/2024\/02\/logo-demusculos-prestashop-usuario.png","contentUrl":"https:\/\/www.demusculos.com\/web\/wp-content\/uploads\/2024\/02\/logo-demusculos-prestashop-usuario.png","width":150,"height":150,"caption":"DeMusculos.com"},"image":{"@id":"https:\/\/www.demusculos.com\/web\/#\/schema\/logo\/image\/"},"sameAs":["https:\/\/www.facebook.com\/demusculos","https:\/\/x.com\/demusculos","https:\/\/www.instagram.com\/demusculos","https:\/\/www.tiktok.com\/@demusculos.com"]}]}},"_links":{"self":[{"href":"https:\/\/www.demusculos.com\/web\/wp-json\/wp\/v2\/product\/1798","targetHints":{"allow":["GET"]}}],"collection":[{"href":"https:\/\/www.demusculos.com\/web\/wp-json\/wp\/v2\/product"}],"about":[{"href":"https:\/\/www.demusculos.com\/web\/wp-json\/wp\/v2\/types\/product"}],"replies":[{"embeddable":true,"href":"https:\/\/www.demusculos.com\/web\/wp-json\/wp\/v2\/comments?post=1798"}],"wp:featuredmedia":[{"embeddable":true,"href":"https:\/\/www.demusculos.com\/web\/wp-json\/wp\/v2\/media\/1800"}],"wp:attachment":[{"href":"https:\/\/www.demusculos.com\/web\/wp-json\/wp\/v2\/media?parent=1798"}],"wp:term":[{"taxonomy":"product_brand","embeddable":true,"href":"https:\/\/www.demusculos.com\/web\/wp-json\/wp\/v2\/product_brand?post=1798"},{"taxonomy":"product_cat","embeddable":true,"href":"https:\/\/www.demusculos.com\/web\/wp-json\/wp\/v2\/product_cat?post=1798"},{"taxonomy":"product_tag","embeddable":true,"href":"https:\/\/www.demusculos.com\/web\/wp-json\/wp\/v2\/product_tag?post=1798"}],"curies":[{"name":"wp","href":"https:\/\/api.w.org\/{rel}","templated":true}]}}