{"id":1871,"date":"2024-03-05T19:53:35","date_gmt":"2024-03-05T22:53:35","guid":{"rendered":"https:\/\/www.demusculos.com\/web\/?post_type=product&#038;p=1871"},"modified":"2026-03-04T13:31:05","modified_gmt":"2026-03-04T16:31:05","slug":"oxido-nitrico-ena-sport-x150-grs","status":"publish","type":"product","link":"https:\/\/www.demusculos.com\/web\/producto\/oxido-nitrico-ena-sport-x150-grs\/","title":{"rendered":"\u00d3xido N\u00edtrico Ena Sport x150 grs"},"content":{"rendered":"<h2>\u00d3xido N\u00edtrico<\/h2>\n<p>\u00d3xido N\u00edtrico de Ena Sport es ideal para rendimiento, recuperaci\u00f3n y aumento de masa muscular. Se puede combinar con prote\u00ednas, amino\u00e1cidos y creatina.<\/p>\n<figure id=\"attachment_151\" aria-describedby=\"caption-attachment-151\" style=\"width: 446px\" class=\"wp-caption alignnone\"><img decoding=\"async\" class=\"size-full wp-image-151\" src=\"https:\/\/www.demusculos.com\/web\/wp-content\/uploads\/2024\/02\/logo-ena-sport.png\" alt=\"Suplementos naturales Ena Sport. Empresa de nutricion Argentina.\" width=\"446\" height=\"103\" srcset=\"https:\/\/www.demusculos.com\/web\/wp-content\/uploads\/2024\/02\/logo-ena-sport.png 446w, https:\/\/www.demusculos.com\/web\/wp-content\/uploads\/2024\/02\/logo-ena-sport-300x69.png 300w, https:\/\/www.demusculos.com\/web\/wp-content\/uploads\/2024\/02\/logo-ena-sport-150x35.png 150w, https:\/\/www.demusculos.com\/web\/wp-content\/uploads\/2024\/02\/logo-ena-sport-416x96.png 416w\" sizes=\"(max-width: 446px) 100vw, 446px\" \/><figcaption id=\"caption-attachment-151\" class=\"wp-caption-text\">Este producto es fabricado por ENA SPORT (Empresa de Nutrici\u00f3n Argentina). Es una de las empresas pioneras en el rubro.<\/figcaption><\/figure>\n<p><img fetchpriority=\"high\" decoding=\"async\" class=\"alignnone size-full wp-image-7900\" src=\"https:\/\/www.demusculos.com\/web\/wp-content\/uploads\/2024\/03\/oxido-nitrico-150-grs-ena-1.jpg\" alt=\"\u00d3xido N\u00edtrico de Ena Sport x 150 grs\" width=\"1080\" height=\"1080\" srcset=\"https:\/\/www.demusculos.com\/web\/wp-content\/uploads\/2024\/03\/oxido-nitrico-150-grs-ena-1.jpg 1080w, https:\/\/www.demusculos.com\/web\/wp-content\/uploads\/2024\/03\/oxido-nitrico-150-grs-ena-1-300x300.jpg 300w, https:\/\/www.demusculos.com\/web\/wp-content\/uploads\/2024\/03\/oxido-nitrico-150-grs-ena-1-150x150.jpg 150w, https:\/\/www.demusculos.com\/web\/wp-content\/uploads\/2024\/03\/oxido-nitrico-150-grs-ena-1-800x800.jpg 800w, https:\/\/www.demusculos.com\/web\/wp-content\/uploads\/2024\/03\/oxido-nitrico-150-grs-ena-1-1024x1024.jpg 1024w, https:\/\/www.demusculos.com\/web\/wp-content\/uploads\/2024\/03\/oxido-nitrico-150-grs-ena-1-768x768.jpg 768w\" sizes=\"(max-width: 1080px) 100vw, 1080px\" \/><\/p>\n<p>&nbsp;<\/p>\n<ol>\n<li><strong>Aumento del flujo sangu\u00edneo y transporte de nutrientes a los m\u00fasculos<\/strong>:\n<ul>\n<li>El \u00f3xido n\u00edtrico estimula las\u00a0<strong>c\u00e9lulas sat\u00e9lite del m\u00fasculo<\/strong>, que se dividen para generar m\u00e1s c\u00e9lulas musculares.<\/li>\n<li>Promueve la\u00a0<strong>angiog\u00e9nesis<\/strong>, es decir, la creaci\u00f3n de\u00a0<strong>vasos sangu\u00edneos nuevos<\/strong>\u00a0que aportan m\u00e1s nutrientes y ox\u00edgeno a los m\u00fasculos.\u00a0Esto propicia una eliminaci\u00f3n m\u00e1s r\u00e1pida del lactato y mejora el rendimiento muscular.<\/li>\n<\/ul>\n<\/li>\n<li><strong>Mejora de la resistencia y la recuperaci\u00f3n<\/strong>:\n<ul>\n<li>Los suplementos de\u00a0<strong>L-arginina<\/strong>\u00a0y\u00a0<strong>L-citrulina<\/strong>\u00a0(claves para sintetizar el \u00f3xido n\u00edtrico) permiten aumentar el torrente sangu\u00edneo y, por lo tanto, el flujo de ox\u00edgeno que llega a los m\u00fasculos.<\/li>\n<li>Esto se traduce en una\u00a0<strong>mayor resistencia<\/strong>\u00a0durante los entrenamientos y una\u00a0<strong>recuperaci\u00f3n m\u00e1s eficiente<\/strong>\u00a0despu\u00e9s del ejercicio.<\/li>\n<\/ul>\n<\/li>\n<li><strong>Posible aumento del bombeo muscular durante los entrenamientos<\/strong>:\n<ul>\n<li>El \u00f3xido n\u00edtrico contribuye a un\u00a0<strong>mayor flujo sangu\u00edneo<\/strong>\u00a0hacia los m\u00fasculos durante el ejercicio.<\/li>\n<li>Esto puede generar una sensaci\u00f3n de\u00a0<strong>\u201cbombeo\u201d muscular<\/strong>, que algunos atletas encuentran beneficiosa para su rendimiento.<\/li>\n<\/ul>\n<\/li>\n<\/ol>\n<p><img decoding=\"async\" class=\"alignnone size-full wp-image-7901\" src=\"https:\/\/www.demusculos.com\/web\/wp-content\/uploads\/2024\/03\/oxido-nitrico-150-grs-ena-2.jpg\" alt=\"\u00d3xido N\u00edtrico de Ena Sport x 150 grs\" width=\"1080\" height=\"1080\" srcset=\"https:\/\/www.demusculos.com\/web\/wp-content\/uploads\/2024\/03\/oxido-nitrico-150-grs-ena-2.jpg 1080w, https:\/\/www.demusculos.com\/web\/wp-content\/uploads\/2024\/03\/oxido-nitrico-150-grs-ena-2-300x300.jpg 300w, https:\/\/www.demusculos.com\/web\/wp-content\/uploads\/2024\/03\/oxido-nitrico-150-grs-ena-2-150x150.jpg 150w, https:\/\/www.demusculos.com\/web\/wp-content\/uploads\/2024\/03\/oxido-nitrico-150-grs-ena-2-800x800.jpg 800w, https:\/\/www.demusculos.com\/web\/wp-content\/uploads\/2024\/03\/oxido-nitrico-150-grs-ena-2-1024x1024.jpg 1024w, https:\/\/www.demusculos.com\/web\/wp-content\/uploads\/2024\/03\/oxido-nitrico-150-grs-ena-2-768x768.jpg 768w\" sizes=\"(max-width: 1080px) 100vw, 1080px\" \/><\/p>\n<p>En cuanto a la combinaci\u00f3n con otros suplementos:<\/p>\n<ul>\n<li><strong>Prote\u00ednas<\/strong>: No hay contraindicaciones conocidas para combinar \u00f3xidos n\u00edtricos a base de arginina con prote\u00ednas. De hecho, algunos atletas los toman juntos para maximizar los beneficios de ambos.<\/li>\n<li><strong>Amino\u00e1cidos<\/strong>: La combinaci\u00f3n con amino\u00e1cidos tambi\u00e9n es segura. Puedes considerar tomarlos en diferentes momentos del d\u00eda para aprovechar sus efectos espec\u00edficos.<\/li>\n<\/ul>\n<p><img loading=\"lazy\" decoding=\"async\" class=\"alignnone size-full wp-image-7902\" src=\"https:\/\/www.demusculos.com\/web\/wp-content\/uploads\/2024\/03\/oxido-nitrico-150-grs-ena-3.jpg\" alt=\"\" width=\"1080\" height=\"1080\" srcset=\"https:\/\/www.demusculos.com\/web\/wp-content\/uploads\/2024\/03\/oxido-nitrico-150-grs-ena-3.jpg 1080w, https:\/\/www.demusculos.com\/web\/wp-content\/uploads\/2024\/03\/oxido-nitrico-150-grs-ena-3-300x300.jpg 300w, https:\/\/www.demusculos.com\/web\/wp-content\/uploads\/2024\/03\/oxido-nitrico-150-grs-ena-3-150x150.jpg 150w, https:\/\/www.demusculos.com\/web\/wp-content\/uploads\/2024\/03\/oxido-nitrico-150-grs-ena-3-800x800.jpg 800w, https:\/\/www.demusculos.com\/web\/wp-content\/uploads\/2024\/03\/oxido-nitrico-150-grs-ena-3-1024x1024.jpg 1024w, https:\/\/www.demusculos.com\/web\/wp-content\/uploads\/2024\/03\/oxido-nitrico-150-grs-ena-3-768x768.jpg 768w\" sizes=\"(max-width: 1080px) 100vw, 1080px\" \/><\/p>\n<p><img loading=\"lazy\" decoding=\"async\" class=\"alignnone size-full wp-image-7903\" src=\"https:\/\/www.demusculos.com\/web\/wp-content\/uploads\/2024\/03\/oxido-nitrico-150-grs-ena-4.jpg\" alt=\"\" width=\"1080\" height=\"1080\" srcset=\"https:\/\/www.demusculos.com\/web\/wp-content\/uploads\/2024\/03\/oxido-nitrico-150-grs-ena-4.jpg 1080w, https:\/\/www.demusculos.com\/web\/wp-content\/uploads\/2024\/03\/oxido-nitrico-150-grs-ena-4-300x300.jpg 300w, https:\/\/www.demusculos.com\/web\/wp-content\/uploads\/2024\/03\/oxido-nitrico-150-grs-ena-4-150x150.jpg 150w, https:\/\/www.demusculos.com\/web\/wp-content\/uploads\/2024\/03\/oxido-nitrico-150-grs-ena-4-800x800.jpg 800w, https:\/\/www.demusculos.com\/web\/wp-content\/uploads\/2024\/03\/oxido-nitrico-150-grs-ena-4-1024x1024.jpg 1024w, https:\/\/www.demusculos.com\/web\/wp-content\/uploads\/2024\/03\/oxido-nitrico-150-grs-ena-4-768x768.jpg 768w\" sizes=\"(max-width: 1080px) 100vw, 1080px\" \/><\/p>\n<p><img loading=\"lazy\" decoding=\"async\" class=\"alignnone size-full wp-image-7904\" src=\"https:\/\/www.demusculos.com\/web\/wp-content\/uploads\/2024\/03\/oxido-nitrico-150-grs-ena-5.jpg\" alt=\"\" width=\"1080\" height=\"1080\" srcset=\"https:\/\/www.demusculos.com\/web\/wp-content\/uploads\/2024\/03\/oxido-nitrico-150-grs-ena-5.jpg 1080w, https:\/\/www.demusculos.com\/web\/wp-content\/uploads\/2024\/03\/oxido-nitrico-150-grs-ena-5-300x300.jpg 300w, https:\/\/www.demusculos.com\/web\/wp-content\/uploads\/2024\/03\/oxido-nitrico-150-grs-ena-5-150x150.jpg 150w, https:\/\/www.demusculos.com\/web\/wp-content\/uploads\/2024\/03\/oxido-nitrico-150-grs-ena-5-800x800.jpg 800w, https:\/\/www.demusculos.com\/web\/wp-content\/uploads\/2024\/03\/oxido-nitrico-150-grs-ena-5-1024x1024.jpg 1024w, https:\/\/www.demusculos.com\/web\/wp-content\/uploads\/2024\/03\/oxido-nitrico-150-grs-ena-5-768x768.jpg 768w\" sizes=\"(max-width: 1080px) 100vw, 1080px\" \/><\/p>\n","protected":false},"excerpt":{"rendered":"<p>Vasodilatador. Transporte de nutrientes y oxigeno con m\u00e1s intensidad hacia la fibra muscular. Energ\u00eda.<\/p>\n","protected":false},"featured_media":1872,"comment_status":"closed","ping_status":"closed","template":"","meta":[],"product_brand":[223],"product_cat":[53],"product_tag":[38,119],"class_list":{"0":"post-1871","1":"product","2":"type-product","3":"status-publish","4":"has-post-thumbnail","6":"product_brand-ena-sport","7":"product_cat-oxido-nitrico","8":"product_tag-ena-sport","9":"product_tag-vasodilatador","11":"first","12":"instock","13":"sale","14":"shipping-taxable","15":"purchasable","16":"product-type-simple"},"yoast_head":"<!-- This site is optimized with the Yoast SEO plugin v27.6 - https:\/\/yoast.com\/product\/yoast-seo-wordpress\/ -->\n<title>\u00d3xido N\u00edtrico | 150 grs | Ena Sport | DeMusculos.com<\/title>\n<meta name=\"description\" content=\"\u00d3xido N\u00edtrico de Ena Sport x 150 grs. Vasodilataci\u00f3n. Rendimiento. Recuperaci\u00f3n. Masa muscular y menos fatiga. Para todos los deportes. Ambos sexos.\" \/>\n<meta name=\"robots\" content=\"index, follow, max-snippet:-1, max-image-preview:large, max-video-preview:-1\" \/>\n<link rel=\"canonical\" href=\"https:\/\/www.demusculos.com\/web\/producto\/oxido-nitrico-ena-sport-x150-grs\/\" \/>\n<meta property=\"og:locale\" content=\"es_ES\" \/>\n<meta property=\"og:type\" content=\"article\" \/>\n<meta property=\"og:title\" content=\"\u00d3xido N\u00edtrico | 150 grs | Ena Sport | DeMusculos.com\" \/>\n<meta property=\"og:description\" content=\"\u00d3xido N\u00edtrico de Ena Sport x 150 grs. Vasodilataci\u00f3n. Rendimiento. Recuperaci\u00f3n. Masa muscular y menos fatiga. Para todos los deportes. Ambos sexos.\" \/>\n<meta property=\"og:url\" content=\"https:\/\/www.demusculos.com\/web\/producto\/oxido-nitrico-ena-sport-x150-grs\/\" \/>\n<meta property=\"og:site_name\" content=\"DeMusculos\" \/>\n<meta property=\"article:publisher\" content=\"https:\/\/www.facebook.com\/demusculos\" \/>\n<meta property=\"article:modified_time\" content=\"2026-03-04T16:31:05+00:00\" \/>\n<meta property=\"og:image\" content=\"https:\/\/www.demusculos.com\/web\/wp-content\/uploads\/2024\/03\/oxido-nitrico-ena-011.jpg\" \/>\n\t<meta property=\"og:image:width\" content=\"1200\" \/>\n\t<meta property=\"og:image:height\" content=\"1200\" \/>\n\t<meta property=\"og:image:type\" content=\"image\/jpeg\" \/>\n<meta name=\"twitter:card\" content=\"summary_large_image\" \/>\n<meta name=\"twitter:site\" content=\"@demusculos\" \/>\n<meta name=\"twitter:label1\" content=\"Tiempo de lectura\" \/>\n\t<meta name=\"twitter:data1\" content=\"3 minutos\" \/>\n<script type=\"application\/ld+json\" class=\"yoast-schema-graph\">{\"@context\":\"https:\\\/\\\/schema.org\",\"@graph\":[{\"@type\":\"WebPage\",\"@id\":\"https:\\\/\\\/www.demusculos.com\\\/web\\\/producto\\\/oxido-nitrico-ena-sport-x150-grs\\\/\",\"url\":\"https:\\\/\\\/www.demusculos.com\\\/web\\\/producto\\\/oxido-nitrico-ena-sport-x150-grs\\\/\",\"name\":\"\u00d3xido N\u00edtrico | 150 grs | Ena Sport | DeMusculos.com\",\"isPartOf\":{\"@id\":\"https:\\\/\\\/www.demusculos.com\\\/web\\\/#website\"},\"primaryImageOfPage\":{\"@id\":\"https:\\\/\\\/www.demusculos.com\\\/web\\\/producto\\\/oxido-nitrico-ena-sport-x150-grs\\\/#primaryimage\"},\"image\":{\"@id\":\"https:\\\/\\\/www.demusculos.com\\\/web\\\/producto\\\/oxido-nitrico-ena-sport-x150-grs\\\/#primaryimage\"},\"thumbnailUrl\":\"https:\\\/\\\/www.demusculos.com\\\/web\\\/wp-content\\\/uploads\\\/2024\\\/03\\\/oxido-nitrico-ena-011.jpg\",\"datePublished\":\"2024-03-05T22:53:35+00:00\",\"dateModified\":\"2026-03-04T16:31:05+00:00\",\"description\":\"\u00d3xido N\u00edtrico de Ena Sport x 150 grs. Vasodilataci\u00f3n. Rendimiento. Recuperaci\u00f3n. Masa muscular y menos fatiga. Para todos los deportes. Ambos sexos.\",\"breadcrumb\":{\"@id\":\"https:\\\/\\\/www.demusculos.com\\\/web\\\/producto\\\/oxido-nitrico-ena-sport-x150-grs\\\/#breadcrumb\"},\"inLanguage\":\"es\",\"potentialAction\":[{\"@type\":\"ReadAction\",\"target\":[\"https:\\\/\\\/www.demusculos.com\\\/web\\\/producto\\\/oxido-nitrico-ena-sport-x150-grs\\\/\"]}]},{\"@type\":\"ImageObject\",\"inLanguage\":\"es\",\"@id\":\"https:\\\/\\\/www.demusculos.com\\\/web\\\/producto\\\/oxido-nitrico-ena-sport-x150-grs\\\/#primaryimage\",\"url\":\"https:\\\/\\\/www.demusculos.com\\\/web\\\/wp-content\\\/uploads\\\/2024\\\/03\\\/oxido-nitrico-ena-011.jpg\",\"contentUrl\":\"https:\\\/\\\/www.demusculos.com\\\/web\\\/wp-content\\\/uploads\\\/2024\\\/03\\\/oxido-nitrico-ena-011.jpg\",\"width\":1200,\"height\":1200,\"caption\":\"\u00d3xido N\u00edtrico Ena Sport x 150 grs\"},{\"@type\":\"BreadcrumbList\",\"@id\":\"https:\\\/\\\/www.demusculos.com\\\/web\\\/producto\\\/oxido-nitrico-ena-sport-x150-grs\\\/#breadcrumb\",\"itemListElement\":[{\"@type\":\"ListItem\",\"position\":1,\"name\":\"Inicio\",\"item\":\"https:\\\/\\\/www.demusculos.com\\\/web\\\/\"},{\"@type\":\"ListItem\",\"position\":2,\"name\":\"Suplementos\",\"item\":\"https:\\\/\\\/www.demusculos.com\\\/web\\\/tienda\\\/\"},{\"@type\":\"ListItem\",\"position\":3,\"name\":\"\u00d3xido N\u00edtrico Ena Sport x150 grs\"}]},{\"@type\":\"WebSite\",\"@id\":\"https:\\\/\\\/www.demusculos.com\\\/web\\\/#website\",\"url\":\"https:\\\/\\\/www.demusculos.com\\\/web\\\/\",\"name\":\"DeMusculos.com\",\"description\":\"Suplementos Naturales\",\"publisher\":{\"@id\":\"https:\\\/\\\/www.demusculos.com\\\/web\\\/#organization\"},\"alternateName\":\"Suplementos Naturales\",\"potentialAction\":[{\"@type\":\"SearchAction\",\"target\":{\"@type\":\"EntryPoint\",\"urlTemplate\":\"https:\\\/\\\/www.demusculos.com\\\/web\\\/?s={search_term_string}\"},\"query-input\":{\"@type\":\"PropertyValueSpecification\",\"valueRequired\":true,\"valueName\":\"search_term_string\"}}],\"inLanguage\":\"es\"},{\"@type\":\"Organization\",\"@id\":\"https:\\\/\\\/www.demusculos.com\\\/web\\\/#organization\",\"name\":\"DeMusculos.com\",\"alternateName\":\"DeMusculos\",\"url\":\"https:\\\/\\\/www.demusculos.com\\\/web\\\/\",\"logo\":{\"@type\":\"ImageObject\",\"inLanguage\":\"es\",\"@id\":\"https:\\\/\\\/www.demusculos.com\\\/web\\\/#\\\/schema\\\/logo\\\/image\\\/\",\"url\":\"https:\\\/\\\/www.demusculos.com\\\/web\\\/wp-content\\\/uploads\\\/2024\\\/02\\\/logo-demusculos-prestashop-usuario.png\",\"contentUrl\":\"https:\\\/\\\/www.demusculos.com\\\/web\\\/wp-content\\\/uploads\\\/2024\\\/02\\\/logo-demusculos-prestashop-usuario.png\",\"width\":150,\"height\":150,\"caption\":\"DeMusculos.com\"},\"image\":{\"@id\":\"https:\\\/\\\/www.demusculos.com\\\/web\\\/#\\\/schema\\\/logo\\\/image\\\/\"},\"sameAs\":[\"https:\\\/\\\/www.facebook.com\\\/demusculos\",\"https:\\\/\\\/x.com\\\/demusculos\",\"https:\\\/\\\/www.instagram.com\\\/demusculos\",\"https:\\\/\\\/www.tiktok.com\\\/@demusculos.com\"]}]}<\/script>\n<!-- \/ Yoast SEO plugin. -->","yoast_head_json":{"title":"\u00d3xido N\u00edtrico | 150 grs | Ena Sport | DeMusculos.com","description":"\u00d3xido N\u00edtrico de Ena Sport x 150 grs. Vasodilataci\u00f3n. Rendimiento. Recuperaci\u00f3n. Masa muscular y menos fatiga. Para todos los deportes. Ambos sexos.","robots":{"index":"index","follow":"follow","max-snippet":"max-snippet:-1","max-image-preview":"max-image-preview:large","max-video-preview":"max-video-preview:-1"},"canonical":"https:\/\/www.demusculos.com\/web\/producto\/oxido-nitrico-ena-sport-x150-grs\/","og_locale":"es_ES","og_type":"article","og_title":"\u00d3xido N\u00edtrico | 150 grs | Ena Sport | DeMusculos.com","og_description":"\u00d3xido N\u00edtrico de Ena Sport x 150 grs. Vasodilataci\u00f3n. Rendimiento. Recuperaci\u00f3n. Masa muscular y menos fatiga. Para todos los deportes. Ambos sexos.","og_url":"https:\/\/www.demusculos.com\/web\/producto\/oxido-nitrico-ena-sport-x150-grs\/","og_site_name":"DeMusculos","article_publisher":"https:\/\/www.facebook.com\/demusculos","article_modified_time":"2026-03-04T16:31:05+00:00","og_image":[{"width":1200,"height":1200,"url":"https:\/\/www.demusculos.com\/web\/wp-content\/uploads\/2024\/03\/oxido-nitrico-ena-011.jpg","type":"image\/jpeg"}],"twitter_card":"summary_large_image","twitter_site":"@demusculos","twitter_misc":{"Tiempo de lectura":"3 minutos"},"schema":{"@context":"https:\/\/schema.org","@graph":[{"@type":"WebPage","@id":"https:\/\/www.demusculos.com\/web\/producto\/oxido-nitrico-ena-sport-x150-grs\/","url":"https:\/\/www.demusculos.com\/web\/producto\/oxido-nitrico-ena-sport-x150-grs\/","name":"\u00d3xido N\u00edtrico | 150 grs | Ena Sport | DeMusculos.com","isPartOf":{"@id":"https:\/\/www.demusculos.com\/web\/#website"},"primaryImageOfPage":{"@id":"https:\/\/www.demusculos.com\/web\/producto\/oxido-nitrico-ena-sport-x150-grs\/#primaryimage"},"image":{"@id":"https:\/\/www.demusculos.com\/web\/producto\/oxido-nitrico-ena-sport-x150-grs\/#primaryimage"},"thumbnailUrl":"https:\/\/www.demusculos.com\/web\/wp-content\/uploads\/2024\/03\/oxido-nitrico-ena-011.jpg","datePublished":"2024-03-05T22:53:35+00:00","dateModified":"2026-03-04T16:31:05+00:00","description":"\u00d3xido N\u00edtrico de Ena Sport x 150 grs. Vasodilataci\u00f3n. Rendimiento. Recuperaci\u00f3n. Masa muscular y menos fatiga. Para todos los deportes. Ambos sexos.","breadcrumb":{"@id":"https:\/\/www.demusculos.com\/web\/producto\/oxido-nitrico-ena-sport-x150-grs\/#breadcrumb"},"inLanguage":"es","potentialAction":[{"@type":"ReadAction","target":["https:\/\/www.demusculos.com\/web\/producto\/oxido-nitrico-ena-sport-x150-grs\/"]}]},{"@type":"ImageObject","inLanguage":"es","@id":"https:\/\/www.demusculos.com\/web\/producto\/oxido-nitrico-ena-sport-x150-grs\/#primaryimage","url":"https:\/\/www.demusculos.com\/web\/wp-content\/uploads\/2024\/03\/oxido-nitrico-ena-011.jpg","contentUrl":"https:\/\/www.demusculos.com\/web\/wp-content\/uploads\/2024\/03\/oxido-nitrico-ena-011.jpg","width":1200,"height":1200,"caption":"\u00d3xido N\u00edtrico Ena Sport x 150 grs"},{"@type":"BreadcrumbList","@id":"https:\/\/www.demusculos.com\/web\/producto\/oxido-nitrico-ena-sport-x150-grs\/#breadcrumb","itemListElement":[{"@type":"ListItem","position":1,"name":"Inicio","item":"https:\/\/www.demusculos.com\/web\/"},{"@type":"ListItem","position":2,"name":"Suplementos","item":"https:\/\/www.demusculos.com\/web\/tienda\/"},{"@type":"ListItem","position":3,"name":"\u00d3xido N\u00edtrico Ena Sport x150 grs"}]},{"@type":"WebSite","@id":"https:\/\/www.demusculos.com\/web\/#website","url":"https:\/\/www.demusculos.com\/web\/","name":"DeMusculos.com","description":"Suplementos Naturales","publisher":{"@id":"https:\/\/www.demusculos.com\/web\/#organization"},"alternateName":"Suplementos Naturales","potentialAction":[{"@type":"SearchAction","target":{"@type":"EntryPoint","urlTemplate":"https:\/\/www.demusculos.com\/web\/?s={search_term_string}"},"query-input":{"@type":"PropertyValueSpecification","valueRequired":true,"valueName":"search_term_string"}}],"inLanguage":"es"},{"@type":"Organization","@id":"https:\/\/www.demusculos.com\/web\/#organization","name":"DeMusculos.com","alternateName":"DeMusculos","url":"https:\/\/www.demusculos.com\/web\/","logo":{"@type":"ImageObject","inLanguage":"es","@id":"https:\/\/www.demusculos.com\/web\/#\/schema\/logo\/image\/","url":"https:\/\/www.demusculos.com\/web\/wp-content\/uploads\/2024\/02\/logo-demusculos-prestashop-usuario.png","contentUrl":"https:\/\/www.demusculos.com\/web\/wp-content\/uploads\/2024\/02\/logo-demusculos-prestashop-usuario.png","width":150,"height":150,"caption":"DeMusculos.com"},"image":{"@id":"https:\/\/www.demusculos.com\/web\/#\/schema\/logo\/image\/"},"sameAs":["https:\/\/www.facebook.com\/demusculos","https:\/\/x.com\/demusculos","https:\/\/www.instagram.com\/demusculos","https:\/\/www.tiktok.com\/@demusculos.com"]}]}},"_links":{"self":[{"href":"https:\/\/www.demusculos.com\/web\/wp-json\/wp\/v2\/product\/1871","targetHints":{"allow":["GET"]}}],"collection":[{"href":"https:\/\/www.demusculos.com\/web\/wp-json\/wp\/v2\/product"}],"about":[{"href":"https:\/\/www.demusculos.com\/web\/wp-json\/wp\/v2\/types\/product"}],"replies":[{"embeddable":true,"href":"https:\/\/www.demusculos.com\/web\/wp-json\/wp\/v2\/comments?post=1871"}],"wp:featuredmedia":[{"embeddable":true,"href":"https:\/\/www.demusculos.com\/web\/wp-json\/wp\/v2\/media\/1872"}],"wp:attachment":[{"href":"https:\/\/www.demusculos.com\/web\/wp-json\/wp\/v2\/media?parent=1871"}],"wp:term":[{"taxonomy":"product_brand","embeddable":true,"href":"https:\/\/www.demusculos.com\/web\/wp-json\/wp\/v2\/product_brand?post=1871"},{"taxonomy":"product_cat","embeddable":true,"href":"https:\/\/www.demusculos.com\/web\/wp-json\/wp\/v2\/product_cat?post=1871"},{"taxonomy":"product_tag","embeddable":true,"href":"https:\/\/www.demusculos.com\/web\/wp-json\/wp\/v2\/product_tag?post=1871"}],"curies":[{"name":"wp","href":"https:\/\/api.w.org\/{rel}","templated":true}]}}