{"id":1958,"date":"2024-03-06T08:42:10","date_gmt":"2024-03-06T11:42:10","guid":{"rendered":"https:\/\/www.demusculos.com\/web\/?post_type=product&#038;p=1958"},"modified":"2026-04-23T21:42:15","modified_gmt":"2026-04-24T00:42:15","slug":"cappuccino-500-grs-pulver","status":"publish","type":"product","link":"https:\/\/www.demusculos.com\/web\/producto\/cappuccino-500-grs-pulver\/","title":{"rendered":"Cappuccino 500 grs Pulver"},"content":{"rendered":"<h1><span style=\"font-weight: 600;\">Prolac Whey Cappuccino Pulver<\/span><\/h1>\n<p><span style=\"font-weight: 600;\">Prolac Whey Cappuccino Pulver de 500 grs es uno de los productos m\u00e1s consumidos. Ideal para empezar tu d\u00eda, pr\u00e1ctico y solo requiere de agua caliente<\/span><\/p>\n<p><img decoding=\"async\" class=\"size-full wp-image-182\" style=\"font-weight: 600;\" src=\"https:\/\/www.demusculos.com\/web\/wp-content\/uploads\/2024\/02\/logo-pulver.png\" alt=\"Productos naturales y deporitvos de la marca Pulver. Todos los suplementos son sin Tacc aptos para celiacos.\" width=\"446\" height=\"103\" srcset=\"https:\/\/www.demusculos.com\/web\/wp-content\/uploads\/2024\/02\/logo-pulver.png 446w, https:\/\/www.demusculos.com\/web\/wp-content\/uploads\/2024\/02\/logo-pulver-300x69.png 300w, https:\/\/www.demusculos.com\/web\/wp-content\/uploads\/2024\/02\/logo-pulver-150x35.png 150w, https:\/\/www.demusculos.com\/web\/wp-content\/uploads\/2024\/02\/logo-pulver-416x96.png 416w\" sizes=\"(max-width: 446px) 100vw, 446px\" \/><\/p>\n<p>Suplementos naturales ideales para aumentar masa muscular, rendimiento, recuperaci\u00f3n y para la dieta. Alimentos proteicos sin TACC.Conjunci\u00f3n de la mejor prote\u00edna (Whey Protein) con caf\u00e9.<\/p>\n<p>Para el momento del desayuno o media tarde un batido proteico caliente o fr\u00edo.<\/p>\n<p>Con sabor, consistencia y fragancia a caf\u00e9. Ideal para que sea el primer aporte proteico de la ma\u00f1ana para darte toda la energ\u00eda necesaria para encarar tu d\u00eda. Tambi\u00e9n puede degustarse a la vuelta de la actividad f\u00edsica. Cada scoop te aporta 22 gramos de prote\u00edna pura Whey Protein y cafe\u00edna.<\/p>\n<h2>Beneficios de tomar Cappuccino Pulver<\/h2>\n<p>Favorece el desarrollo de masa muscular por su excelente aporte de amino\u00e1cidos.<\/p>\n<p>Suplemento ideal para las personas que siguen una dieta saludable, que requieren un aporte extra de prote\u00ednas o que apuntan a mejorar su performance deportiva.<\/p>\n<p>Es esencial para lograr una mejor recuperaci\u00f3n post entrenamiento.<\/p>\n<p>Es ideal para darle una vuelta diferente a tus desayunos y meriendas. La prote\u00edna de suero l\u00e1cteo es de alto valor biol\u00f3gico, aporta los nutrientes y amino\u00e1cidos necesarios para tu organismo. Con acci\u00f3n antioxidante y efecto beneficioso sobre la funci\u00f3n inmunol\u00f3gica.<\/p>\n<figure id=\"attachment_3890\" aria-describedby=\"caption-attachment-3890\" style=\"width: 1080px\" class=\"wp-caption alignnone\"><img fetchpriority=\"high\" decoding=\"async\" class=\"wp-image-3890 size-full\" title=\"Cappuccino de Pulver\" src=\"https:\/\/www.demusculos.com\/web\/wp-content\/uploads\/2024\/03\/cappuccino-pulver-proteina-desayuno-01.jpg\" alt=\"Prolac Whey sabor Cappuccino, ideal para empezar tu d\u00eda\" width=\"1080\" height=\"1080\" srcset=\"https:\/\/www.demusculos.com\/web\/wp-content\/uploads\/2024\/03\/cappuccino-pulver-proteina-desayuno-01.jpg 1080w, https:\/\/www.demusculos.com\/web\/wp-content\/uploads\/2024\/03\/cappuccino-pulver-proteina-desayuno-01-300x300.jpg 300w, https:\/\/www.demusculos.com\/web\/wp-content\/uploads\/2024\/03\/cappuccino-pulver-proteina-desayuno-01-150x150.jpg 150w, https:\/\/www.demusculos.com\/web\/wp-content\/uploads\/2024\/03\/cappuccino-pulver-proteina-desayuno-01-800x800.jpg 800w, https:\/\/www.demusculos.com\/web\/wp-content\/uploads\/2024\/03\/cappuccino-pulver-proteina-desayuno-01-1024x1024.jpg 1024w, https:\/\/www.demusculos.com\/web\/wp-content\/uploads\/2024\/03\/cappuccino-pulver-proteina-desayuno-01-768x768.jpg 768w\" sizes=\"(max-width: 1080px) 100vw, 1080px\" \/><figcaption id=\"caption-attachment-3890\" class=\"wp-caption-text\">Prolac Whey Protein 500 grs sabor a Cappuccino. Ideal para comenzar tu d\u00eda. Recuperaci\u00f3n y rendimiento son sus beneficios principales.<\/figcaption><\/figure>\n<p><strong>RECOMENDACIONES<\/strong><br \/>\nSi tu dieta es pobre en alimentos proteicos te recomendamos 2 porciones (4 medidas dosificadoras por porci\u00f3n) por d\u00eda. Un Cappuccino proteico despu\u00e9s de entrenar acompa\u00f1ado de hidratos de carbono (jugos, frutas o suplementos) y otro batido en cualquier momento del d\u00eda.<\/p>\n<p>Si tu dieta es rica en alimentos proteicos te recomendamos un Cappuccino proteico por d\u00eda, despu\u00e9s de entrenar acompa\u00f1ada de hidratos de carbono.<\/p>\n<p><strong>MODO DE USO<\/strong><br \/>\nDisolver 4 medidas dosificadoras (25 gr.) en 200 cc de leche o agua fr\u00eda en el vaso batidor. Agitar hasta obtener una mezcla homog\u00e9nea. Preparar en fr\u00edo y luego calentar en el microondas (aproximadamente 1 minuto o beber fr\u00edo).<\/p>\n<figure id=\"attachment_3891\" aria-describedby=\"caption-attachment-3891\" style=\"width: 1080px\" class=\"wp-caption alignnone\"><img decoding=\"async\" class=\"wp-image-3891 size-full\" title=\"Beneficios del Cappuccino de Pulver 500 grs\" src=\"https:\/\/www.demusculos.com\/web\/wp-content\/uploads\/2024\/03\/cappuccino-pulver-proteina-desayuno-02.jpg\" alt=\"Beneficios de Prolac Cappuccino 500 grs\" width=\"1080\" height=\"1080\" srcset=\"https:\/\/www.demusculos.com\/web\/wp-content\/uploads\/2024\/03\/cappuccino-pulver-proteina-desayuno-02.jpg 1080w, https:\/\/www.demusculos.com\/web\/wp-content\/uploads\/2024\/03\/cappuccino-pulver-proteina-desayuno-02-300x300.jpg 300w, https:\/\/www.demusculos.com\/web\/wp-content\/uploads\/2024\/03\/cappuccino-pulver-proteina-desayuno-02-150x150.jpg 150w, https:\/\/www.demusculos.com\/web\/wp-content\/uploads\/2024\/03\/cappuccino-pulver-proteina-desayuno-02-800x800.jpg 800w, https:\/\/www.demusculos.com\/web\/wp-content\/uploads\/2024\/03\/cappuccino-pulver-proteina-desayuno-02-1024x1024.jpg 1024w, https:\/\/www.demusculos.com\/web\/wp-content\/uploads\/2024\/03\/cappuccino-pulver-proteina-desayuno-02-768x768.jpg 768w\" sizes=\"(max-width: 1080px) 100vw, 1080px\" \/><figcaption id=\"caption-attachment-3891\" class=\"wp-caption-text\">Estos son solo 4 beneficios del Cappuccino 500 grs de Pulver<\/figcaption><\/figure>\n<figure id=\"attachment_10259\" aria-describedby=\"caption-attachment-10259\" style=\"width: 1080px\" class=\"wp-caption alignnone\"><img loading=\"lazy\" decoding=\"async\" class=\"wp-image-10259 size-full\" title=\"Cappuccino Pulver\" src=\"https:\/\/www.demusculos.com\/web\/wp-content\/uploads\/2024\/03\/cappuccino-500grs-de-pulver-prolac-whey-1.jpg\" alt=\"Prote\u00edna Prolac para arrancar el d\u00eda\" width=\"1080\" height=\"1080\" srcset=\"https:\/\/www.demusculos.com\/web\/wp-content\/uploads\/2024\/03\/cappuccino-500grs-de-pulver-prolac-whey-1.jpg 1080w, https:\/\/www.demusculos.com\/web\/wp-content\/uploads\/2024\/03\/cappuccino-500grs-de-pulver-prolac-whey-1-300x300.jpg 300w, https:\/\/www.demusculos.com\/web\/wp-content\/uploads\/2024\/03\/cappuccino-500grs-de-pulver-prolac-whey-1-150x150.jpg 150w, https:\/\/www.demusculos.com\/web\/wp-content\/uploads\/2024\/03\/cappuccino-500grs-de-pulver-prolac-whey-1-800x800.jpg 800w, https:\/\/www.demusculos.com\/web\/wp-content\/uploads\/2024\/03\/cappuccino-500grs-de-pulver-prolac-whey-1-1024x1024.jpg 1024w, https:\/\/www.demusculos.com\/web\/wp-content\/uploads\/2024\/03\/cappuccino-500grs-de-pulver-prolac-whey-1-768x768.jpg 768w\" sizes=\"(max-width: 1080px) 100vw, 1080px\" \/><figcaption id=\"caption-attachment-10259\" class=\"wp-caption-text\">Ideal para comenzar tu d\u00eda<\/figcaption><\/figure>\n<figure id=\"attachment_10264\" aria-describedby=\"caption-attachment-10264\" style=\"width: 1080px\" class=\"wp-caption alignnone\"><img loading=\"lazy\" decoding=\"async\" class=\"wp-image-10264 size-full\" title=\"Informaci\u00f3n nutricional\" src=\"https:\/\/www.demusculos.com\/web\/wp-content\/uploads\/2024\/03\/cappuccino-500grs-de-pulver-prolac-whey-6.jpg\" alt=\"Informaci\u00f3n nutricional - Prote\u00edna Prolac de Pulver\" width=\"1080\" height=\"1080\" srcset=\"https:\/\/www.demusculos.com\/web\/wp-content\/uploads\/2024\/03\/cappuccino-500grs-de-pulver-prolac-whey-6.jpg 1080w, https:\/\/www.demusculos.com\/web\/wp-content\/uploads\/2024\/03\/cappuccino-500grs-de-pulver-prolac-whey-6-300x300.jpg 300w, https:\/\/www.demusculos.com\/web\/wp-content\/uploads\/2024\/03\/cappuccino-500grs-de-pulver-prolac-whey-6-150x150.jpg 150w, https:\/\/www.demusculos.com\/web\/wp-content\/uploads\/2024\/03\/cappuccino-500grs-de-pulver-prolac-whey-6-800x800.jpg 800w, https:\/\/www.demusculos.com\/web\/wp-content\/uploads\/2024\/03\/cappuccino-500grs-de-pulver-prolac-whey-6-1024x1024.jpg 1024w, https:\/\/www.demusculos.com\/web\/wp-content\/uploads\/2024\/03\/cappuccino-500grs-de-pulver-prolac-whey-6-768x768.jpg 768w\" sizes=\"(max-width: 1080px) 100vw, 1080px\" \/><figcaption id=\"caption-attachment-10264\" class=\"wp-caption-text\">Esta prote\u00edna es ideal para tomar fr\u00eda o caliente<\/figcaption><\/figure>\n<figure id=\"attachment_10263\" aria-describedby=\"caption-attachment-10263\" style=\"width: 1080px\" class=\"wp-caption alignnone\"><img loading=\"lazy\" decoding=\"async\" class=\"wp-image-10263 size-full\" title=\"Preparaci\u00f3n\" src=\"https:\/\/www.demusculos.com\/web\/wp-content\/uploads\/2024\/03\/cappuccino-500grs-de-pulver-prolac-whey-5.jpg\" alt=\"\u00bfC\u00f3mo tomar y preparar?\" width=\"1080\" height=\"1080\" srcset=\"https:\/\/www.demusculos.com\/web\/wp-content\/uploads\/2024\/03\/cappuccino-500grs-de-pulver-prolac-whey-5.jpg 1080w, https:\/\/www.demusculos.com\/web\/wp-content\/uploads\/2024\/03\/cappuccino-500grs-de-pulver-prolac-whey-5-300x300.jpg 300w, https:\/\/www.demusculos.com\/web\/wp-content\/uploads\/2024\/03\/cappuccino-500grs-de-pulver-prolac-whey-5-150x150.jpg 150w, https:\/\/www.demusculos.com\/web\/wp-content\/uploads\/2024\/03\/cappuccino-500grs-de-pulver-prolac-whey-5-800x800.jpg 800w, https:\/\/www.demusculos.com\/web\/wp-content\/uploads\/2024\/03\/cappuccino-500grs-de-pulver-prolac-whey-5-1024x1024.jpg 1024w, https:\/\/www.demusculos.com\/web\/wp-content\/uploads\/2024\/03\/cappuccino-500grs-de-pulver-prolac-whey-5-768x768.jpg 768w\" sizes=\"(max-width: 1080px) 100vw, 1080px\" \/><figcaption id=\"caption-attachment-10263\" class=\"wp-caption-text\">Te ense\u00f1amos a preparar esta excelente prote\u00edna<\/figcaption><\/figure>\n<figure id=\"attachment_10262\" aria-describedby=\"caption-attachment-10262\" style=\"width: 1080px\" class=\"wp-caption alignnone\"><img loading=\"lazy\" decoding=\"async\" class=\"wp-image-10262 size-full\" src=\"https:\/\/www.demusculos.com\/web\/wp-content\/uploads\/2024\/03\/cappuccino-500grs-de-pulver-prolac-whey-4.jpg\" alt=\"\u00bfPara quien es la prote\u00edna prolac de Pulver?\" width=\"1080\" height=\"1080\" srcset=\"https:\/\/www.demusculos.com\/web\/wp-content\/uploads\/2024\/03\/cappuccino-500grs-de-pulver-prolac-whey-4.jpg 1080w, https:\/\/www.demusculos.com\/web\/wp-content\/uploads\/2024\/03\/cappuccino-500grs-de-pulver-prolac-whey-4-300x300.jpg 300w, https:\/\/www.demusculos.com\/web\/wp-content\/uploads\/2024\/03\/cappuccino-500grs-de-pulver-prolac-whey-4-150x150.jpg 150w, https:\/\/www.demusculos.com\/web\/wp-content\/uploads\/2024\/03\/cappuccino-500grs-de-pulver-prolac-whey-4-800x800.jpg 800w, https:\/\/www.demusculos.com\/web\/wp-content\/uploads\/2024\/03\/cappuccino-500grs-de-pulver-prolac-whey-4-1024x1024.jpg 1024w, https:\/\/www.demusculos.com\/web\/wp-content\/uploads\/2024\/03\/cappuccino-500grs-de-pulver-prolac-whey-4-768x768.jpg 768w\" sizes=\"(max-width: 1080px) 100vw, 1080px\" \/><figcaption id=\"caption-attachment-10262\" class=\"wp-caption-text\">Algunos ejercicios para acompa\u00f1ar con tu prote\u00edna<\/figcaption><\/figure>\n<p><img loading=\"lazy\" decoding=\"async\" class=\"alignnone wp-image-10261 size-full\" src=\"https:\/\/www.demusculos.com\/web\/wp-content\/uploads\/2024\/03\/cappuccino-500grs-de-pulver-prolac-whey-3.jpg\" alt=\"M\u00e1s beneficios de tomar Prolac Whey (Prote\u00edna de suero de leche)\" width=\"1080\" height=\"1080\" srcset=\"https:\/\/www.demusculos.com\/web\/wp-content\/uploads\/2024\/03\/cappuccino-500grs-de-pulver-prolac-whey-3.jpg 1080w, https:\/\/www.demusculos.com\/web\/wp-content\/uploads\/2024\/03\/cappuccino-500grs-de-pulver-prolac-whey-3-300x300.jpg 300w, https:\/\/www.demusculos.com\/web\/wp-content\/uploads\/2024\/03\/cappuccino-500grs-de-pulver-prolac-whey-3-150x150.jpg 150w, https:\/\/www.demusculos.com\/web\/wp-content\/uploads\/2024\/03\/cappuccino-500grs-de-pulver-prolac-whey-3-800x800.jpg 800w, https:\/\/www.demusculos.com\/web\/wp-content\/uploads\/2024\/03\/cappuccino-500grs-de-pulver-prolac-whey-3-1024x1024.jpg 1024w, https:\/\/www.demusculos.com\/web\/wp-content\/uploads\/2024\/03\/cappuccino-500grs-de-pulver-prolac-whey-3-768x768.jpg 768w\" sizes=\"(max-width: 1080px) 100vw, 1080px\" \/><\/p>\n<p><img loading=\"lazy\" decoding=\"async\" class=\"alignnone size-full wp-image-10260\" src=\"https:\/\/www.demusculos.com\/web\/wp-content\/uploads\/2024\/03\/cappuccino-500grs-de-pulver-prolac-whey-2.jpg\" alt=\"Beneficios de tomar prote\u00edna sabor Cappuccino al comienzo del d\u00eda\" width=\"1080\" height=\"1080\" srcset=\"https:\/\/www.demusculos.com\/web\/wp-content\/uploads\/2024\/03\/cappuccino-500grs-de-pulver-prolac-whey-2.jpg 1080w, https:\/\/www.demusculos.com\/web\/wp-content\/uploads\/2024\/03\/cappuccino-500grs-de-pulver-prolac-whey-2-300x300.jpg 300w, https:\/\/www.demusculos.com\/web\/wp-content\/uploads\/2024\/03\/cappuccino-500grs-de-pulver-prolac-whey-2-150x150.jpg 150w, https:\/\/www.demusculos.com\/web\/wp-content\/uploads\/2024\/03\/cappuccino-500grs-de-pulver-prolac-whey-2-800x800.jpg 800w, https:\/\/www.demusculos.com\/web\/wp-content\/uploads\/2024\/03\/cappuccino-500grs-de-pulver-prolac-whey-2-1024x1024.jpg 1024w, https:\/\/www.demusculos.com\/web\/wp-content\/uploads\/2024\/03\/cappuccino-500grs-de-pulver-prolac-whey-2-768x768.jpg 768w\" sizes=\"(max-width: 1080px) 100vw, 1080px\" \/><\/p>\n","protected":false},"excerpt":{"rendered":"<p>Prote\u00edna ideal para el desayuno. Aporte de prote\u00ednas, dieta proteica. Recuperaci\u00f3n y rendimiento.<\/p>\n","protected":false},"featured_media":1959,"comment_status":"closed","ping_status":"closed","template":"","meta":[],"product_brand":[221],"product_cat":[16],"product_tag":[98,139,97,28],"class_list":{"0":"post-1958","1":"product","2":"type-product","3":"status-publish","4":"has-post-thumbnail","6":"product_brand-pulver","7":"product_cat-proteinas","8":"product_tag-colacion","9":"product_tag-desayuno","10":"product_tag-dieta","11":"product_tag-pulver","13":"first","14":"outofstock","15":"sale","16":"shipping-taxable","17":"purchasable","18":"product-type-simple"},"yoast_head":"<!-- This site is optimized with the Yoast SEO plugin v27.5 - https:\/\/yoast.com\/product\/yoast-seo-wordpress\/ -->\n<title>Prolac Whey Cappuccino Pulver | Prote\u00edna para el Desayuno<\/title>\n<meta name=\"description\" content=\"Aporte de prote\u00edna de suero de leche Prolac Whey Cappuccino Pulver x 500 gramos. Ideal para recuperaci\u00f3n, rendimiento, sin sodio ni grasas.\" \/>\n<meta name=\"robots\" content=\"index, follow, max-snippet:-1, max-image-preview:large, max-video-preview:-1\" \/>\n<link rel=\"canonical\" href=\"https:\/\/www.demusculos.com\/web\/producto\/cappuccino-500-grs-pulver\/\" \/>\n<meta property=\"og:locale\" content=\"es_ES\" \/>\n<meta property=\"og:type\" content=\"article\" \/>\n<meta property=\"og:title\" content=\"Prolac Whey Cappuccino Pulver | Prote\u00edna para el Desayuno\" \/>\n<meta property=\"og:description\" content=\"Aporte de prote\u00edna de suero de leche Prolac Whey Cappuccino Pulver x 500 gramos. Ideal para recuperaci\u00f3n, rendimiento, sin sodio ni grasas.\" \/>\n<meta property=\"og:url\" content=\"https:\/\/www.demusculos.com\/web\/producto\/cappuccino-500-grs-pulver\/\" \/>\n<meta property=\"og:site_name\" content=\"DeMusculos\" \/>\n<meta property=\"article:publisher\" content=\"https:\/\/www.facebook.com\/demusculos\" \/>\n<meta property=\"article:modified_time\" content=\"2026-04-24T00:42:15+00:00\" \/>\n<meta property=\"og:image\" content=\"https:\/\/www.demusculos.com\/web\/wp-content\/uploads\/2024\/03\/cappuccino-pulver-500-grs-01.jpg\" \/>\n\t<meta property=\"og:image:width\" content=\"1000\" \/>\n\t<meta property=\"og:image:height\" content=\"1000\" \/>\n\t<meta property=\"og:image:type\" content=\"image\/jpeg\" \/>\n<meta name=\"twitter:card\" content=\"summary_large_image\" \/>\n<meta name=\"twitter:site\" content=\"@demusculos\" \/>\n<meta name=\"twitter:label1\" content=\"Tiempo de lectura\" \/>\n\t<meta name=\"twitter:data1\" content=\"4 minutos\" \/>\n<script type=\"application\/ld+json\" class=\"yoast-schema-graph\">{\"@context\":\"https:\\\/\\\/schema.org\",\"@graph\":[{\"@type\":\"WebPage\",\"@id\":\"https:\\\/\\\/www.demusculos.com\\\/web\\\/producto\\\/cappuccino-500-grs-pulver\\\/\",\"url\":\"https:\\\/\\\/www.demusculos.com\\\/web\\\/producto\\\/cappuccino-500-grs-pulver\\\/\",\"name\":\"Prolac Whey Cappuccino Pulver | Prote\u00edna para el Desayuno\",\"isPartOf\":{\"@id\":\"https:\\\/\\\/www.demusculos.com\\\/web\\\/#website\"},\"primaryImageOfPage\":{\"@id\":\"https:\\\/\\\/www.demusculos.com\\\/web\\\/producto\\\/cappuccino-500-grs-pulver\\\/#primaryimage\"},\"image\":{\"@id\":\"https:\\\/\\\/www.demusculos.com\\\/web\\\/producto\\\/cappuccino-500-grs-pulver\\\/#primaryimage\"},\"thumbnailUrl\":\"https:\\\/\\\/www.demusculos.com\\\/web\\\/wp-content\\\/uploads\\\/2024\\\/03\\\/cappuccino-pulver-500-grs-01.jpg\",\"datePublished\":\"2024-03-06T11:42:10+00:00\",\"dateModified\":\"2026-04-24T00:42:15+00:00\",\"description\":\"Aporte de prote\u00edna de suero de leche Prolac Whey Cappuccino Pulver x 500 gramos. Ideal para recuperaci\u00f3n, rendimiento, sin sodio ni grasas.\",\"breadcrumb\":{\"@id\":\"https:\\\/\\\/www.demusculos.com\\\/web\\\/producto\\\/cappuccino-500-grs-pulver\\\/#breadcrumb\"},\"inLanguage\":\"es\",\"potentialAction\":[{\"@type\":\"ReadAction\",\"target\":[\"https:\\\/\\\/www.demusculos.com\\\/web\\\/producto\\\/cappuccino-500-grs-pulver\\\/\"]}]},{\"@type\":\"ImageObject\",\"inLanguage\":\"es\",\"@id\":\"https:\\\/\\\/www.demusculos.com\\\/web\\\/producto\\\/cappuccino-500-grs-pulver\\\/#primaryimage\",\"url\":\"https:\\\/\\\/www.demusculos.com\\\/web\\\/wp-content\\\/uploads\\\/2024\\\/03\\\/cappuccino-pulver-500-grs-01.jpg\",\"contentUrl\":\"https:\\\/\\\/www.demusculos.com\\\/web\\\/wp-content\\\/uploads\\\/2024\\\/03\\\/cappuccino-pulver-500-grs-01.jpg\",\"width\":1000,\"height\":1000,\"caption\":\"Cappuccino 500 grs de Pulver\"},{\"@type\":\"BreadcrumbList\",\"@id\":\"https:\\\/\\\/www.demusculos.com\\\/web\\\/producto\\\/cappuccino-500-grs-pulver\\\/#breadcrumb\",\"itemListElement\":[{\"@type\":\"ListItem\",\"position\":1,\"name\":\"Inicio\",\"item\":\"https:\\\/\\\/www.demusculos.com\\\/web\\\/\"},{\"@type\":\"ListItem\",\"position\":2,\"name\":\"Suplementos\",\"item\":\"https:\\\/\\\/www.demusculos.com\\\/web\\\/tienda\\\/\"},{\"@type\":\"ListItem\",\"position\":3,\"name\":\"Cappuccino 500 grs Pulver\"}]},{\"@type\":\"WebSite\",\"@id\":\"https:\\\/\\\/www.demusculos.com\\\/web\\\/#website\",\"url\":\"https:\\\/\\\/www.demusculos.com\\\/web\\\/\",\"name\":\"DeMusculos.com\",\"description\":\"Suplementos Naturales\",\"publisher\":{\"@id\":\"https:\\\/\\\/www.demusculos.com\\\/web\\\/#organization\"},\"alternateName\":\"Suplementos Naturales\",\"potentialAction\":[{\"@type\":\"SearchAction\",\"target\":{\"@type\":\"EntryPoint\",\"urlTemplate\":\"https:\\\/\\\/www.demusculos.com\\\/web\\\/?s={search_term_string}\"},\"query-input\":{\"@type\":\"PropertyValueSpecification\",\"valueRequired\":true,\"valueName\":\"search_term_string\"}}],\"inLanguage\":\"es\"},{\"@type\":\"Organization\",\"@id\":\"https:\\\/\\\/www.demusculos.com\\\/web\\\/#organization\",\"name\":\"DeMusculos.com\",\"alternateName\":\"DeMusculos\",\"url\":\"https:\\\/\\\/www.demusculos.com\\\/web\\\/\",\"logo\":{\"@type\":\"ImageObject\",\"inLanguage\":\"es\",\"@id\":\"https:\\\/\\\/www.demusculos.com\\\/web\\\/#\\\/schema\\\/logo\\\/image\\\/\",\"url\":\"https:\\\/\\\/www.demusculos.com\\\/web\\\/wp-content\\\/uploads\\\/2024\\\/02\\\/logo-demusculos-prestashop-usuario.png\",\"contentUrl\":\"https:\\\/\\\/www.demusculos.com\\\/web\\\/wp-content\\\/uploads\\\/2024\\\/02\\\/logo-demusculos-prestashop-usuario.png\",\"width\":150,\"height\":150,\"caption\":\"DeMusculos.com\"},\"image\":{\"@id\":\"https:\\\/\\\/www.demusculos.com\\\/web\\\/#\\\/schema\\\/logo\\\/image\\\/\"},\"sameAs\":[\"https:\\\/\\\/www.facebook.com\\\/demusculos\",\"https:\\\/\\\/x.com\\\/demusculos\",\"https:\\\/\\\/www.instagram.com\\\/demusculos\",\"https:\\\/\\\/www.tiktok.com\\\/@demusculos.com\"]}]}<\/script>\n<!-- \/ Yoast SEO plugin. -->","yoast_head_json":{"title":"Prolac Whey Cappuccino Pulver | Prote\u00edna para el Desayuno","description":"Aporte de prote\u00edna de suero de leche Prolac Whey Cappuccino Pulver x 500 gramos. Ideal para recuperaci\u00f3n, rendimiento, sin sodio ni grasas.","robots":{"index":"index","follow":"follow","max-snippet":"max-snippet:-1","max-image-preview":"max-image-preview:large","max-video-preview":"max-video-preview:-1"},"canonical":"https:\/\/www.demusculos.com\/web\/producto\/cappuccino-500-grs-pulver\/","og_locale":"es_ES","og_type":"article","og_title":"Prolac Whey Cappuccino Pulver | Prote\u00edna para el Desayuno","og_description":"Aporte de prote\u00edna de suero de leche Prolac Whey Cappuccino Pulver x 500 gramos. Ideal para recuperaci\u00f3n, rendimiento, sin sodio ni grasas.","og_url":"https:\/\/www.demusculos.com\/web\/producto\/cappuccino-500-grs-pulver\/","og_site_name":"DeMusculos","article_publisher":"https:\/\/www.facebook.com\/demusculos","article_modified_time":"2026-04-24T00:42:15+00:00","og_image":[{"width":1000,"height":1000,"url":"https:\/\/www.demusculos.com\/web\/wp-content\/uploads\/2024\/03\/cappuccino-pulver-500-grs-01.jpg","type":"image\/jpeg"}],"twitter_card":"summary_large_image","twitter_site":"@demusculos","twitter_misc":{"Tiempo de lectura":"4 minutos"},"schema":{"@context":"https:\/\/schema.org","@graph":[{"@type":"WebPage","@id":"https:\/\/www.demusculos.com\/web\/producto\/cappuccino-500-grs-pulver\/","url":"https:\/\/www.demusculos.com\/web\/producto\/cappuccino-500-grs-pulver\/","name":"Prolac Whey Cappuccino Pulver | Prote\u00edna para el Desayuno","isPartOf":{"@id":"https:\/\/www.demusculos.com\/web\/#website"},"primaryImageOfPage":{"@id":"https:\/\/www.demusculos.com\/web\/producto\/cappuccino-500-grs-pulver\/#primaryimage"},"image":{"@id":"https:\/\/www.demusculos.com\/web\/producto\/cappuccino-500-grs-pulver\/#primaryimage"},"thumbnailUrl":"https:\/\/www.demusculos.com\/web\/wp-content\/uploads\/2024\/03\/cappuccino-pulver-500-grs-01.jpg","datePublished":"2024-03-06T11:42:10+00:00","dateModified":"2026-04-24T00:42:15+00:00","description":"Aporte de prote\u00edna de suero de leche Prolac Whey Cappuccino Pulver x 500 gramos. Ideal para recuperaci\u00f3n, rendimiento, sin sodio ni grasas.","breadcrumb":{"@id":"https:\/\/www.demusculos.com\/web\/producto\/cappuccino-500-grs-pulver\/#breadcrumb"},"inLanguage":"es","potentialAction":[{"@type":"ReadAction","target":["https:\/\/www.demusculos.com\/web\/producto\/cappuccino-500-grs-pulver\/"]}]},{"@type":"ImageObject","inLanguage":"es","@id":"https:\/\/www.demusculos.com\/web\/producto\/cappuccino-500-grs-pulver\/#primaryimage","url":"https:\/\/www.demusculos.com\/web\/wp-content\/uploads\/2024\/03\/cappuccino-pulver-500-grs-01.jpg","contentUrl":"https:\/\/www.demusculos.com\/web\/wp-content\/uploads\/2024\/03\/cappuccino-pulver-500-grs-01.jpg","width":1000,"height":1000,"caption":"Cappuccino 500 grs de Pulver"},{"@type":"BreadcrumbList","@id":"https:\/\/www.demusculos.com\/web\/producto\/cappuccino-500-grs-pulver\/#breadcrumb","itemListElement":[{"@type":"ListItem","position":1,"name":"Inicio","item":"https:\/\/www.demusculos.com\/web\/"},{"@type":"ListItem","position":2,"name":"Suplementos","item":"https:\/\/www.demusculos.com\/web\/tienda\/"},{"@type":"ListItem","position":3,"name":"Cappuccino 500 grs Pulver"}]},{"@type":"WebSite","@id":"https:\/\/www.demusculos.com\/web\/#website","url":"https:\/\/www.demusculos.com\/web\/","name":"DeMusculos.com","description":"Suplementos Naturales","publisher":{"@id":"https:\/\/www.demusculos.com\/web\/#organization"},"alternateName":"Suplementos Naturales","potentialAction":[{"@type":"SearchAction","target":{"@type":"EntryPoint","urlTemplate":"https:\/\/www.demusculos.com\/web\/?s={search_term_string}"},"query-input":{"@type":"PropertyValueSpecification","valueRequired":true,"valueName":"search_term_string"}}],"inLanguage":"es"},{"@type":"Organization","@id":"https:\/\/www.demusculos.com\/web\/#organization","name":"DeMusculos.com","alternateName":"DeMusculos","url":"https:\/\/www.demusculos.com\/web\/","logo":{"@type":"ImageObject","inLanguage":"es","@id":"https:\/\/www.demusculos.com\/web\/#\/schema\/logo\/image\/","url":"https:\/\/www.demusculos.com\/web\/wp-content\/uploads\/2024\/02\/logo-demusculos-prestashop-usuario.png","contentUrl":"https:\/\/www.demusculos.com\/web\/wp-content\/uploads\/2024\/02\/logo-demusculos-prestashop-usuario.png","width":150,"height":150,"caption":"DeMusculos.com"},"image":{"@id":"https:\/\/www.demusculos.com\/web\/#\/schema\/logo\/image\/"},"sameAs":["https:\/\/www.facebook.com\/demusculos","https:\/\/x.com\/demusculos","https:\/\/www.instagram.com\/demusculos","https:\/\/www.tiktok.com\/@demusculos.com"]}]}},"_links":{"self":[{"href":"https:\/\/www.demusculos.com\/web\/wp-json\/wp\/v2\/product\/1958","targetHints":{"allow":["GET"]}}],"collection":[{"href":"https:\/\/www.demusculos.com\/web\/wp-json\/wp\/v2\/product"}],"about":[{"href":"https:\/\/www.demusculos.com\/web\/wp-json\/wp\/v2\/types\/product"}],"replies":[{"embeddable":true,"href":"https:\/\/www.demusculos.com\/web\/wp-json\/wp\/v2\/comments?post=1958"}],"wp:featuredmedia":[{"embeddable":true,"href":"https:\/\/www.demusculos.com\/web\/wp-json\/wp\/v2\/media\/1959"}],"wp:attachment":[{"href":"https:\/\/www.demusculos.com\/web\/wp-json\/wp\/v2\/media?parent=1958"}],"wp:term":[{"taxonomy":"product_brand","embeddable":true,"href":"https:\/\/www.demusculos.com\/web\/wp-json\/wp\/v2\/product_brand?post=1958"},{"taxonomy":"product_cat","embeddable":true,"href":"https:\/\/www.demusculos.com\/web\/wp-json\/wp\/v2\/product_cat?post=1958"},{"taxonomy":"product_tag","embeddable":true,"href":"https:\/\/www.demusculos.com\/web\/wp-json\/wp\/v2\/product_tag?post=1958"}],"curies":[{"name":"wp","href":"https:\/\/api.w.org\/{rel}","templated":true}]}}