{"id":1983,"date":"2024-03-06T09:08:36","date_gmt":"2024-03-06T12:08:36","guid":{"rendered":"https:\/\/www.demusculos.com\/web\/?post_type=product&#038;p=1983"},"modified":"2026-05-02T01:33:54","modified_gmt":"2026-05-02T04:33:54","slug":"bcaa-150-grs-de-pulver","status":"publish","type":"product","link":"https:\/\/www.demusculos.com\/web\/producto\/bcaa-150-grs-de-pulver\/","title":{"rendered":"BCAA 150 grs de Pulver"},"content":{"rendered":"<h2>Bcaa Polvo x150 grs Pulver<\/h2>\n<p>Los Bcaa Polvo de Pulver te ayudan a aumentar masa muscular a trav\u00e9s de una mayor recuperaci\u00f3n muscular.<\/p>\n<figure id=\"attachment_182\" aria-describedby=\"caption-attachment-182\" style=\"width: 446px\" class=\"wp-caption alignnone\"><img decoding=\"async\" class=\"size-full wp-image-182\" src=\"https:\/\/www.demusculos.com\/web\/wp-content\/uploads\/2024\/02\/logo-pulver.png\" alt=\"Productos naturales y deporitvos de la marca Pulver. Todos los suplementos son sin Tacc aptos para celiacos.\" width=\"446\" height=\"103\" srcset=\"https:\/\/www.demusculos.com\/web\/wp-content\/uploads\/2024\/02\/logo-pulver.png 446w, https:\/\/www.demusculos.com\/web\/wp-content\/uploads\/2024\/02\/logo-pulver-300x69.png 300w, https:\/\/www.demusculos.com\/web\/wp-content\/uploads\/2024\/02\/logo-pulver-150x35.png 150w, https:\/\/www.demusculos.com\/web\/wp-content\/uploads\/2024\/02\/logo-pulver-416x96.png 416w\" sizes=\"(max-width: 446px) 100vw, 446px\" \/><figcaption id=\"caption-attachment-182\" class=\"wp-caption-text\">Suplementos naturales ideales para aumentar masa muscular, rendimiento, recuperaci\u00f3n y para la dieta. Alimentos proteicos sin TACC.<\/figcaption><\/figure>\n<h2>Amino\u00e1cidos Ramificados o BCAA<\/h2>\n<figure id=\"attachment_6827\" aria-describedby=\"caption-attachment-6827\" style=\"width: 1080px\" class=\"wp-caption alignnone\"><img fetchpriority=\"high\" decoding=\"async\" class=\"wp-image-6827 size-full\" title=\"Bcaa Polvo\" src=\"https:\/\/www.demusculos.com\/web\/wp-content\/uploads\/2024\/03\/aminoacidos-bcaa-polvo-pulver-1.jpg\" alt=\"Te presentamos los amino\u00e1cidos B C A A de Pulver. 100% sanos y naturales. Para todos los deportes. Para hombres y mujeres.\" width=\"1080\" height=\"1080\" srcset=\"https:\/\/www.demusculos.com\/web\/wp-content\/uploads\/2024\/03\/aminoacidos-bcaa-polvo-pulver-1.jpg 1080w, https:\/\/www.demusculos.com\/web\/wp-content\/uploads\/2024\/03\/aminoacidos-bcaa-polvo-pulver-1-300x300.jpg 300w, https:\/\/www.demusculos.com\/web\/wp-content\/uploads\/2024\/03\/aminoacidos-bcaa-polvo-pulver-1-150x150.jpg 150w, https:\/\/www.demusculos.com\/web\/wp-content\/uploads\/2024\/03\/aminoacidos-bcaa-polvo-pulver-1-800x800.jpg 800w, https:\/\/www.demusculos.com\/web\/wp-content\/uploads\/2024\/03\/aminoacidos-bcaa-polvo-pulver-1-1024x1024.jpg 1024w, https:\/\/www.demusculos.com\/web\/wp-content\/uploads\/2024\/03\/aminoacidos-bcaa-polvo-pulver-1-768x768.jpg 768w\" sizes=\"(max-width: 1080px) 100vw, 1080px\" \/><figcaption id=\"caption-attachment-6827\" class=\"wp-caption-text\">Presentaci\u00f3n<\/figcaption><\/figure>\n<p>Marca Pulver x 150 gramos<br \/>\nEn polvo.<br \/>\nMejor asimilaci\u00f3n.<br \/>\nSe prepara con agua.<br \/>\nSabor: Pomelo<\/p>\n<p>Ideal para hombres y mujeres.<br \/>\nPara todo tipo de deportes.<br \/>\nPara los que buscan:<br \/>\n. Recuperaci\u00f3n<br \/>\n. Rendimiento<br \/>\n. Masa muscular<br \/>\n. Restauraci\u00f3n de la fibra muscular y energ\u00eda<br \/>\n. Tono muscular<\/p>\n<figure id=\"attachment_6828\" aria-describedby=\"caption-attachment-6828\" style=\"width: 1080px\" class=\"wp-caption alignnone\"><img decoding=\"async\" class=\"wp-image-6828 size-full\" title=\"Bcaa Polvo. Sabor Pomelo.\" src=\"https:\/\/www.demusculos.com\/web\/wp-content\/uploads\/2024\/03\/aminoacidos-bcaa-polvo-pulver-2.jpg\" alt=\"Leucina, Isoleucina y Valina. Amino\u00e1cidos Ramificados.\" width=\"1080\" height=\"1080\" srcset=\"https:\/\/www.demusculos.com\/web\/wp-content\/uploads\/2024\/03\/aminoacidos-bcaa-polvo-pulver-2.jpg 1080w, https:\/\/www.demusculos.com\/web\/wp-content\/uploads\/2024\/03\/aminoacidos-bcaa-polvo-pulver-2-300x300.jpg 300w, https:\/\/www.demusculos.com\/web\/wp-content\/uploads\/2024\/03\/aminoacidos-bcaa-polvo-pulver-2-150x150.jpg 150w, https:\/\/www.demusculos.com\/web\/wp-content\/uploads\/2024\/03\/aminoacidos-bcaa-polvo-pulver-2-800x800.jpg 800w, https:\/\/www.demusculos.com\/web\/wp-content\/uploads\/2024\/03\/aminoacidos-bcaa-polvo-pulver-2-1024x1024.jpg 1024w, https:\/\/www.demusculos.com\/web\/wp-content\/uploads\/2024\/03\/aminoacidos-bcaa-polvo-pulver-2-768x768.jpg 768w\" sizes=\"(max-width: 1080px) 100vw, 1080px\" \/><figcaption id=\"caption-attachment-6828\" class=\"wp-caption-text\">Sabor Pomelo<\/figcaption><\/figure>\n<p>Se puede complementar con prote\u00ednas, creatinas y muchos m\u00e1s productos.<br \/>\nTambi\u00e9n con \u00f3xidos n\u00edtricos, quemadores de grasas y m\u00e1s.<\/p>\n<p>Fabricado en Argentina con materias primas de excelente calidad.<br \/>\nProducto sellado en fabrica.<br \/>\nProducto aprobado por el ministerio de salud con sus respectivos n\u00fameros de registro RNE y RNPA.<\/p>\n<p>\u00a1La marca de Suplementos Naturales con m\u00e1s trayectoria de toda la Argentina!<\/p>\n<figure id=\"attachment_6829\" aria-describedby=\"caption-attachment-6829\" style=\"width: 1080px\" class=\"wp-caption alignnone\"><img loading=\"lazy\" decoding=\"async\" class=\"size-full wp-image-6829\" src=\"https:\/\/www.demusculos.com\/web\/wp-content\/uploads\/2024\/03\/aminoacidos-bcaa-polvo-pulver-3.jpg\" alt=\"Amino BCAA 150 grs Pulver\" width=\"1080\" height=\"1080\" srcset=\"https:\/\/www.demusculos.com\/web\/wp-content\/uploads\/2024\/03\/aminoacidos-bcaa-polvo-pulver-3.jpg 1080w, https:\/\/www.demusculos.com\/web\/wp-content\/uploads\/2024\/03\/aminoacidos-bcaa-polvo-pulver-3-300x300.jpg 300w, https:\/\/www.demusculos.com\/web\/wp-content\/uploads\/2024\/03\/aminoacidos-bcaa-polvo-pulver-3-150x150.jpg 150w, https:\/\/www.demusculos.com\/web\/wp-content\/uploads\/2024\/03\/aminoacidos-bcaa-polvo-pulver-3-800x800.jpg 800w, https:\/\/www.demusculos.com\/web\/wp-content\/uploads\/2024\/03\/aminoacidos-bcaa-polvo-pulver-3-1024x1024.jpg 1024w, https:\/\/www.demusculos.com\/web\/wp-content\/uploads\/2024\/03\/aminoacidos-bcaa-polvo-pulver-3-768x768.jpg 768w\" sizes=\"(max-width: 1080px) 100vw, 1080px\" \/><figcaption id=\"caption-attachment-6829\" class=\"wp-caption-text\">Informaci\u00f3n nutricional<\/figcaption><\/figure>\n<figure id=\"attachment_6830\" aria-describedby=\"caption-attachment-6830\" style=\"width: 1080px\" class=\"wp-caption alignnone\"><img loading=\"lazy\" decoding=\"async\" class=\"size-full wp-image-6830\" src=\"https:\/\/www.demusculos.com\/web\/wp-content\/uploads\/2024\/03\/aminoacidos-bcaa-polvo-pulver-4.jpg\" alt=\"Amino BCAA 150 grs Pulver\" width=\"1080\" height=\"1080\" srcset=\"https:\/\/www.demusculos.com\/web\/wp-content\/uploads\/2024\/03\/aminoacidos-bcaa-polvo-pulver-4.jpg 1080w, https:\/\/www.demusculos.com\/web\/wp-content\/uploads\/2024\/03\/aminoacidos-bcaa-polvo-pulver-4-300x300.jpg 300w, https:\/\/www.demusculos.com\/web\/wp-content\/uploads\/2024\/03\/aminoacidos-bcaa-polvo-pulver-4-150x150.jpg 150w, https:\/\/www.demusculos.com\/web\/wp-content\/uploads\/2024\/03\/aminoacidos-bcaa-polvo-pulver-4-800x800.jpg 800w, https:\/\/www.demusculos.com\/web\/wp-content\/uploads\/2024\/03\/aminoacidos-bcaa-polvo-pulver-4-1024x1024.jpg 1024w, https:\/\/www.demusculos.com\/web\/wp-content\/uploads\/2024\/03\/aminoacidos-bcaa-polvo-pulver-4-768x768.jpg 768w\" sizes=\"(max-width: 1080px) 100vw, 1080px\" \/><figcaption id=\"caption-attachment-6830\" class=\"wp-caption-text\">Beneficios<\/figcaption><\/figure>\n<ul>\n<li><strong>Promueven la s\u00edntesis de prote\u00ednas musculares<\/strong>: Los BCAA, en particular la leucina, son fundamentales para activar la s\u00edntesis de prote\u00ednas, lo que ayuda a construir y reparar el tejido muscular despu\u00e9s del ejercicio intenso.<\/li>\n<li><strong>Reducen la fatiga durante el ejercicio<\/strong>: Los BCAA pueden ayudar a reducir la fatiga central al competir con el tript\u00f3fano en el cerebro, lo que disminuye la producci\u00f3n de serotonina, un neurotransmisor que provoca la sensaci\u00f3n de fatiga.<\/li>\n<\/ul>\n<figure id=\"attachment_6831\" aria-describedby=\"caption-attachment-6831\" style=\"width: 1080px\" class=\"wp-caption alignnone\"><img loading=\"lazy\" decoding=\"async\" class=\"size-full wp-image-6831\" src=\"https:\/\/www.demusculos.com\/web\/wp-content\/uploads\/2024\/03\/aminoacidos-bcaa-polvo-pulver-5.jpg\" alt=\"Amino BCAA 150 grs Pulver\" width=\"1080\" height=\"1080\" srcset=\"https:\/\/www.demusculos.com\/web\/wp-content\/uploads\/2024\/03\/aminoacidos-bcaa-polvo-pulver-5.jpg 1080w, https:\/\/www.demusculos.com\/web\/wp-content\/uploads\/2024\/03\/aminoacidos-bcaa-polvo-pulver-5-300x300.jpg 300w, https:\/\/www.demusculos.com\/web\/wp-content\/uploads\/2024\/03\/aminoacidos-bcaa-polvo-pulver-5-150x150.jpg 150w, https:\/\/www.demusculos.com\/web\/wp-content\/uploads\/2024\/03\/aminoacidos-bcaa-polvo-pulver-5-800x800.jpg 800w, https:\/\/www.demusculos.com\/web\/wp-content\/uploads\/2024\/03\/aminoacidos-bcaa-polvo-pulver-5-1024x1024.jpg 1024w, https:\/\/www.demusculos.com\/web\/wp-content\/uploads\/2024\/03\/aminoacidos-bcaa-polvo-pulver-5-768x768.jpg 768w\" sizes=\"(max-width: 1080px) 100vw, 1080px\" \/><figcaption id=\"caption-attachment-6831\" class=\"wp-caption-text\">A destacar<\/figcaption><\/figure>\n<ul>\n<li><strong>Mejoran la recuperaci\u00f3n muscular<\/strong>: El consumo de BCAA antes y despu\u00e9s del ejercicio puede disminuir el da\u00f1o muscular y acelerar la recuperaci\u00f3n, reduciendo el dolor muscular de aparici\u00f3n tard\u00eda (DOMS).<\/li>\n<li><strong>Previenen la p\u00e9rdida muscular<\/strong>: Durante per\u00edodos de ayuno o restricci\u00f3n cal\u00f3rica, como en una dieta para perder peso, los BCAA ayudan a preservar la masa muscular al evitar el catabolismo, es decir, la descomposici\u00f3n del tejido muscular.<\/li>\n<li><strong>Apoyan el rendimiento en deportes de resistencia<\/strong>: Los BCAA pueden mejorar el rendimiento en ejercicios prolongados al ayudar a conservar las reservas de gluc\u00f3geno muscular, lo que proporciona una fuente de energ\u00eda adicional durante actividades f\u00edsicas prolongadas.<\/li>\n<\/ul>\n<figure id=\"attachment_6832\" aria-describedby=\"caption-attachment-6832\" style=\"width: 1080px\" class=\"wp-caption alignnone\"><img loading=\"lazy\" decoding=\"async\" class=\"size-full wp-image-6832\" src=\"https:\/\/www.demusculos.com\/web\/wp-content\/uploads\/2024\/03\/aminoacidos-bcaa-polvo-pulver-6.jpg\" alt=\"Amino BCAA 150 grs Pulver\" width=\"1080\" height=\"1080\" srcset=\"https:\/\/www.demusculos.com\/web\/wp-content\/uploads\/2024\/03\/aminoacidos-bcaa-polvo-pulver-6.jpg 1080w, https:\/\/www.demusculos.com\/web\/wp-content\/uploads\/2024\/03\/aminoacidos-bcaa-polvo-pulver-6-300x300.jpg 300w, https:\/\/www.demusculos.com\/web\/wp-content\/uploads\/2024\/03\/aminoacidos-bcaa-polvo-pulver-6-150x150.jpg 150w, https:\/\/www.demusculos.com\/web\/wp-content\/uploads\/2024\/03\/aminoacidos-bcaa-polvo-pulver-6-800x800.jpg 800w, https:\/\/www.demusculos.com\/web\/wp-content\/uploads\/2024\/03\/aminoacidos-bcaa-polvo-pulver-6-1024x1024.jpg 1024w, https:\/\/www.demusculos.com\/web\/wp-content\/uploads\/2024\/03\/aminoacidos-bcaa-polvo-pulver-6-768x768.jpg 768w\" sizes=\"(max-width: 1080px) 100vw, 1080px\" \/><figcaption id=\"caption-attachment-6832\" class=\"wp-caption-text\">Para todo los deportes<\/figcaption><\/figure>\n","protected":false},"excerpt":{"rendered":"<p>Amino\u00e1cido en polvo. Amino\u00e1cidos RAMIFICADOS o BCAA: Leucina, Isoleucina y Valina.<\/p>\n","protected":false},"featured_media":1984,"comment_status":"closed","ping_status":"closed","template":"","meta":[],"product_brand":[221],"product_cat":[25],"product_tag":[28,79,78],"class_list":{"0":"post-1983","1":"product","2":"type-product","3":"status-publish","4":"has-post-thumbnail","6":"product_brand-pulver","7":"product_cat-bcaa","8":"product_tag-pulver","9":"product_tag-recuperacion","10":"product_tag-rendimiento","12":"first","13":"instock","14":"sale","15":"shipping-taxable","16":"purchasable","17":"product-type-simple"},"yoast_head":"<!-- This site is optimized with the Yoast SEO plugin v27.5 - https:\/\/yoast.com\/product\/yoast-seo-wordpress\/ -->\n<title>Bcaa Polvo | 150 grs | Pulver | Masa Muscular | DeMusculos.com<\/title>\n<meta name=\"description\" content=\"Bcaa Polvo 150 grs de Pulver son ideales para aumento de rendimiento y masa muscular. M\u00e1s energ\u00eda. Para todos los deportes. Para ambos sexos. Pago en l\u00ednea.\" \/>\n<meta name=\"robots\" content=\"index, follow, max-snippet:-1, max-image-preview:large, max-video-preview:-1\" \/>\n<link rel=\"canonical\" href=\"https:\/\/www.demusculos.com\/web\/producto\/bcaa-150-grs-de-pulver\/\" \/>\n<meta property=\"og:locale\" content=\"es_ES\" \/>\n<meta property=\"og:type\" content=\"article\" \/>\n<meta property=\"og:title\" content=\"Bcaa Polvo | 150 grs | Pulver | Masa Muscular | DeMusculos.com\" \/>\n<meta property=\"og:description\" content=\"Bcaa Polvo 150 grs de Pulver son ideales para aumento de rendimiento y masa muscular. M\u00e1s energ\u00eda. Para todos los deportes. Para ambos sexos. Pago en l\u00ednea.\" \/>\n<meta property=\"og:url\" content=\"https:\/\/www.demusculos.com\/web\/producto\/bcaa-150-grs-de-pulver\/\" \/>\n<meta property=\"og:site_name\" content=\"DeMusculos\" \/>\n<meta property=\"article:publisher\" content=\"https:\/\/www.facebook.com\/demusculos\" \/>\n<meta property=\"article:modified_time\" content=\"2026-05-02T04:33:54+00:00\" \/>\n<meta property=\"og:image\" content=\"https:\/\/www.demusculos.com\/web\/wp-content\/uploads\/2024\/03\/bcaa-pulver-polvo.jpg\" \/>\n\t<meta property=\"og:image:width\" content=\"1100\" \/>\n\t<meta property=\"og:image:height\" content=\"1100\" \/>\n\t<meta property=\"og:image:type\" content=\"image\/jpeg\" \/>\n<meta name=\"twitter:card\" content=\"summary_large_image\" \/>\n<meta name=\"twitter:site\" content=\"@demusculos\" \/>\n<meta name=\"twitter:label1\" content=\"Tiempo de lectura\" \/>\n\t<meta name=\"twitter:data1\" content=\"4 minutos\" \/>\n<script type=\"application\/ld+json\" class=\"yoast-schema-graph\">{\"@context\":\"https:\\\/\\\/schema.org\",\"@graph\":[{\"@type\":\"WebPage\",\"@id\":\"https:\\\/\\\/www.demusculos.com\\\/web\\\/producto\\\/bcaa-150-grs-de-pulver\\\/\",\"url\":\"https:\\\/\\\/www.demusculos.com\\\/web\\\/producto\\\/bcaa-150-grs-de-pulver\\\/\",\"name\":\"Bcaa Polvo | 150 grs | Pulver | Masa Muscular | DeMusculos.com\",\"isPartOf\":{\"@id\":\"https:\\\/\\\/www.demusculos.com\\\/web\\\/#website\"},\"primaryImageOfPage\":{\"@id\":\"https:\\\/\\\/www.demusculos.com\\\/web\\\/producto\\\/bcaa-150-grs-de-pulver\\\/#primaryimage\"},\"image\":{\"@id\":\"https:\\\/\\\/www.demusculos.com\\\/web\\\/producto\\\/bcaa-150-grs-de-pulver\\\/#primaryimage\"},\"thumbnailUrl\":\"https:\\\/\\\/www.demusculos.com\\\/web\\\/wp-content\\\/uploads\\\/2024\\\/03\\\/bcaa-pulver-polvo.jpg\",\"datePublished\":\"2024-03-06T12:08:36+00:00\",\"dateModified\":\"2026-05-02T04:33:54+00:00\",\"description\":\"Bcaa Polvo 150 grs de Pulver son ideales para aumento de rendimiento y masa muscular. M\u00e1s energ\u00eda. Para todos los deportes. Para ambos sexos. Pago en l\u00ednea.\",\"breadcrumb\":{\"@id\":\"https:\\\/\\\/www.demusculos.com\\\/web\\\/producto\\\/bcaa-150-grs-de-pulver\\\/#breadcrumb\"},\"inLanguage\":\"es\",\"potentialAction\":[{\"@type\":\"ReadAction\",\"target\":[\"https:\\\/\\\/www.demusculos.com\\\/web\\\/producto\\\/bcaa-150-grs-de-pulver\\\/\"]}]},{\"@type\":\"ImageObject\",\"inLanguage\":\"es\",\"@id\":\"https:\\\/\\\/www.demusculos.com\\\/web\\\/producto\\\/bcaa-150-grs-de-pulver\\\/#primaryimage\",\"url\":\"https:\\\/\\\/www.demusculos.com\\\/web\\\/wp-content\\\/uploads\\\/2024\\\/03\\\/bcaa-pulver-polvo.jpg\",\"contentUrl\":\"https:\\\/\\\/www.demusculos.com\\\/web\\\/wp-content\\\/uploads\\\/2024\\\/03\\\/bcaa-pulver-polvo.jpg\",\"width\":1100,\"height\":1100,\"caption\":\"Amino\u00e1cidos BCAA de Pulver x 150 grs\"},{\"@type\":\"BreadcrumbList\",\"@id\":\"https:\\\/\\\/www.demusculos.com\\\/web\\\/producto\\\/bcaa-150-grs-de-pulver\\\/#breadcrumb\",\"itemListElement\":[{\"@type\":\"ListItem\",\"position\":1,\"name\":\"Inicio\",\"item\":\"https:\\\/\\\/www.demusculos.com\\\/web\\\/\"},{\"@type\":\"ListItem\",\"position\":2,\"name\":\"Suplementos\",\"item\":\"https:\\\/\\\/www.demusculos.com\\\/web\\\/tienda\\\/\"},{\"@type\":\"ListItem\",\"position\":3,\"name\":\"BCAA 150 grs de Pulver\"}]},{\"@type\":\"WebSite\",\"@id\":\"https:\\\/\\\/www.demusculos.com\\\/web\\\/#website\",\"url\":\"https:\\\/\\\/www.demusculos.com\\\/web\\\/\",\"name\":\"DeMusculos.com\",\"description\":\"Suplementos Naturales\",\"publisher\":{\"@id\":\"https:\\\/\\\/www.demusculos.com\\\/web\\\/#organization\"},\"alternateName\":\"Suplementos Naturales\",\"potentialAction\":[{\"@type\":\"SearchAction\",\"target\":{\"@type\":\"EntryPoint\",\"urlTemplate\":\"https:\\\/\\\/www.demusculos.com\\\/web\\\/?s={search_term_string}\"},\"query-input\":{\"@type\":\"PropertyValueSpecification\",\"valueRequired\":true,\"valueName\":\"search_term_string\"}}],\"inLanguage\":\"es\"},{\"@type\":\"Organization\",\"@id\":\"https:\\\/\\\/www.demusculos.com\\\/web\\\/#organization\",\"name\":\"DeMusculos.com\",\"alternateName\":\"DeMusculos\",\"url\":\"https:\\\/\\\/www.demusculos.com\\\/web\\\/\",\"logo\":{\"@type\":\"ImageObject\",\"inLanguage\":\"es\",\"@id\":\"https:\\\/\\\/www.demusculos.com\\\/web\\\/#\\\/schema\\\/logo\\\/image\\\/\",\"url\":\"https:\\\/\\\/www.demusculos.com\\\/web\\\/wp-content\\\/uploads\\\/2024\\\/02\\\/logo-demusculos-prestashop-usuario.png\",\"contentUrl\":\"https:\\\/\\\/www.demusculos.com\\\/web\\\/wp-content\\\/uploads\\\/2024\\\/02\\\/logo-demusculos-prestashop-usuario.png\",\"width\":150,\"height\":150,\"caption\":\"DeMusculos.com\"},\"image\":{\"@id\":\"https:\\\/\\\/www.demusculos.com\\\/web\\\/#\\\/schema\\\/logo\\\/image\\\/\"},\"sameAs\":[\"https:\\\/\\\/www.facebook.com\\\/demusculos\",\"https:\\\/\\\/x.com\\\/demusculos\",\"https:\\\/\\\/www.instagram.com\\\/demusculos\",\"https:\\\/\\\/www.tiktok.com\\\/@demusculos.com\"]}]}<\/script>\n<!-- \/ Yoast SEO plugin. -->","yoast_head_json":{"title":"Bcaa Polvo | 150 grs | Pulver | Masa Muscular | DeMusculos.com","description":"Bcaa Polvo 150 grs de Pulver son ideales para aumento de rendimiento y masa muscular. M\u00e1s energ\u00eda. Para todos los deportes. Para ambos sexos. Pago en l\u00ednea.","robots":{"index":"index","follow":"follow","max-snippet":"max-snippet:-1","max-image-preview":"max-image-preview:large","max-video-preview":"max-video-preview:-1"},"canonical":"https:\/\/www.demusculos.com\/web\/producto\/bcaa-150-grs-de-pulver\/","og_locale":"es_ES","og_type":"article","og_title":"Bcaa Polvo | 150 grs | Pulver | Masa Muscular | DeMusculos.com","og_description":"Bcaa Polvo 150 grs de Pulver son ideales para aumento de rendimiento y masa muscular. M\u00e1s energ\u00eda. Para todos los deportes. Para ambos sexos. Pago en l\u00ednea.","og_url":"https:\/\/www.demusculos.com\/web\/producto\/bcaa-150-grs-de-pulver\/","og_site_name":"DeMusculos","article_publisher":"https:\/\/www.facebook.com\/demusculos","article_modified_time":"2026-05-02T04:33:54+00:00","og_image":[{"width":1100,"height":1100,"url":"https:\/\/www.demusculos.com\/web\/wp-content\/uploads\/2024\/03\/bcaa-pulver-polvo.jpg","type":"image\/jpeg"}],"twitter_card":"summary_large_image","twitter_site":"@demusculos","twitter_misc":{"Tiempo de lectura":"4 minutos"},"schema":{"@context":"https:\/\/schema.org","@graph":[{"@type":"WebPage","@id":"https:\/\/www.demusculos.com\/web\/producto\/bcaa-150-grs-de-pulver\/","url":"https:\/\/www.demusculos.com\/web\/producto\/bcaa-150-grs-de-pulver\/","name":"Bcaa Polvo | 150 grs | Pulver | Masa Muscular | DeMusculos.com","isPartOf":{"@id":"https:\/\/www.demusculos.com\/web\/#website"},"primaryImageOfPage":{"@id":"https:\/\/www.demusculos.com\/web\/producto\/bcaa-150-grs-de-pulver\/#primaryimage"},"image":{"@id":"https:\/\/www.demusculos.com\/web\/producto\/bcaa-150-grs-de-pulver\/#primaryimage"},"thumbnailUrl":"https:\/\/www.demusculos.com\/web\/wp-content\/uploads\/2024\/03\/bcaa-pulver-polvo.jpg","datePublished":"2024-03-06T12:08:36+00:00","dateModified":"2026-05-02T04:33:54+00:00","description":"Bcaa Polvo 150 grs de Pulver son ideales para aumento de rendimiento y masa muscular. M\u00e1s energ\u00eda. Para todos los deportes. Para ambos sexos. Pago en l\u00ednea.","breadcrumb":{"@id":"https:\/\/www.demusculos.com\/web\/producto\/bcaa-150-grs-de-pulver\/#breadcrumb"},"inLanguage":"es","potentialAction":[{"@type":"ReadAction","target":["https:\/\/www.demusculos.com\/web\/producto\/bcaa-150-grs-de-pulver\/"]}]},{"@type":"ImageObject","inLanguage":"es","@id":"https:\/\/www.demusculos.com\/web\/producto\/bcaa-150-grs-de-pulver\/#primaryimage","url":"https:\/\/www.demusculos.com\/web\/wp-content\/uploads\/2024\/03\/bcaa-pulver-polvo.jpg","contentUrl":"https:\/\/www.demusculos.com\/web\/wp-content\/uploads\/2024\/03\/bcaa-pulver-polvo.jpg","width":1100,"height":1100,"caption":"Amino\u00e1cidos BCAA de Pulver x 150 grs"},{"@type":"BreadcrumbList","@id":"https:\/\/www.demusculos.com\/web\/producto\/bcaa-150-grs-de-pulver\/#breadcrumb","itemListElement":[{"@type":"ListItem","position":1,"name":"Inicio","item":"https:\/\/www.demusculos.com\/web\/"},{"@type":"ListItem","position":2,"name":"Suplementos","item":"https:\/\/www.demusculos.com\/web\/tienda\/"},{"@type":"ListItem","position":3,"name":"BCAA 150 grs de Pulver"}]},{"@type":"WebSite","@id":"https:\/\/www.demusculos.com\/web\/#website","url":"https:\/\/www.demusculos.com\/web\/","name":"DeMusculos.com","description":"Suplementos Naturales","publisher":{"@id":"https:\/\/www.demusculos.com\/web\/#organization"},"alternateName":"Suplementos Naturales","potentialAction":[{"@type":"SearchAction","target":{"@type":"EntryPoint","urlTemplate":"https:\/\/www.demusculos.com\/web\/?s={search_term_string}"},"query-input":{"@type":"PropertyValueSpecification","valueRequired":true,"valueName":"search_term_string"}}],"inLanguage":"es"},{"@type":"Organization","@id":"https:\/\/www.demusculos.com\/web\/#organization","name":"DeMusculos.com","alternateName":"DeMusculos","url":"https:\/\/www.demusculos.com\/web\/","logo":{"@type":"ImageObject","inLanguage":"es","@id":"https:\/\/www.demusculos.com\/web\/#\/schema\/logo\/image\/","url":"https:\/\/www.demusculos.com\/web\/wp-content\/uploads\/2024\/02\/logo-demusculos-prestashop-usuario.png","contentUrl":"https:\/\/www.demusculos.com\/web\/wp-content\/uploads\/2024\/02\/logo-demusculos-prestashop-usuario.png","width":150,"height":150,"caption":"DeMusculos.com"},"image":{"@id":"https:\/\/www.demusculos.com\/web\/#\/schema\/logo\/image\/"},"sameAs":["https:\/\/www.facebook.com\/demusculos","https:\/\/x.com\/demusculos","https:\/\/www.instagram.com\/demusculos","https:\/\/www.tiktok.com\/@demusculos.com"]}]}},"_links":{"self":[{"href":"https:\/\/www.demusculos.com\/web\/wp-json\/wp\/v2\/product\/1983","targetHints":{"allow":["GET"]}}],"collection":[{"href":"https:\/\/www.demusculos.com\/web\/wp-json\/wp\/v2\/product"}],"about":[{"href":"https:\/\/www.demusculos.com\/web\/wp-json\/wp\/v2\/types\/product"}],"replies":[{"embeddable":true,"href":"https:\/\/www.demusculos.com\/web\/wp-json\/wp\/v2\/comments?post=1983"}],"wp:featuredmedia":[{"embeddable":true,"href":"https:\/\/www.demusculos.com\/web\/wp-json\/wp\/v2\/media\/1984"}],"wp:attachment":[{"href":"https:\/\/www.demusculos.com\/web\/wp-json\/wp\/v2\/media?parent=1983"}],"wp:term":[{"taxonomy":"product_brand","embeddable":true,"href":"https:\/\/www.demusculos.com\/web\/wp-json\/wp\/v2\/product_brand?post=1983"},{"taxonomy":"product_cat","embeddable":true,"href":"https:\/\/www.demusculos.com\/web\/wp-json\/wp\/v2\/product_cat?post=1983"},{"taxonomy":"product_tag","embeddable":true,"href":"https:\/\/www.demusculos.com\/web\/wp-json\/wp\/v2\/product_tag?post=1983"}],"curies":[{"name":"wp","href":"https:\/\/api.w.org\/{rel}","templated":true}]}}