{"id":1990,"date":"2024-03-06T09:29:09","date_gmt":"2024-03-06T12:29:09","guid":{"rendered":"https:\/\/www.demusculos.com\/web\/?post_type=product&#038;p=1990"},"modified":"2026-04-08T19:39:19","modified_gmt":"2026-04-08T22:39:19","slug":"arginina-1500-de-hoch-sport","status":"publish","type":"product","link":"https:\/\/www.demusculos.com\/web\/producto\/arginina-1500-de-hoch-sport\/","title":{"rendered":"Arginina 1500 de Hoch Sport"},"content":{"rendered":"<h2>Arginina 1500<\/h2>\n<p>Arginina 1500 de Hoch Sport es un excelente \u00f3xido n\u00edtrico. Se encarga de recuperarte m\u00e1s r\u00e1pidamente. Al haber m\u00e1s recuperaci\u00f3n hay m\u00e1s rendimiento y masa muscular.<\/p>\n<figure id=\"attachment_6701\" aria-describedby=\"caption-attachment-6701\" style=\"width: 1080px\" class=\"wp-caption alignnone\"><img fetchpriority=\"high\" decoding=\"async\" class=\"size-full wp-image-6701\" src=\"https:\/\/www.demusculos.com\/web\/wp-content\/uploads\/2024\/03\/ARGININA-hoch-sport-1500mg-1.jpg\" alt=\"Arginina 1500 de Hoch Sport\" width=\"1080\" height=\"1080\" srcset=\"https:\/\/www.demusculos.com\/web\/wp-content\/uploads\/2024\/03\/ARGININA-hoch-sport-1500mg-1.jpg 1080w, https:\/\/www.demusculos.com\/web\/wp-content\/uploads\/2024\/03\/ARGININA-hoch-sport-1500mg-1-300x300.jpg 300w, https:\/\/www.demusculos.com\/web\/wp-content\/uploads\/2024\/03\/ARGININA-hoch-sport-1500mg-1-150x150.jpg 150w, https:\/\/www.demusculos.com\/web\/wp-content\/uploads\/2024\/03\/ARGININA-hoch-sport-1500mg-1-800x800.jpg 800w, https:\/\/www.demusculos.com\/web\/wp-content\/uploads\/2024\/03\/ARGININA-hoch-sport-1500mg-1-1024x1024.jpg 1024w, https:\/\/www.demusculos.com\/web\/wp-content\/uploads\/2024\/03\/ARGININA-hoch-sport-1500mg-1-768x768.jpg 768w\" sizes=\"(max-width: 1080px) 100vw, 1080px\" \/><figcaption id=\"caption-attachment-6701\" class=\"wp-caption-text\">60 c\u00e1psulas<\/figcaption><\/figure>\n<figure id=\"attachment_299\" aria-describedby=\"caption-attachment-299\" style=\"width: 446px\" class=\"wp-caption alignnone\"><img decoding=\"async\" class=\"size-full wp-image-299\" src=\"https:\/\/www.demusculos.com\/web\/wp-content\/uploads\/2024\/02\/logo-hoch-sport.png\" alt=\"Fabricado por Hoch Sport en Argentina. Empresa que desarrolla los suplementos naturales m\u00e1s vers\u00e1tiles del mercado.\" width=\"446\" height=\"103\" srcset=\"https:\/\/www.demusculos.com\/web\/wp-content\/uploads\/2024\/02\/logo-hoch-sport.png 446w, https:\/\/www.demusculos.com\/web\/wp-content\/uploads\/2024\/02\/logo-hoch-sport-300x69.png 300w, https:\/\/www.demusculos.com\/web\/wp-content\/uploads\/2024\/02\/logo-hoch-sport-150x35.png 150w, https:\/\/www.demusculos.com\/web\/wp-content\/uploads\/2024\/02\/logo-hoch-sport-416x96.png 416w\" sizes=\"(max-width: 446px) 100vw, 446px\" \/><figcaption id=\"caption-attachment-299\" class=\"wp-caption-text\">Fabricado por Hoch Sport en Argentina. Empresa que desarrolla los suplementos naturales m\u00e1s vers\u00e1tiles del mercado.<\/figcaption><\/figure>\n<h3 class=\"\" data-sourcepos=\"3:1-3:43\">Beneficios de la Arginina en el Deporte<\/h3>\n<ul data-sourcepos=\"5:1-5:34\">\n<li data-sourcepos=\"5:1-5:34\"><strong>Mayor flujo sangu\u00edneo:<\/strong> La arginina es un precursor del \u00f3xido n\u00edtrico, una mol\u00e9cula que relaja los vasos sangu\u00edneos, mejorando la circulaci\u00f3n. Esto significa que tus m\u00fasculos recibir\u00e1n m\u00e1s ox\u00edgeno y nutrientes, lo que puede traducirse en una mayor resistencia y recuperaci\u00f3n.<\/li>\n<li data-sourcepos=\"6:1-6:64\"><strong>Mejora del rendimiento:<\/strong> Al aumentar el flujo sangu\u00edneo, la arginina puede contribuir a un mejor rendimiento durante el ejercicio, especialmente en actividades de alta intensidad.<\/li>\n<li data-sourcepos=\"7:1-7:196\"><strong>Aumento de la masa muscular:<\/strong> Se cree que la arginina puede estimular la liberaci\u00f3n de la hormona del crecimiento, lo que podr\u00eda favorecer el crecimiento muscular y la reparaci\u00f3n de tejidos.<\/li>\n<li data-sourcepos=\"8:1-8:177\"><strong>Reducci\u00f3n del tiempo de recuperaci\u00f3n:<\/strong> Algunos estudios sugieren que la arginina puede ayudar a reducir la fatiga muscular y acelerar la recuperaci\u00f3n despu\u00e9s del ejercicio.<\/li>\n<li data-sourcepos=\"9:1-10:0\"><strong>Efecto ergog\u00e9nico:<\/strong> Algunos deportistas la utilizan como un suplemento ergog\u00e9nico, es decir, que mejora el rendimiento f\u00edsico.<\/li>\n<\/ul>\n<figure id=\"attachment_6702\" aria-describedby=\"caption-attachment-6702\" style=\"width: 1080px\" class=\"wp-caption alignnone\"><img decoding=\"async\" class=\"size-full wp-image-6702\" src=\"https:\/\/www.demusculos.com\/web\/wp-content\/uploads\/2024\/03\/ARGININA-hoch-sport-1500mg-2.jpg\" alt=\"Arginina 1500 de Hoch Sport\" width=\"1080\" height=\"1080\" srcset=\"https:\/\/www.demusculos.com\/web\/wp-content\/uploads\/2024\/03\/ARGININA-hoch-sport-1500mg-2.jpg 1080w, https:\/\/www.demusculos.com\/web\/wp-content\/uploads\/2024\/03\/ARGININA-hoch-sport-1500mg-2-300x300.jpg 300w, https:\/\/www.demusculos.com\/web\/wp-content\/uploads\/2024\/03\/ARGININA-hoch-sport-1500mg-2-150x150.jpg 150w, https:\/\/www.demusculos.com\/web\/wp-content\/uploads\/2024\/03\/ARGININA-hoch-sport-1500mg-2-800x800.jpg 800w, https:\/\/www.demusculos.com\/web\/wp-content\/uploads\/2024\/03\/ARGININA-hoch-sport-1500mg-2-1024x1024.jpg 1024w, https:\/\/www.demusculos.com\/web\/wp-content\/uploads\/2024\/03\/ARGININA-hoch-sport-1500mg-2-768x768.jpg 768w\" sizes=\"(max-width: 1080px) 100vw, 1080px\" \/><figcaption id=\"caption-attachment-6702\" class=\"wp-caption-text\">Principales beneficios<\/figcaption><\/figure>\n<h3 class=\"\" data-sourcepos=\"11:1-11:31\">\u00bfC\u00f3mo funciona la arginina?<\/h3>\n<ul data-sourcepos=\"13:1-16:0\">\n<li data-sourcepos=\"13:1-13:124\"><strong>Vasodilataci\u00f3n:<\/strong> Al aumentar la producci\u00f3n de \u00f3xido n\u00edtrico, los vasos sangu\u00edneos se dilatan, mejorando la circulaci\u00f3n.<\/li>\n<li data-sourcepos=\"14:1-14:170\"><strong>S\u00edntesis de prote\u00ednas:<\/strong> La arginina es un componente esencial para la s\u00edntesis de prote\u00ednas, las cuales son fundamentales para la construcci\u00f3n y reparaci\u00f3n muscular.<\/li>\n<li data-sourcepos=\"15:1-16:0\"><strong>Eliminaci\u00f3n de amon\u00edaco:<\/strong> Ayuda a eliminar el amon\u00edaco, un subproducto del metabolismo muscular que puede causar fatiga.<\/li>\n<\/ul>\n<figure id=\"attachment_6703\" aria-describedby=\"caption-attachment-6703\" style=\"width: 1080px\" class=\"wp-caption alignnone\"><img loading=\"lazy\" decoding=\"async\" class=\"size-full wp-image-6703\" src=\"https:\/\/www.demusculos.com\/web\/wp-content\/uploads\/2024\/03\/ARGININA-hoch-sport-1500mg-3.jpg\" alt=\"Arginina 1500 de Hoch Sport\" width=\"1080\" height=\"1080\" srcset=\"https:\/\/www.demusculos.com\/web\/wp-content\/uploads\/2024\/03\/ARGININA-hoch-sport-1500mg-3.jpg 1080w, https:\/\/www.demusculos.com\/web\/wp-content\/uploads\/2024\/03\/ARGININA-hoch-sport-1500mg-3-300x300.jpg 300w, https:\/\/www.demusculos.com\/web\/wp-content\/uploads\/2024\/03\/ARGININA-hoch-sport-1500mg-3-150x150.jpg 150w, https:\/\/www.demusculos.com\/web\/wp-content\/uploads\/2024\/03\/ARGININA-hoch-sport-1500mg-3-800x800.jpg 800w, https:\/\/www.demusculos.com\/web\/wp-content\/uploads\/2024\/03\/ARGININA-hoch-sport-1500mg-3-1024x1024.jpg 1024w, https:\/\/www.demusculos.com\/web\/wp-content\/uploads\/2024\/03\/ARGININA-hoch-sport-1500mg-3-768x768.jpg 768w\" sizes=\"(max-width: 1080px) 100vw, 1080px\" \/><figcaption id=\"caption-attachment-6703\" class=\"wp-caption-text\">\u00bfPara quien es?<\/figcaption><\/figure>\n<h3 class=\"\" data-sourcepos=\"17:1-17:43\">\u00bfPara qui\u00e9n es recomendada la Arginina 1500?<\/h3>\n<p data-sourcepos=\"19:1-19:89\">La arginina puede ser beneficiosa para una amplia gama de deportistas, desde aquellos que buscan aumentar su masa muscular hasta los que buscan mejorar su resistencia. Sin embargo, es importante consultar a un profesional de la salud antes de comenzar cualquier suplementaci\u00f3n.<\/p>\n<figure id=\"attachment_6704\" aria-describedby=\"caption-attachment-6704\" style=\"width: 1080px\" class=\"wp-caption alignnone\"><img loading=\"lazy\" decoding=\"async\" class=\"size-full wp-image-6704\" src=\"https:\/\/www.demusculos.com\/web\/wp-content\/uploads\/2024\/03\/ARGININA-hoch-sport-1500mg-4.jpg\" alt=\"Arginina 1500 de Hoch Sport\" width=\"1080\" height=\"1080\" srcset=\"https:\/\/www.demusculos.com\/web\/wp-content\/uploads\/2024\/03\/ARGININA-hoch-sport-1500mg-4.jpg 1080w, https:\/\/www.demusculos.com\/web\/wp-content\/uploads\/2024\/03\/ARGININA-hoch-sport-1500mg-4-300x300.jpg 300w, https:\/\/www.demusculos.com\/web\/wp-content\/uploads\/2024\/03\/ARGININA-hoch-sport-1500mg-4-150x150.jpg 150w, https:\/\/www.demusculos.com\/web\/wp-content\/uploads\/2024\/03\/ARGININA-hoch-sport-1500mg-4-800x800.jpg 800w, https:\/\/www.demusculos.com\/web\/wp-content\/uploads\/2024\/03\/ARGININA-hoch-sport-1500mg-4-1024x1024.jpg 1024w, https:\/\/www.demusculos.com\/web\/wp-content\/uploads\/2024\/03\/ARGININA-hoch-sport-1500mg-4-768x768.jpg 768w\" sizes=\"(max-width: 1080px) 100vw, 1080px\" \/><figcaption id=\"caption-attachment-6704\" class=\"wp-caption-text\">Informaci\u00f3n nutricional<\/figcaption><\/figure>\n<h3 class=\"\" data-sourcepos=\"21:1-21:31\">Consideraciones importantes sobre Arginina 1500<\/h3>\n<ul data-sourcepos=\"23:1-26:0\">\n<li data-sourcepos=\"23:1-23:116\"><strong>No es un sustituto de una dieta equilibrada y ejercicio regular.<\/strong> La arginina es un complemento, no un milagro.<\/li>\n<li data-sourcepos=\"24:1-24:149\"><strong>Efectos secundarios:<\/strong> Aunque generalmente es segura, algunas personas pueden experimentar efectos secundarios como malestar estomacal o diarrea.<\/li>\n<li data-sourcepos=\"25:1-26:0\"><strong>Interacciones con medicamentos:<\/strong> La arginina puede interactuar con ciertos medicamentos, por lo que es importante informar a tu m\u00e9dico sobre todos los suplementos que est\u00e9s tomando.<\/li>\n<\/ul>\n<p data-sourcepos=\"27:1-27:2\"><strong>En resumen,<\/strong> la arginina es un amino\u00e1cido con un potencial interesante para mejorar el rendimiento deportivo. Sin embargo, como con cualquier suplemento, es fundamental utilizarla de manera responsable y bajo la orientaci\u00f3n de un profesional.<\/p>\n<figure id=\"attachment_6705\" aria-describedby=\"caption-attachment-6705\" style=\"width: 1080px\" class=\"wp-caption alignnone\"><img loading=\"lazy\" decoding=\"async\" class=\"size-full wp-image-6705\" src=\"https:\/\/www.demusculos.com\/web\/wp-content\/uploads\/2024\/03\/ARGININA-hoch-sport-1500mg-5.jpg\" alt=\"Arginina 1500 de Hoch Sport\" width=\"1080\" height=\"1080\" srcset=\"https:\/\/www.demusculos.com\/web\/wp-content\/uploads\/2024\/03\/ARGININA-hoch-sport-1500mg-5.jpg 1080w, https:\/\/www.demusculos.com\/web\/wp-content\/uploads\/2024\/03\/ARGININA-hoch-sport-1500mg-5-300x300.jpg 300w, https:\/\/www.demusculos.com\/web\/wp-content\/uploads\/2024\/03\/ARGININA-hoch-sport-1500mg-5-150x150.jpg 150w, https:\/\/www.demusculos.com\/web\/wp-content\/uploads\/2024\/03\/ARGININA-hoch-sport-1500mg-5-800x800.jpg 800w, https:\/\/www.demusculos.com\/web\/wp-content\/uploads\/2024\/03\/ARGININA-hoch-sport-1500mg-5-1024x1024.jpg 1024w, https:\/\/www.demusculos.com\/web\/wp-content\/uploads\/2024\/03\/ARGININA-hoch-sport-1500mg-5-768x768.jpg 768w\" sizes=\"(max-width: 1080px) 100vw, 1080px\" \/><figcaption id=\"caption-attachment-6705\" class=\"wp-caption-text\">Datos a destacar<\/figcaption><\/figure>\n","protected":false},"excerpt":{"rendered":"<p>Poderoso vasodilatador. Env\u00eda nutrientes y oxigenaci\u00f3n con m\u00e1s intensidad hacia la fibra muscular.<\/p>\n","protected":false},"featured_media":15632,"comment_status":"closed","ping_status":"closed","template":"","meta":[],"product_brand":[237],"product_cat":[53],"product_tag":[20,119],"class_list":{"0":"post-1990","1":"product","2":"type-product","3":"status-publish","4":"has-post-thumbnail","6":"product_brand-hoch-sport","7":"product_cat-oxido-nitrico","8":"product_tag-hoch-sport","9":"product_tag-vasodilatador","11":"first","12":"instock","13":"sale","14":"shipping-taxable","15":"purchasable","16":"product-type-simple"},"yoast_head":"<!-- This site is optimized with the Yoast SEO plugin v27.5 - https:\/\/yoast.com\/product\/yoast-seo-wordpress\/ -->\n<title>Arginina 1500 | 60 caps | Hoch Sport | \u00d3xido N\u00edtrico | DeMusculos<\/title>\n<meta name=\"description\" content=\"Arginina 1500 es un excelente precursor de \u00f3xido n\u00edtrico, mejora el rendimiento, previene la fatiga, transporta m\u00e1s nutrientes y oxigeno hacia masa muscular\" \/>\n<meta name=\"robots\" content=\"index, follow, max-snippet:-1, max-image-preview:large, max-video-preview:-1\" \/>\n<link rel=\"canonical\" href=\"https:\/\/www.demusculos.com\/web\/producto\/arginina-1500-de-hoch-sport\/\" \/>\n<meta property=\"og:locale\" content=\"es_ES\" \/>\n<meta property=\"og:type\" content=\"article\" \/>\n<meta property=\"og:title\" content=\"Arginina 1500 | 60 caps | Hoch Sport | \u00d3xido N\u00edtrico | DeMusculos\" \/>\n<meta property=\"og:description\" content=\"Arginina 1500 es un excelente precursor de \u00f3xido n\u00edtrico, mejora el rendimiento, previene la fatiga, transporta m\u00e1s nutrientes y oxigeno hacia masa muscular\" \/>\n<meta property=\"og:url\" content=\"https:\/\/www.demusculos.com\/web\/producto\/arginina-1500-de-hoch-sport\/\" \/>\n<meta property=\"og:site_name\" content=\"DeMusculos\" \/>\n<meta property=\"article:publisher\" content=\"https:\/\/www.facebook.com\/demusculos\" \/>\n<meta property=\"article:modified_time\" content=\"2026-04-08T22:39:19+00:00\" \/>\n<meta property=\"og:image\" content=\"https:\/\/www.demusculos.com\/web\/wp-content\/uploads\/2024\/03\/ARGININA-arginine-1500-mg-de-hoch-sport-capsulas.webp\" \/>\n\t<meta property=\"og:image:width\" content=\"1200\" \/>\n\t<meta property=\"og:image:height\" content=\"1200\" \/>\n\t<meta property=\"og:image:type\" content=\"image\/webp\" \/>\n<meta name=\"twitter:card\" content=\"summary_large_image\" \/>\n<meta name=\"twitter:site\" content=\"@demusculos\" \/>\n<meta name=\"twitter:label1\" content=\"Tiempo de lectura\" \/>\n\t<meta name=\"twitter:data1\" content=\"4 minutos\" \/>\n<script type=\"application\/ld+json\" class=\"yoast-schema-graph\">{\"@context\":\"https:\\\/\\\/schema.org\",\"@graph\":[{\"@type\":\"WebPage\",\"@id\":\"https:\\\/\\\/www.demusculos.com\\\/web\\\/producto\\\/arginina-1500-de-hoch-sport\\\/\",\"url\":\"https:\\\/\\\/www.demusculos.com\\\/web\\\/producto\\\/arginina-1500-de-hoch-sport\\\/\",\"name\":\"Arginina 1500 | 60 caps | Hoch Sport | \u00d3xido N\u00edtrico | DeMusculos\",\"isPartOf\":{\"@id\":\"https:\\\/\\\/www.demusculos.com\\\/web\\\/#website\"},\"primaryImageOfPage\":{\"@id\":\"https:\\\/\\\/www.demusculos.com\\\/web\\\/producto\\\/arginina-1500-de-hoch-sport\\\/#primaryimage\"},\"image\":{\"@id\":\"https:\\\/\\\/www.demusculos.com\\\/web\\\/producto\\\/arginina-1500-de-hoch-sport\\\/#primaryimage\"},\"thumbnailUrl\":\"https:\\\/\\\/www.demusculos.com\\\/web\\\/wp-content\\\/uploads\\\/2024\\\/03\\\/ARGININA-arginine-1500-mg-de-hoch-sport-capsulas.webp\",\"datePublished\":\"2024-03-06T12:29:09+00:00\",\"dateModified\":\"2026-04-08T22:39:19+00:00\",\"description\":\"Arginina 1500 es un excelente precursor de \u00f3xido n\u00edtrico, mejora el rendimiento, previene la fatiga, transporta m\u00e1s nutrientes y oxigeno hacia masa muscular\",\"breadcrumb\":{\"@id\":\"https:\\\/\\\/www.demusculos.com\\\/web\\\/producto\\\/arginina-1500-de-hoch-sport\\\/#breadcrumb\"},\"inLanguage\":\"es\",\"potentialAction\":[{\"@type\":\"ReadAction\",\"target\":[\"https:\\\/\\\/www.demusculos.com\\\/web\\\/producto\\\/arginina-1500-de-hoch-sport\\\/\"]}]},{\"@type\":\"ImageObject\",\"inLanguage\":\"es\",\"@id\":\"https:\\\/\\\/www.demusculos.com\\\/web\\\/producto\\\/arginina-1500-de-hoch-sport\\\/#primaryimage\",\"url\":\"https:\\\/\\\/www.demusculos.com\\\/web\\\/wp-content\\\/uploads\\\/2024\\\/03\\\/ARGININA-arginine-1500-mg-de-hoch-sport-capsulas.webp\",\"contentUrl\":\"https:\\\/\\\/www.demusculos.com\\\/web\\\/wp-content\\\/uploads\\\/2024\\\/03\\\/ARGININA-arginine-1500-mg-de-hoch-sport-capsulas.webp\",\"width\":1200,\"height\":1200,\"caption\":\"Arginina 1500 de Hoch Sport\"},{\"@type\":\"BreadcrumbList\",\"@id\":\"https:\\\/\\\/www.demusculos.com\\\/web\\\/producto\\\/arginina-1500-de-hoch-sport\\\/#breadcrumb\",\"itemListElement\":[{\"@type\":\"ListItem\",\"position\":1,\"name\":\"Inicio\",\"item\":\"https:\\\/\\\/www.demusculos.com\\\/web\\\/\"},{\"@type\":\"ListItem\",\"position\":2,\"name\":\"Suplementos\",\"item\":\"https:\\\/\\\/www.demusculos.com\\\/web\\\/tienda\\\/\"},{\"@type\":\"ListItem\",\"position\":3,\"name\":\"Arginina 1500 de Hoch Sport\"}]},{\"@type\":\"WebSite\",\"@id\":\"https:\\\/\\\/www.demusculos.com\\\/web\\\/#website\",\"url\":\"https:\\\/\\\/www.demusculos.com\\\/web\\\/\",\"name\":\"DeMusculos.com\",\"description\":\"Suplementos Naturales\",\"publisher\":{\"@id\":\"https:\\\/\\\/www.demusculos.com\\\/web\\\/#organization\"},\"alternateName\":\"Suplementos Naturales\",\"potentialAction\":[{\"@type\":\"SearchAction\",\"target\":{\"@type\":\"EntryPoint\",\"urlTemplate\":\"https:\\\/\\\/www.demusculos.com\\\/web\\\/?s={search_term_string}\"},\"query-input\":{\"@type\":\"PropertyValueSpecification\",\"valueRequired\":true,\"valueName\":\"search_term_string\"}}],\"inLanguage\":\"es\"},{\"@type\":\"Organization\",\"@id\":\"https:\\\/\\\/www.demusculos.com\\\/web\\\/#organization\",\"name\":\"DeMusculos.com\",\"alternateName\":\"DeMusculos\",\"url\":\"https:\\\/\\\/www.demusculos.com\\\/web\\\/\",\"logo\":{\"@type\":\"ImageObject\",\"inLanguage\":\"es\",\"@id\":\"https:\\\/\\\/www.demusculos.com\\\/web\\\/#\\\/schema\\\/logo\\\/image\\\/\",\"url\":\"https:\\\/\\\/www.demusculos.com\\\/web\\\/wp-content\\\/uploads\\\/2024\\\/02\\\/logo-demusculos-prestashop-usuario.png\",\"contentUrl\":\"https:\\\/\\\/www.demusculos.com\\\/web\\\/wp-content\\\/uploads\\\/2024\\\/02\\\/logo-demusculos-prestashop-usuario.png\",\"width\":150,\"height\":150,\"caption\":\"DeMusculos.com\"},\"image\":{\"@id\":\"https:\\\/\\\/www.demusculos.com\\\/web\\\/#\\\/schema\\\/logo\\\/image\\\/\"},\"sameAs\":[\"https:\\\/\\\/www.facebook.com\\\/demusculos\",\"https:\\\/\\\/x.com\\\/demusculos\",\"https:\\\/\\\/www.instagram.com\\\/demusculos\",\"https:\\\/\\\/www.tiktok.com\\\/@demusculos.com\"]}]}<\/script>\n<!-- \/ Yoast SEO plugin. -->","yoast_head_json":{"title":"Arginina 1500 | 60 caps | Hoch Sport | \u00d3xido N\u00edtrico | DeMusculos","description":"Arginina 1500 es un excelente precursor de \u00f3xido n\u00edtrico, mejora el rendimiento, previene la fatiga, transporta m\u00e1s nutrientes y oxigeno hacia masa muscular","robots":{"index":"index","follow":"follow","max-snippet":"max-snippet:-1","max-image-preview":"max-image-preview:large","max-video-preview":"max-video-preview:-1"},"canonical":"https:\/\/www.demusculos.com\/web\/producto\/arginina-1500-de-hoch-sport\/","og_locale":"es_ES","og_type":"article","og_title":"Arginina 1500 | 60 caps | Hoch Sport | \u00d3xido N\u00edtrico | DeMusculos","og_description":"Arginina 1500 es un excelente precursor de \u00f3xido n\u00edtrico, mejora el rendimiento, previene la fatiga, transporta m\u00e1s nutrientes y oxigeno hacia masa muscular","og_url":"https:\/\/www.demusculos.com\/web\/producto\/arginina-1500-de-hoch-sport\/","og_site_name":"DeMusculos","article_publisher":"https:\/\/www.facebook.com\/demusculos","article_modified_time":"2026-04-08T22:39:19+00:00","og_image":[{"width":1200,"height":1200,"url":"https:\/\/www.demusculos.com\/web\/wp-content\/uploads\/2024\/03\/ARGININA-arginine-1500-mg-de-hoch-sport-capsulas.webp","type":"image\/webp"}],"twitter_card":"summary_large_image","twitter_site":"@demusculos","twitter_misc":{"Tiempo de lectura":"4 minutos"},"schema":{"@context":"https:\/\/schema.org","@graph":[{"@type":"WebPage","@id":"https:\/\/www.demusculos.com\/web\/producto\/arginina-1500-de-hoch-sport\/","url":"https:\/\/www.demusculos.com\/web\/producto\/arginina-1500-de-hoch-sport\/","name":"Arginina 1500 | 60 caps | Hoch Sport | \u00d3xido N\u00edtrico | DeMusculos","isPartOf":{"@id":"https:\/\/www.demusculos.com\/web\/#website"},"primaryImageOfPage":{"@id":"https:\/\/www.demusculos.com\/web\/producto\/arginina-1500-de-hoch-sport\/#primaryimage"},"image":{"@id":"https:\/\/www.demusculos.com\/web\/producto\/arginina-1500-de-hoch-sport\/#primaryimage"},"thumbnailUrl":"https:\/\/www.demusculos.com\/web\/wp-content\/uploads\/2024\/03\/ARGININA-arginine-1500-mg-de-hoch-sport-capsulas.webp","datePublished":"2024-03-06T12:29:09+00:00","dateModified":"2026-04-08T22:39:19+00:00","description":"Arginina 1500 es un excelente precursor de \u00f3xido n\u00edtrico, mejora el rendimiento, previene la fatiga, transporta m\u00e1s nutrientes y oxigeno hacia masa muscular","breadcrumb":{"@id":"https:\/\/www.demusculos.com\/web\/producto\/arginina-1500-de-hoch-sport\/#breadcrumb"},"inLanguage":"es","potentialAction":[{"@type":"ReadAction","target":["https:\/\/www.demusculos.com\/web\/producto\/arginina-1500-de-hoch-sport\/"]}]},{"@type":"ImageObject","inLanguage":"es","@id":"https:\/\/www.demusculos.com\/web\/producto\/arginina-1500-de-hoch-sport\/#primaryimage","url":"https:\/\/www.demusculos.com\/web\/wp-content\/uploads\/2024\/03\/ARGININA-arginine-1500-mg-de-hoch-sport-capsulas.webp","contentUrl":"https:\/\/www.demusculos.com\/web\/wp-content\/uploads\/2024\/03\/ARGININA-arginine-1500-mg-de-hoch-sport-capsulas.webp","width":1200,"height":1200,"caption":"Arginina 1500 de Hoch Sport"},{"@type":"BreadcrumbList","@id":"https:\/\/www.demusculos.com\/web\/producto\/arginina-1500-de-hoch-sport\/#breadcrumb","itemListElement":[{"@type":"ListItem","position":1,"name":"Inicio","item":"https:\/\/www.demusculos.com\/web\/"},{"@type":"ListItem","position":2,"name":"Suplementos","item":"https:\/\/www.demusculos.com\/web\/tienda\/"},{"@type":"ListItem","position":3,"name":"Arginina 1500 de Hoch Sport"}]},{"@type":"WebSite","@id":"https:\/\/www.demusculos.com\/web\/#website","url":"https:\/\/www.demusculos.com\/web\/","name":"DeMusculos.com","description":"Suplementos Naturales","publisher":{"@id":"https:\/\/www.demusculos.com\/web\/#organization"},"alternateName":"Suplementos Naturales","potentialAction":[{"@type":"SearchAction","target":{"@type":"EntryPoint","urlTemplate":"https:\/\/www.demusculos.com\/web\/?s={search_term_string}"},"query-input":{"@type":"PropertyValueSpecification","valueRequired":true,"valueName":"search_term_string"}}],"inLanguage":"es"},{"@type":"Organization","@id":"https:\/\/www.demusculos.com\/web\/#organization","name":"DeMusculos.com","alternateName":"DeMusculos","url":"https:\/\/www.demusculos.com\/web\/","logo":{"@type":"ImageObject","inLanguage":"es","@id":"https:\/\/www.demusculos.com\/web\/#\/schema\/logo\/image\/","url":"https:\/\/www.demusculos.com\/web\/wp-content\/uploads\/2024\/02\/logo-demusculos-prestashop-usuario.png","contentUrl":"https:\/\/www.demusculos.com\/web\/wp-content\/uploads\/2024\/02\/logo-demusculos-prestashop-usuario.png","width":150,"height":150,"caption":"DeMusculos.com"},"image":{"@id":"https:\/\/www.demusculos.com\/web\/#\/schema\/logo\/image\/"},"sameAs":["https:\/\/www.facebook.com\/demusculos","https:\/\/x.com\/demusculos","https:\/\/www.instagram.com\/demusculos","https:\/\/www.tiktok.com\/@demusculos.com"]}]}},"_links":{"self":[{"href":"https:\/\/www.demusculos.com\/web\/wp-json\/wp\/v2\/product\/1990","targetHints":{"allow":["GET"]}}],"collection":[{"href":"https:\/\/www.demusculos.com\/web\/wp-json\/wp\/v2\/product"}],"about":[{"href":"https:\/\/www.demusculos.com\/web\/wp-json\/wp\/v2\/types\/product"}],"replies":[{"embeddable":true,"href":"https:\/\/www.demusculos.com\/web\/wp-json\/wp\/v2\/comments?post=1990"}],"wp:featuredmedia":[{"embeddable":true,"href":"https:\/\/www.demusculos.com\/web\/wp-json\/wp\/v2\/media\/15632"}],"wp:attachment":[{"href":"https:\/\/www.demusculos.com\/web\/wp-json\/wp\/v2\/media?parent=1990"}],"wp:term":[{"taxonomy":"product_brand","embeddable":true,"href":"https:\/\/www.demusculos.com\/web\/wp-json\/wp\/v2\/product_brand?post=1990"},{"taxonomy":"product_cat","embeddable":true,"href":"https:\/\/www.demusculos.com\/web\/wp-json\/wp\/v2\/product_cat?post=1990"},{"taxonomy":"product_tag","embeddable":true,"href":"https:\/\/www.demusculos.com\/web\/wp-json\/wp\/v2\/product_tag?post=1990"}],"curies":[{"name":"wp","href":"https:\/\/api.w.org\/{rel}","templated":true}]}}