{"id":2197,"date":"2024-03-07T14:16:29","date_gmt":"2024-03-07T17:16:29","guid":{"rendered":"https:\/\/www.demusculos.com\/web\/?post_type=product&#038;p=2197"},"modified":"2026-04-10T10:18:54","modified_gmt":"2026-04-10T13:18:54","slug":"lipo-6-black-x60-de-nutrex-quemador-de-grasas","status":"publish","type":"product","link":"https:\/\/www.demusculos.com\/web\/producto\/lipo-6-black-x60-de-nutrex-quemador-de-grasas\/","title":{"rendered":"Lipo 6 Black x60 de Nutrex Quemador de Grasas (Importado)"},"content":{"rendered":"<h2>\u00bfQu\u00e9 es LIPO 6 BLACK?<\/h2>\n<p>LIPO 6 BLACK es un suplemento diet\u00e9tico de la empresa NUTREX, reconocida por su compromiso con la calidad y la innovaci\u00f3n.\u00a0Este producto es un potente quemador de grasa, dise\u00f1ado para ayudarte a alcanzar tus objetivos de p\u00e9rdida de peso de manera eficaz y segura.<\/p>\n<figure id=\"attachment_2198\" aria-describedby=\"caption-attachment-2198\" style=\"width: 446px\" class=\"wp-caption alignnone\"><img decoding=\"async\" class=\"size-full wp-image-2198\" src=\"https:\/\/www.demusculos.com\/web\/wp-content\/uploads\/2024\/03\/logo-nutrex.png\" alt=\"Suplementos Naturales Nutrex\" width=\"446\" height=\"103\" srcset=\"https:\/\/www.demusculos.com\/web\/wp-content\/uploads\/2024\/03\/logo-nutrex.png 446w, https:\/\/www.demusculos.com\/web\/wp-content\/uploads\/2024\/03\/logo-nutrex-300x69.png 300w, https:\/\/www.demusculos.com\/web\/wp-content\/uploads\/2024\/03\/logo-nutrex-150x35.png 150w, https:\/\/www.demusculos.com\/web\/wp-content\/uploads\/2024\/03\/logo-nutrex-416x96.png 416w\" sizes=\"(max-width: 446px) 100vw, 446px\" \/><figcaption id=\"caption-attachment-2198\" class=\"wp-caption-text\">Suplementos Naturales Nutrex<\/figcaption><\/figure>\n<h1>LIPO 6 BLACK de NUTREX: Tu aliado en la p\u00e9rdida de peso<\/h1>\n<figure id=\"attachment_297\" aria-describedby=\"caption-attachment-297\" style=\"width: 300px\" class=\"wp-caption alignnone\"><img fetchpriority=\"high\" decoding=\"async\" class=\"size-full wp-image-297\" src=\"https:\/\/www.demusculos.com\/web\/wp-content\/uploads\/2024\/02\/quemador-definicion-descenso-bajar.png\" alt=\"Es ideal para el descenso de peso y tono muscular. Con un plan de alimentaci\u00f3n y entrenamiento los resultados se potencian.\" width=\"300\" height=\"300\" srcset=\"https:\/\/www.demusculos.com\/web\/wp-content\/uploads\/2024\/02\/quemador-definicion-descenso-bajar.png 300w, https:\/\/www.demusculos.com\/web\/wp-content\/uploads\/2024\/02\/quemador-definicion-descenso-bajar-150x150.png 150w\" sizes=\"(max-width: 300px) 100vw, 300px\" \/><figcaption id=\"caption-attachment-297\" class=\"wp-caption-text\">Al bajar la grasa corporal tambi\u00e9n tonificamos y nos definimos. Muchos lo conocen el proceso de definici\u00f3n como \u00abmarcar\u00bb. Menos grasas es igual a menos cintura y grasas blandas en papada, gl\u00fateos y panza.<\/figcaption><\/figure>\n<h2>Beneficios de LIPO 6<\/h2>\n<h3>Quema de Grasa<\/h3>\n<p>LIPO 6 est\u00e1 formulado para promover la combusti\u00f3n de las grasas. Su acci\u00f3n termog\u00e9nica genera calor corporal, lo que ayuda a eliminar la grasa acumulada y acelera el metabolismo.<\/p>\n<h3>Control del Apetito<\/h3>\n<p>Este suplemento ayuda a mantener tu apetito bajo control, lo que puede ser de gran ayuda para evitar los antojos y mantener una dieta equilibrada.<\/p>\n<p><img decoding=\"async\" class=\"alignnone size-large wp-image-2764\" src=\"https:\/\/www.demusculos.com\/web\/wp-content\/uploads\/2024\/03\/lipo-black-de-nutrex-quemador-de-grasas-01-1024x1024.jpg\" alt=\"Lipo 6 Black de Nutrex\" width=\"980\" height=\"980\" srcset=\"https:\/\/www.demusculos.com\/web\/wp-content\/uploads\/2024\/03\/lipo-black-de-nutrex-quemador-de-grasas-01-1024x1024.jpg 1024w, https:\/\/www.demusculos.com\/web\/wp-content\/uploads\/2024\/03\/lipo-black-de-nutrex-quemador-de-grasas-01-300x300.jpg 300w, https:\/\/www.demusculos.com\/web\/wp-content\/uploads\/2024\/03\/lipo-black-de-nutrex-quemador-de-grasas-01-150x150.jpg 150w, https:\/\/www.demusculos.com\/web\/wp-content\/uploads\/2024\/03\/lipo-black-de-nutrex-quemador-de-grasas-01-800x800.jpg 800w, https:\/\/www.demusculos.com\/web\/wp-content\/uploads\/2024\/03\/lipo-black-de-nutrex-quemador-de-grasas-01-768x768.jpg 768w, https:\/\/www.demusculos.com\/web\/wp-content\/uploads\/2024\/03\/lipo-black-de-nutrex-quemador-de-grasas-01.jpg 1080w\" sizes=\"(max-width: 980px) 100vw, 980px\" \/><\/p>\n<h3>Aumento de Energ\u00eda y Concentraci\u00f3n<\/h3>\n<p>LIPO 6 de NUTREX aumenta la energ\u00eda y favorece la concentraci\u00f3n. Esto no solo te ayudar\u00e1 a rendir m\u00e1s en tus entrenamientos, sino que tambi\u00e9n te permitir\u00e1 mantener un alto nivel de actividad y alerta durante todo el d\u00eda.<\/p>\n<figure id=\"attachment_150\" aria-describedby=\"caption-attachment-150\" style=\"width: 300px\" class=\"wp-caption alignnone\"><img loading=\"lazy\" decoding=\"async\" class=\"size-full wp-image-150\" src=\"https:\/\/www.demusculos.com\/web\/wp-content\/uploads\/2024\/02\/energia.png\" alt=\"El producto incluye ingredientes que aumentan la energ\u00eda de forma considerable.\" width=\"300\" height=\"300\" srcset=\"https:\/\/www.demusculos.com\/web\/wp-content\/uploads\/2024\/02\/energia.png 300w, https:\/\/www.demusculos.com\/web\/wp-content\/uploads\/2024\/02\/energia-150x150.png 150w\" sizes=\"(max-width: 300px) 100vw, 300px\" \/><figcaption id=\"caption-attachment-150\" class=\"wp-caption-text\">Una de las caracter\u00edsticas fundamentales de este producto es el aumento de la energ\u00eda.<\/figcaption><\/figure>\n<h3>F\u00e1cil de Tomar<\/h3>\n<p>Con LIPO 6 BLACK, recibir\u00e1s 60 c\u00e1psulas f\u00e1ciles de tomar. Esto te garantiza un suministro para un mes completo, asumiendo una dosis de dos c\u00e1psulas al d\u00eda.<\/p>\n<h2>\u00bfPor qu\u00e9 elegir LIPO 6 NUTREX?<\/h2>\n<p>LIPO 6 de NUTREX es m\u00e1s que un simple suplemento diet\u00e9tico. Es una herramienta dise\u00f1ada para ayudarte a alcanzar tus objetivos de p\u00e9rdida de peso. Ya sea que est\u00e9s buscando quemar grasa, controlar tu apetito, aumentar tu energ\u00eda o mejorar tu concentraci\u00f3n, LIPO 6 puede ser tu aliado perfecto. \u00a1Prueba LIPO 6 hoy y empieza a ver los resultados que deseas!<\/p>\n","protected":false},"excerpt":{"rendered":"<p>Quemador de grasas importado. El quemador de grasas m\u00e1s vendido del mundo.<\/p>\n","protected":false},"featured_media":2199,"comment_status":"closed","ping_status":"closed","template":"","meta":[],"product_brand":[245],"product_cat":[19],"product_tag":[142],"class_list":{"0":"post-2197","1":"product","2":"type-product","3":"status-publish","4":"has-post-thumbnail","6":"product_brand-nutrex","7":"product_cat-quemadores","8":"product_tag-nutrex","10":"first","11":"outofstock","12":"sale","13":"shipping-taxable","14":"purchasable","15":"product-type-simple"},"yoast_head":"<!-- This site is optimized with the Yoast SEO plugin v27.4 - https:\/\/yoast.com\/product\/yoast-seo-wordpress\/ -->\n<title>Lipo 6 Black | Quemador de Grasas | Nutrex | DeMusculos.com<\/title>\n<meta name=\"description\" content=\"Actualmente Lipo 6 Black es el quemador de grasas (Ripped Fast + Fat Burner) m\u00e1s vendido de todo el mundo. 100% importado. Formula americana. Env\u00edos.\" \/>\n<meta name=\"robots\" content=\"index, follow, max-snippet:-1, max-image-preview:large, max-video-preview:-1\" \/>\n<link rel=\"canonical\" href=\"https:\/\/www.demusculos.com\/web\/producto\/lipo-6-black-x60-de-nutrex-quemador-de-grasas\/\" \/>\n<meta property=\"og:locale\" content=\"es_ES\" \/>\n<meta property=\"og:type\" content=\"article\" \/>\n<meta property=\"og:title\" content=\"Lipo 6 Black | Quemador de Grasas | Nutrex | DeMusculos.com\" \/>\n<meta property=\"og:description\" content=\"Actualmente Lipo 6 Black es el quemador de grasas (Ripped Fast + Fat Burner) m\u00e1s vendido de todo el mundo. 100% importado. Formula americana. Env\u00edos.\" \/>\n<meta property=\"og:url\" content=\"https:\/\/www.demusculos.com\/web\/producto\/lipo-6-black-x60-de-nutrex-quemador-de-grasas\/\" \/>\n<meta property=\"og:site_name\" content=\"DeMusculos\" \/>\n<meta property=\"article:publisher\" content=\"https:\/\/www.facebook.com\/demusculos\" \/>\n<meta property=\"article:modified_time\" content=\"2026-04-10T13:18:54+00:00\" \/>\n<meta property=\"og:image\" content=\"https:\/\/www.demusculos.com\/web\/wp-content\/uploads\/2024\/03\/quemador-lipo6-black-nutrex-ultra-concentrado-01.jpg\" \/>\n\t<meta property=\"og:image:width\" content=\"1600\" \/>\n\t<meta property=\"og:image:height\" content=\"1600\" \/>\n\t<meta property=\"og:image:type\" content=\"image\/jpeg\" \/>\n<meta name=\"twitter:card\" content=\"summary_large_image\" \/>\n<meta name=\"twitter:site\" content=\"@demusculos\" \/>\n<meta name=\"twitter:label1\" content=\"Tiempo de lectura\" \/>\n\t<meta name=\"twitter:data1\" content=\"3 minutos\" \/>\n<script type=\"application\/ld+json\" class=\"yoast-schema-graph\">{\"@context\":\"https:\\\/\\\/schema.org\",\"@graph\":[{\"@type\":\"WebPage\",\"@id\":\"https:\\\/\\\/www.demusculos.com\\\/web\\\/producto\\\/lipo-6-black-x60-de-nutrex-quemador-de-grasas\\\/\",\"url\":\"https:\\\/\\\/www.demusculos.com\\\/web\\\/producto\\\/lipo-6-black-x60-de-nutrex-quemador-de-grasas\\\/\",\"name\":\"Lipo 6 Black | Quemador de Grasas | Nutrex | DeMusculos.com\",\"isPartOf\":{\"@id\":\"https:\\\/\\\/www.demusculos.com\\\/web\\\/#website\"},\"primaryImageOfPage\":{\"@id\":\"https:\\\/\\\/www.demusculos.com\\\/web\\\/producto\\\/lipo-6-black-x60-de-nutrex-quemador-de-grasas\\\/#primaryimage\"},\"image\":{\"@id\":\"https:\\\/\\\/www.demusculos.com\\\/web\\\/producto\\\/lipo-6-black-x60-de-nutrex-quemador-de-grasas\\\/#primaryimage\"},\"thumbnailUrl\":\"https:\\\/\\\/www.demusculos.com\\\/web\\\/wp-content\\\/uploads\\\/2024\\\/03\\\/quemador-lipo6-black-nutrex-ultra-concentrado-01.jpg\",\"datePublished\":\"2024-03-07T17:16:29+00:00\",\"dateModified\":\"2026-04-10T13:18:54+00:00\",\"description\":\"Actualmente Lipo 6 Black es el quemador de grasas (Ripped Fast + Fat Burner) m\u00e1s vendido de todo el mundo. 100% importado. Formula americana. Env\u00edos.\",\"breadcrumb\":{\"@id\":\"https:\\\/\\\/www.demusculos.com\\\/web\\\/producto\\\/lipo-6-black-x60-de-nutrex-quemador-de-grasas\\\/#breadcrumb\"},\"inLanguage\":\"es\",\"potentialAction\":[{\"@type\":\"ReadAction\",\"target\":[\"https:\\\/\\\/www.demusculos.com\\\/web\\\/producto\\\/lipo-6-black-x60-de-nutrex-quemador-de-grasas\\\/\"]}]},{\"@type\":\"ImageObject\",\"inLanguage\":\"es\",\"@id\":\"https:\\\/\\\/www.demusculos.com\\\/web\\\/producto\\\/lipo-6-black-x60-de-nutrex-quemador-de-grasas\\\/#primaryimage\",\"url\":\"https:\\\/\\\/www.demusculos.com\\\/web\\\/wp-content\\\/uploads\\\/2024\\\/03\\\/quemador-lipo6-black-nutrex-ultra-concentrado-01.jpg\",\"contentUrl\":\"https:\\\/\\\/www.demusculos.com\\\/web\\\/wp-content\\\/uploads\\\/2024\\\/03\\\/quemador-lipo6-black-nutrex-ultra-concentrado-01.jpg\",\"width\":1600,\"height\":1600,\"caption\":\"Lipo 6 Black de Nutrex x60 c\u00e1psulas Quemador de Grasas\"},{\"@type\":\"BreadcrumbList\",\"@id\":\"https:\\\/\\\/www.demusculos.com\\\/web\\\/producto\\\/lipo-6-black-x60-de-nutrex-quemador-de-grasas\\\/#breadcrumb\",\"itemListElement\":[{\"@type\":\"ListItem\",\"position\":1,\"name\":\"Inicio\",\"item\":\"https:\\\/\\\/www.demusculos.com\\\/web\\\/\"},{\"@type\":\"ListItem\",\"position\":2,\"name\":\"Suplementos\",\"item\":\"https:\\\/\\\/www.demusculos.com\\\/web\\\/tienda\\\/\"},{\"@type\":\"ListItem\",\"position\":3,\"name\":\"Lipo 6 Black x60 de Nutrex Quemador de Grasas (Importado)\"}]},{\"@type\":\"WebSite\",\"@id\":\"https:\\\/\\\/www.demusculos.com\\\/web\\\/#website\",\"url\":\"https:\\\/\\\/www.demusculos.com\\\/web\\\/\",\"name\":\"DeMusculos.com\",\"description\":\"Suplementos Naturales\",\"publisher\":{\"@id\":\"https:\\\/\\\/www.demusculos.com\\\/web\\\/#organization\"},\"alternateName\":\"Suplementos Naturales\",\"potentialAction\":[{\"@type\":\"SearchAction\",\"target\":{\"@type\":\"EntryPoint\",\"urlTemplate\":\"https:\\\/\\\/www.demusculos.com\\\/web\\\/?s={search_term_string}\"},\"query-input\":{\"@type\":\"PropertyValueSpecification\",\"valueRequired\":true,\"valueName\":\"search_term_string\"}}],\"inLanguage\":\"es\"},{\"@type\":\"Organization\",\"@id\":\"https:\\\/\\\/www.demusculos.com\\\/web\\\/#organization\",\"name\":\"DeMusculos.com\",\"alternateName\":\"DeMusculos\",\"url\":\"https:\\\/\\\/www.demusculos.com\\\/web\\\/\",\"logo\":{\"@type\":\"ImageObject\",\"inLanguage\":\"es\",\"@id\":\"https:\\\/\\\/www.demusculos.com\\\/web\\\/#\\\/schema\\\/logo\\\/image\\\/\",\"url\":\"https:\\\/\\\/www.demusculos.com\\\/web\\\/wp-content\\\/uploads\\\/2024\\\/02\\\/logo-demusculos-prestashop-usuario.png\",\"contentUrl\":\"https:\\\/\\\/www.demusculos.com\\\/web\\\/wp-content\\\/uploads\\\/2024\\\/02\\\/logo-demusculos-prestashop-usuario.png\",\"width\":150,\"height\":150,\"caption\":\"DeMusculos.com\"},\"image\":{\"@id\":\"https:\\\/\\\/www.demusculos.com\\\/web\\\/#\\\/schema\\\/logo\\\/image\\\/\"},\"sameAs\":[\"https:\\\/\\\/www.facebook.com\\\/demusculos\",\"https:\\\/\\\/x.com\\\/demusculos\",\"https:\\\/\\\/www.instagram.com\\\/demusculos\",\"https:\\\/\\\/www.tiktok.com\\\/@demusculos.com\"]}]}<\/script>\n<!-- \/ Yoast SEO plugin. -->","yoast_head_json":{"title":"Lipo 6 Black | Quemador de Grasas | Nutrex | DeMusculos.com","description":"Actualmente Lipo 6 Black es el quemador de grasas (Ripped Fast + Fat Burner) m\u00e1s vendido de todo el mundo. 100% importado. Formula americana. Env\u00edos.","robots":{"index":"index","follow":"follow","max-snippet":"max-snippet:-1","max-image-preview":"max-image-preview:large","max-video-preview":"max-video-preview:-1"},"canonical":"https:\/\/www.demusculos.com\/web\/producto\/lipo-6-black-x60-de-nutrex-quemador-de-grasas\/","og_locale":"es_ES","og_type":"article","og_title":"Lipo 6 Black | Quemador de Grasas | Nutrex | DeMusculos.com","og_description":"Actualmente Lipo 6 Black es el quemador de grasas (Ripped Fast + Fat Burner) m\u00e1s vendido de todo el mundo. 100% importado. Formula americana. Env\u00edos.","og_url":"https:\/\/www.demusculos.com\/web\/producto\/lipo-6-black-x60-de-nutrex-quemador-de-grasas\/","og_site_name":"DeMusculos","article_publisher":"https:\/\/www.facebook.com\/demusculos","article_modified_time":"2026-04-10T13:18:54+00:00","og_image":[{"width":1600,"height":1600,"url":"https:\/\/www.demusculos.com\/web\/wp-content\/uploads\/2024\/03\/quemador-lipo6-black-nutrex-ultra-concentrado-01.jpg","type":"image\/jpeg"}],"twitter_card":"summary_large_image","twitter_site":"@demusculos","twitter_misc":{"Tiempo de lectura":"3 minutos"},"schema":{"@context":"https:\/\/schema.org","@graph":[{"@type":"WebPage","@id":"https:\/\/www.demusculos.com\/web\/producto\/lipo-6-black-x60-de-nutrex-quemador-de-grasas\/","url":"https:\/\/www.demusculos.com\/web\/producto\/lipo-6-black-x60-de-nutrex-quemador-de-grasas\/","name":"Lipo 6 Black | Quemador de Grasas | Nutrex | DeMusculos.com","isPartOf":{"@id":"https:\/\/www.demusculos.com\/web\/#website"},"primaryImageOfPage":{"@id":"https:\/\/www.demusculos.com\/web\/producto\/lipo-6-black-x60-de-nutrex-quemador-de-grasas\/#primaryimage"},"image":{"@id":"https:\/\/www.demusculos.com\/web\/producto\/lipo-6-black-x60-de-nutrex-quemador-de-grasas\/#primaryimage"},"thumbnailUrl":"https:\/\/www.demusculos.com\/web\/wp-content\/uploads\/2024\/03\/quemador-lipo6-black-nutrex-ultra-concentrado-01.jpg","datePublished":"2024-03-07T17:16:29+00:00","dateModified":"2026-04-10T13:18:54+00:00","description":"Actualmente Lipo 6 Black es el quemador de grasas (Ripped Fast + Fat Burner) m\u00e1s vendido de todo el mundo. 100% importado. Formula americana. Env\u00edos.","breadcrumb":{"@id":"https:\/\/www.demusculos.com\/web\/producto\/lipo-6-black-x60-de-nutrex-quemador-de-grasas\/#breadcrumb"},"inLanguage":"es","potentialAction":[{"@type":"ReadAction","target":["https:\/\/www.demusculos.com\/web\/producto\/lipo-6-black-x60-de-nutrex-quemador-de-grasas\/"]}]},{"@type":"ImageObject","inLanguage":"es","@id":"https:\/\/www.demusculos.com\/web\/producto\/lipo-6-black-x60-de-nutrex-quemador-de-grasas\/#primaryimage","url":"https:\/\/www.demusculos.com\/web\/wp-content\/uploads\/2024\/03\/quemador-lipo6-black-nutrex-ultra-concentrado-01.jpg","contentUrl":"https:\/\/www.demusculos.com\/web\/wp-content\/uploads\/2024\/03\/quemador-lipo6-black-nutrex-ultra-concentrado-01.jpg","width":1600,"height":1600,"caption":"Lipo 6 Black de Nutrex x60 c\u00e1psulas Quemador de Grasas"},{"@type":"BreadcrumbList","@id":"https:\/\/www.demusculos.com\/web\/producto\/lipo-6-black-x60-de-nutrex-quemador-de-grasas\/#breadcrumb","itemListElement":[{"@type":"ListItem","position":1,"name":"Inicio","item":"https:\/\/www.demusculos.com\/web\/"},{"@type":"ListItem","position":2,"name":"Suplementos","item":"https:\/\/www.demusculos.com\/web\/tienda\/"},{"@type":"ListItem","position":3,"name":"Lipo 6 Black x60 de Nutrex Quemador de Grasas (Importado)"}]},{"@type":"WebSite","@id":"https:\/\/www.demusculos.com\/web\/#website","url":"https:\/\/www.demusculos.com\/web\/","name":"DeMusculos.com","description":"Suplementos Naturales","publisher":{"@id":"https:\/\/www.demusculos.com\/web\/#organization"},"alternateName":"Suplementos Naturales","potentialAction":[{"@type":"SearchAction","target":{"@type":"EntryPoint","urlTemplate":"https:\/\/www.demusculos.com\/web\/?s={search_term_string}"},"query-input":{"@type":"PropertyValueSpecification","valueRequired":true,"valueName":"search_term_string"}}],"inLanguage":"es"},{"@type":"Organization","@id":"https:\/\/www.demusculos.com\/web\/#organization","name":"DeMusculos.com","alternateName":"DeMusculos","url":"https:\/\/www.demusculos.com\/web\/","logo":{"@type":"ImageObject","inLanguage":"es","@id":"https:\/\/www.demusculos.com\/web\/#\/schema\/logo\/image\/","url":"https:\/\/www.demusculos.com\/web\/wp-content\/uploads\/2024\/02\/logo-demusculos-prestashop-usuario.png","contentUrl":"https:\/\/www.demusculos.com\/web\/wp-content\/uploads\/2024\/02\/logo-demusculos-prestashop-usuario.png","width":150,"height":150,"caption":"DeMusculos.com"},"image":{"@id":"https:\/\/www.demusculos.com\/web\/#\/schema\/logo\/image\/"},"sameAs":["https:\/\/www.facebook.com\/demusculos","https:\/\/x.com\/demusculos","https:\/\/www.instagram.com\/demusculos","https:\/\/www.tiktok.com\/@demusculos.com"]}]}},"_links":{"self":[{"href":"https:\/\/www.demusculos.com\/web\/wp-json\/wp\/v2\/product\/2197","targetHints":{"allow":["GET"]}}],"collection":[{"href":"https:\/\/www.demusculos.com\/web\/wp-json\/wp\/v2\/product"}],"about":[{"href":"https:\/\/www.demusculos.com\/web\/wp-json\/wp\/v2\/types\/product"}],"replies":[{"embeddable":true,"href":"https:\/\/www.demusculos.com\/web\/wp-json\/wp\/v2\/comments?post=2197"}],"wp:featuredmedia":[{"embeddable":true,"href":"https:\/\/www.demusculos.com\/web\/wp-json\/wp\/v2\/media\/2199"}],"wp:attachment":[{"href":"https:\/\/www.demusculos.com\/web\/wp-json\/wp\/v2\/media?parent=2197"}],"wp:term":[{"taxonomy":"product_brand","embeddable":true,"href":"https:\/\/www.demusculos.com\/web\/wp-json\/wp\/v2\/product_brand?post=2197"},{"taxonomy":"product_cat","embeddable":true,"href":"https:\/\/www.demusculos.com\/web\/wp-json\/wp\/v2\/product_cat?post=2197"},{"taxonomy":"product_tag","embeddable":true,"href":"https:\/\/www.demusculos.com\/web\/wp-json\/wp\/v2\/product_tag?post=2197"}],"curies":[{"name":"wp","href":"https:\/\/api.w.org\/{rel}","templated":true}]}}