{"id":2996,"date":"2024-03-13T17:15:06","date_gmt":"2024-03-13T20:15:06","guid":{"rendered":"https:\/\/www.demusculos.com\/web\/?post_type=product&#038;p=2996"},"modified":"2026-02-01T20:02:27","modified_gmt":"2026-02-01T23:02:27","slug":"cla-x90-de-nutrex-regulador-de-metabolismo","status":"publish","type":"product","link":"https:\/\/www.demusculos.com\/web\/producto\/cla-x90-de-nutrex-regulador-de-metabolismo\/","title":{"rendered":"CLA x90 de Nutrex Regulador de Metabolismo"},"content":{"rendered":"<h1>Lipo 6 CLA Nutrex 90 caps Definicion &#8211; Quemador de Grasa<\/h1>\n<h2>1000mg de \u00c1cido Linol\u00e9ico Conjugado (CLA) por perla<\/h2>\n<p>Apoyo en la fase de definici\u00f3n<br \/>\nAyuda a mantener la masa muscular<br \/>\nLibre de estimulantes<br \/>\nEl \u00e1cido linol\u00e9ico conjugado, cuyas siglas en ingl\u00e9s son CLA, es un \u00e1cido graso esencial, muy importante para la salud y presente en los aceites vegetales (aceite de ma\u00edz, aceite de soja, aceite de girasol, etc.). Se puede encontrar adem\u00e1s en la leche y la carne de los animales rumiantes.<\/p>\n<p><strong>Beneficios<\/strong><br \/>\nEl CLA es bien conocido por ser un ingrediente muy beneficioso para propiciar la reducci\u00f3n de grasa corporal a la vez que ayuda a mantener la masa muscular, bajo un r\u00e9gimen de restricci\u00f3n cal\u00f3rica. Esto se ha podido observar en varios estudios en los cuales se med\u00eda el porcentaje de masa adiposa perdida.<\/p>\n<p>Mediante el apoyo a una mayor actividad metab\u00f3lica Lipo-6 CLA ayuda a personas que hacen dieta para lograr sus objetivos en la composici\u00f3n corporal.<\/p>\n<p>Lipo-6 CLA es libre de estimulantes y se puede combinar f\u00e1cilmente con otros productos de la dieta.<\/p>\n<p><strong>Como se toma?<\/strong><br \/>\nTomar 1 c\u00e1psula por la ma\u00f1ana y 1 c\u00e1psula por la tarde preferiblemente con la comida.<\/p>\n<p><strong>Envase<\/strong>: 90 capsulas<br \/>\n<strong>Porci\u00f3n<\/strong>: 2 capsulas<br \/>\nPorciones por Envase: 45<\/p>\n","protected":false},"excerpt":{"rendered":"<p>Excelente regulador metab\u00f3lico, quemador de grasas, grandes beneficios para la salud. Se puede combinar con otros suplementos naturales o quemadores de grasas.<\/p>\n","protected":false},"featured_media":2997,"comment_status":"closed","ping_status":"closed","template":"","meta":[],"product_brand":[245],"product_cat":[19],"product_tag":[142],"class_list":{"0":"post-2996","1":"product","2":"type-product","3":"status-publish","4":"has-post-thumbnail","6":"product_brand-nutrex","7":"product_cat-quemadores","8":"product_tag-nutrex","10":"first","11":"instock","12":"sale","13":"shipping-taxable","14":"purchasable","15":"product-type-simple"},"yoast_head":"<!-- This site is optimized with the Yoast SEO plugin v27.4 - https:\/\/yoast.com\/product\/yoast-seo-wordpress\/ -->\n<title>CLA x90 de Nutrex Regulador de Metabolismo | DeMusculos<\/title>\n<meta name=\"robots\" content=\"index, follow, max-snippet:-1, max-image-preview:large, max-video-preview:-1\" \/>\n<link rel=\"canonical\" href=\"https:\/\/www.demusculos.com\/web\/producto\/cla-x90-de-nutrex-regulador-de-metabolismo\/\" \/>\n<meta property=\"og:locale\" content=\"es_ES\" \/>\n<meta property=\"og:type\" content=\"article\" \/>\n<meta property=\"og:title\" content=\"CLA x90 de Nutrex Regulador de Metabolismo | DeMusculos\" \/>\n<meta property=\"og:description\" content=\"Excelente regulador metab\u00f3lico, quemador de grasas, grandes beneficios para la salud. Se puede combinar con otros suplementos naturales o quemadores de grasas.\" \/>\n<meta property=\"og:url\" content=\"https:\/\/www.demusculos.com\/web\/producto\/cla-x90-de-nutrex-regulador-de-metabolismo\/\" \/>\n<meta property=\"og:site_name\" content=\"DeMusculos\" \/>\n<meta property=\"article:publisher\" content=\"https:\/\/www.facebook.com\/demusculos\" \/>\n<meta property=\"article:modified_time\" content=\"2026-02-01T23:02:27+00:00\" \/>\n<meta property=\"og:image\" content=\"https:\/\/www.demusculos.com\/web\/wp-content\/uploads\/2024\/03\/cla-nutrex-01.jpg\" \/>\n\t<meta property=\"og:image:width\" content=\"800\" \/>\n\t<meta property=\"og:image:height\" content=\"800\" \/>\n\t<meta property=\"og:image:type\" content=\"image\/jpeg\" \/>\n<meta name=\"twitter:card\" content=\"summary_large_image\" \/>\n<meta name=\"twitter:site\" content=\"@demusculos\" \/>\n<meta name=\"twitter:label1\" content=\"Tiempo de lectura\" \/>\n\t<meta name=\"twitter:data1\" content=\"2 minutos\" \/>\n<script type=\"application\/ld+json\" class=\"yoast-schema-graph\">{\"@context\":\"https:\\\/\\\/schema.org\",\"@graph\":[{\"@type\":\"WebPage\",\"@id\":\"https:\\\/\\\/www.demusculos.com\\\/web\\\/producto\\\/cla-x90-de-nutrex-regulador-de-metabolismo\\\/\",\"url\":\"https:\\\/\\\/www.demusculos.com\\\/web\\\/producto\\\/cla-x90-de-nutrex-regulador-de-metabolismo\\\/\",\"name\":\"CLA x90 de Nutrex Regulador de Metabolismo | DeMusculos\",\"isPartOf\":{\"@id\":\"https:\\\/\\\/www.demusculos.com\\\/web\\\/#website\"},\"primaryImageOfPage\":{\"@id\":\"https:\\\/\\\/www.demusculos.com\\\/web\\\/producto\\\/cla-x90-de-nutrex-regulador-de-metabolismo\\\/#primaryimage\"},\"image\":{\"@id\":\"https:\\\/\\\/www.demusculos.com\\\/web\\\/producto\\\/cla-x90-de-nutrex-regulador-de-metabolismo\\\/#primaryimage\"},\"thumbnailUrl\":\"https:\\\/\\\/www.demusculos.com\\\/web\\\/wp-content\\\/uploads\\\/2024\\\/03\\\/cla-nutrex-01.jpg\",\"datePublished\":\"2024-03-13T20:15:06+00:00\",\"dateModified\":\"2026-02-01T23:02:27+00:00\",\"breadcrumb\":{\"@id\":\"https:\\\/\\\/www.demusculos.com\\\/web\\\/producto\\\/cla-x90-de-nutrex-regulador-de-metabolismo\\\/#breadcrumb\"},\"inLanguage\":\"es\",\"potentialAction\":[{\"@type\":\"ReadAction\",\"target\":[\"https:\\\/\\\/www.demusculos.com\\\/web\\\/producto\\\/cla-x90-de-nutrex-regulador-de-metabolismo\\\/\"]}]},{\"@type\":\"ImageObject\",\"inLanguage\":\"es\",\"@id\":\"https:\\\/\\\/www.demusculos.com\\\/web\\\/producto\\\/cla-x90-de-nutrex-regulador-de-metabolismo\\\/#primaryimage\",\"url\":\"https:\\\/\\\/www.demusculos.com\\\/web\\\/wp-content\\\/uploads\\\/2024\\\/03\\\/cla-nutrex-01.jpg\",\"contentUrl\":\"https:\\\/\\\/www.demusculos.com\\\/web\\\/wp-content\\\/uploads\\\/2024\\\/03\\\/cla-nutrex-01.jpg\",\"width\":800,\"height\":800,\"caption\":\"Cla de Nutrex x90 c\u00e1psulas\"},{\"@type\":\"BreadcrumbList\",\"@id\":\"https:\\\/\\\/www.demusculos.com\\\/web\\\/producto\\\/cla-x90-de-nutrex-regulador-de-metabolismo\\\/#breadcrumb\",\"itemListElement\":[{\"@type\":\"ListItem\",\"position\":1,\"name\":\"Inicio\",\"item\":\"https:\\\/\\\/www.demusculos.com\\\/web\\\/\"},{\"@type\":\"ListItem\",\"position\":2,\"name\":\"Suplementos\",\"item\":\"https:\\\/\\\/www.demusculos.com\\\/web\\\/tienda\\\/\"},{\"@type\":\"ListItem\",\"position\":3,\"name\":\"CLA x90 de Nutrex Regulador de Metabolismo\"}]},{\"@type\":\"WebSite\",\"@id\":\"https:\\\/\\\/www.demusculos.com\\\/web\\\/#website\",\"url\":\"https:\\\/\\\/www.demusculos.com\\\/web\\\/\",\"name\":\"DeMusculos.com\",\"description\":\"Suplementos Naturales\",\"publisher\":{\"@id\":\"https:\\\/\\\/www.demusculos.com\\\/web\\\/#organization\"},\"alternateName\":\"Suplementos Naturales\",\"potentialAction\":[{\"@type\":\"SearchAction\",\"target\":{\"@type\":\"EntryPoint\",\"urlTemplate\":\"https:\\\/\\\/www.demusculos.com\\\/web\\\/?s={search_term_string}\"},\"query-input\":{\"@type\":\"PropertyValueSpecification\",\"valueRequired\":true,\"valueName\":\"search_term_string\"}}],\"inLanguage\":\"es\"},{\"@type\":\"Organization\",\"@id\":\"https:\\\/\\\/www.demusculos.com\\\/web\\\/#organization\",\"name\":\"DeMusculos.com\",\"alternateName\":\"DeMusculos\",\"url\":\"https:\\\/\\\/www.demusculos.com\\\/web\\\/\",\"logo\":{\"@type\":\"ImageObject\",\"inLanguage\":\"es\",\"@id\":\"https:\\\/\\\/www.demusculos.com\\\/web\\\/#\\\/schema\\\/logo\\\/image\\\/\",\"url\":\"https:\\\/\\\/www.demusculos.com\\\/web\\\/wp-content\\\/uploads\\\/2024\\\/02\\\/logo-demusculos-prestashop-usuario.png\",\"contentUrl\":\"https:\\\/\\\/www.demusculos.com\\\/web\\\/wp-content\\\/uploads\\\/2024\\\/02\\\/logo-demusculos-prestashop-usuario.png\",\"width\":150,\"height\":150,\"caption\":\"DeMusculos.com\"},\"image\":{\"@id\":\"https:\\\/\\\/www.demusculos.com\\\/web\\\/#\\\/schema\\\/logo\\\/image\\\/\"},\"sameAs\":[\"https:\\\/\\\/www.facebook.com\\\/demusculos\",\"https:\\\/\\\/x.com\\\/demusculos\",\"https:\\\/\\\/www.instagram.com\\\/demusculos\",\"https:\\\/\\\/www.tiktok.com\\\/@demusculos.com\"]}]}<\/script>\n<!-- \/ Yoast SEO plugin. -->","yoast_head_json":{"title":"CLA x90 de Nutrex Regulador de Metabolismo | DeMusculos","robots":{"index":"index","follow":"follow","max-snippet":"max-snippet:-1","max-image-preview":"max-image-preview:large","max-video-preview":"max-video-preview:-1"},"canonical":"https:\/\/www.demusculos.com\/web\/producto\/cla-x90-de-nutrex-regulador-de-metabolismo\/","og_locale":"es_ES","og_type":"article","og_title":"CLA x90 de Nutrex Regulador de Metabolismo | DeMusculos","og_description":"Excelente regulador metab\u00f3lico, quemador de grasas, grandes beneficios para la salud. Se puede combinar con otros suplementos naturales o quemadores de grasas.","og_url":"https:\/\/www.demusculos.com\/web\/producto\/cla-x90-de-nutrex-regulador-de-metabolismo\/","og_site_name":"DeMusculos","article_publisher":"https:\/\/www.facebook.com\/demusculos","article_modified_time":"2026-02-01T23:02:27+00:00","og_image":[{"width":800,"height":800,"url":"https:\/\/www.demusculos.com\/web\/wp-content\/uploads\/2024\/03\/cla-nutrex-01.jpg","type":"image\/jpeg"}],"twitter_card":"summary_large_image","twitter_site":"@demusculos","twitter_misc":{"Tiempo de lectura":"2 minutos"},"schema":{"@context":"https:\/\/schema.org","@graph":[{"@type":"WebPage","@id":"https:\/\/www.demusculos.com\/web\/producto\/cla-x90-de-nutrex-regulador-de-metabolismo\/","url":"https:\/\/www.demusculos.com\/web\/producto\/cla-x90-de-nutrex-regulador-de-metabolismo\/","name":"CLA x90 de Nutrex Regulador de Metabolismo | DeMusculos","isPartOf":{"@id":"https:\/\/www.demusculos.com\/web\/#website"},"primaryImageOfPage":{"@id":"https:\/\/www.demusculos.com\/web\/producto\/cla-x90-de-nutrex-regulador-de-metabolismo\/#primaryimage"},"image":{"@id":"https:\/\/www.demusculos.com\/web\/producto\/cla-x90-de-nutrex-regulador-de-metabolismo\/#primaryimage"},"thumbnailUrl":"https:\/\/www.demusculos.com\/web\/wp-content\/uploads\/2024\/03\/cla-nutrex-01.jpg","datePublished":"2024-03-13T20:15:06+00:00","dateModified":"2026-02-01T23:02:27+00:00","breadcrumb":{"@id":"https:\/\/www.demusculos.com\/web\/producto\/cla-x90-de-nutrex-regulador-de-metabolismo\/#breadcrumb"},"inLanguage":"es","potentialAction":[{"@type":"ReadAction","target":["https:\/\/www.demusculos.com\/web\/producto\/cla-x90-de-nutrex-regulador-de-metabolismo\/"]}]},{"@type":"ImageObject","inLanguage":"es","@id":"https:\/\/www.demusculos.com\/web\/producto\/cla-x90-de-nutrex-regulador-de-metabolismo\/#primaryimage","url":"https:\/\/www.demusculos.com\/web\/wp-content\/uploads\/2024\/03\/cla-nutrex-01.jpg","contentUrl":"https:\/\/www.demusculos.com\/web\/wp-content\/uploads\/2024\/03\/cla-nutrex-01.jpg","width":800,"height":800,"caption":"Cla de Nutrex x90 c\u00e1psulas"},{"@type":"BreadcrumbList","@id":"https:\/\/www.demusculos.com\/web\/producto\/cla-x90-de-nutrex-regulador-de-metabolismo\/#breadcrumb","itemListElement":[{"@type":"ListItem","position":1,"name":"Inicio","item":"https:\/\/www.demusculos.com\/web\/"},{"@type":"ListItem","position":2,"name":"Suplementos","item":"https:\/\/www.demusculos.com\/web\/tienda\/"},{"@type":"ListItem","position":3,"name":"CLA x90 de Nutrex Regulador de Metabolismo"}]},{"@type":"WebSite","@id":"https:\/\/www.demusculos.com\/web\/#website","url":"https:\/\/www.demusculos.com\/web\/","name":"DeMusculos.com","description":"Suplementos Naturales","publisher":{"@id":"https:\/\/www.demusculos.com\/web\/#organization"},"alternateName":"Suplementos Naturales","potentialAction":[{"@type":"SearchAction","target":{"@type":"EntryPoint","urlTemplate":"https:\/\/www.demusculos.com\/web\/?s={search_term_string}"},"query-input":{"@type":"PropertyValueSpecification","valueRequired":true,"valueName":"search_term_string"}}],"inLanguage":"es"},{"@type":"Organization","@id":"https:\/\/www.demusculos.com\/web\/#organization","name":"DeMusculos.com","alternateName":"DeMusculos","url":"https:\/\/www.demusculos.com\/web\/","logo":{"@type":"ImageObject","inLanguage":"es","@id":"https:\/\/www.demusculos.com\/web\/#\/schema\/logo\/image\/","url":"https:\/\/www.demusculos.com\/web\/wp-content\/uploads\/2024\/02\/logo-demusculos-prestashop-usuario.png","contentUrl":"https:\/\/www.demusculos.com\/web\/wp-content\/uploads\/2024\/02\/logo-demusculos-prestashop-usuario.png","width":150,"height":150,"caption":"DeMusculos.com"},"image":{"@id":"https:\/\/www.demusculos.com\/web\/#\/schema\/logo\/image\/"},"sameAs":["https:\/\/www.facebook.com\/demusculos","https:\/\/x.com\/demusculos","https:\/\/www.instagram.com\/demusculos","https:\/\/www.tiktok.com\/@demusculos.com"]}]}},"_links":{"self":[{"href":"https:\/\/www.demusculos.com\/web\/wp-json\/wp\/v2\/product\/2996","targetHints":{"allow":["GET"]}}],"collection":[{"href":"https:\/\/www.demusculos.com\/web\/wp-json\/wp\/v2\/product"}],"about":[{"href":"https:\/\/www.demusculos.com\/web\/wp-json\/wp\/v2\/types\/product"}],"replies":[{"embeddable":true,"href":"https:\/\/www.demusculos.com\/web\/wp-json\/wp\/v2\/comments?post=2996"}],"wp:featuredmedia":[{"embeddable":true,"href":"https:\/\/www.demusculos.com\/web\/wp-json\/wp\/v2\/media\/2997"}],"wp:attachment":[{"href":"https:\/\/www.demusculos.com\/web\/wp-json\/wp\/v2\/media?parent=2996"}],"wp:term":[{"taxonomy":"product_brand","embeddable":true,"href":"https:\/\/www.demusculos.com\/web\/wp-json\/wp\/v2\/product_brand?post=2996"},{"taxonomy":"product_cat","embeddable":true,"href":"https:\/\/www.demusculos.com\/web\/wp-json\/wp\/v2\/product_cat?post=2996"},{"taxonomy":"product_tag","embeddable":true,"href":"https:\/\/www.demusculos.com\/web\/wp-json\/wp\/v2\/product_tag?post=2996"}],"curies":[{"name":"wp","href":"https:\/\/api.w.org\/{rel}","templated":true}]}}