{"id":3185,"date":"2024-03-15T20:10:18","date_gmt":"2024-03-15T23:10:18","guid":{"rendered":"https:\/\/www.demusculos.com\/web\/?post_type=product&#038;p=3185"},"modified":"2026-05-03T03:26:29","modified_gmt":"2026-05-03T06:26:29","slug":"8-vasos-mezcladores-o-shaker-bpa-free-500-ml-varios-motivos","status":"publish","type":"product","link":"https:\/\/www.demusculos.com\/web\/producto\/8-vasos-mezcladores-o-shaker-bpa-free-500-ml-varios-motivos\/","title":{"rendered":"8 Vasos Mezcladores \/ Shaker BPA FREE 500 ml (Varios Motivos)"},"content":{"rendered":"<h1>8 Vaso Mezclador o Shaker BPA FREE 500 ml (Varios Motivos)<\/h1>\n<h2>Con anti grumo incluido<\/h2>\n<p>Vaso mezclador o shaker. Para preparar tus licuados de prote\u00ednas, amino\u00e1cidos y creatinas.<\/p>\n<p>Motivo: sin motivos, listo para imprimir, ideal para publicidad<\/p>\n<p>Medio litro. El vaso esta confeccionado en pl\u00e1stico BPA FREE, esto quiere decir que es un pl\u00e1stico que utiliza un pol\u00edmero no t\u00f3xico.<\/p>\n<p>Tampoco toman olor con el correr del tiempo. El vaso mezclador incluye tapa a rosca, pico con tapa a presi\u00f3n, resorte de acero inoxidable para desintegrar los grupos de prote\u00ednas, amino\u00e1cidos o creatinas<\/p>\n<p>&nbsp;<\/p>\n<figure id=\"attachment_3187\" aria-describedby=\"caption-attachment-3187\" style=\"width: 1200px\" class=\"wp-caption alignnone\"><img fetchpriority=\"high\" decoding=\"async\" class=\"wp-image-3187 size-full\" src=\"https:\/\/www.demusculos.com\/web\/wp-content\/uploads\/2024\/03\/shaker-vaso-mezclador-bpa-free2.jpg\" alt=\"8 vasos BPA FREE de Varios motivos. Ideal para vender en el gym o a tus amigos.\" width=\"1200\" height=\"1104\" srcset=\"https:\/\/www.demusculos.com\/web\/wp-content\/uploads\/2024\/03\/shaker-vaso-mezclador-bpa-free2.jpg 1200w, https:\/\/www.demusculos.com\/web\/wp-content\/uploads\/2024\/03\/shaker-vaso-mezclador-bpa-free2-300x276.jpg 300w, https:\/\/www.demusculos.com\/web\/wp-content\/uploads\/2024\/03\/shaker-vaso-mezclador-bpa-free2-150x138.jpg 150w, https:\/\/www.demusculos.com\/web\/wp-content\/uploads\/2024\/03\/shaker-vaso-mezclador-bpa-free2-800x736.jpg 800w, https:\/\/www.demusculos.com\/web\/wp-content\/uploads\/2024\/03\/shaker-vaso-mezclador-bpa-free2-1024x942.jpg 1024w, https:\/\/www.demusculos.com\/web\/wp-content\/uploads\/2024\/03\/shaker-vaso-mezclador-bpa-free2-768x707.jpg 768w\" sizes=\"(max-width: 1200px) 100vw, 1200px\" \/><figcaption id=\"caption-attachment-3187\" class=\"wp-caption-text\">8 vasos BPA FREE de Varios motivos. Ideal para vender en el gym o a tus amigos.<\/figcaption><\/figure>\n<figure id=\"attachment_3188\" aria-describedby=\"caption-attachment-3188\" style=\"width: 1200px\" class=\"wp-caption alignnone\"><img decoding=\"async\" class=\"size-full wp-image-3188\" src=\"https:\/\/www.demusculos.com\/web\/wp-content\/uploads\/2024\/03\/shaker-vaso-mezclador-bpa-free3.jpg\" alt=\"8 vasos BPA FREE de Varios motivos. Ideal para vender en el gym o a tus amigos.\" width=\"1200\" height=\"1104\" srcset=\"https:\/\/www.demusculos.com\/web\/wp-content\/uploads\/2024\/03\/shaker-vaso-mezclador-bpa-free3.jpg 1200w, https:\/\/www.demusculos.com\/web\/wp-content\/uploads\/2024\/03\/shaker-vaso-mezclador-bpa-free3-300x276.jpg 300w, https:\/\/www.demusculos.com\/web\/wp-content\/uploads\/2024\/03\/shaker-vaso-mezclador-bpa-free3-150x138.jpg 150w, https:\/\/www.demusculos.com\/web\/wp-content\/uploads\/2024\/03\/shaker-vaso-mezclador-bpa-free3-800x736.jpg 800w, https:\/\/www.demusculos.com\/web\/wp-content\/uploads\/2024\/03\/shaker-vaso-mezclador-bpa-free3-1024x942.jpg 1024w, https:\/\/www.demusculos.com\/web\/wp-content\/uploads\/2024\/03\/shaker-vaso-mezclador-bpa-free3-768x707.jpg 768w\" sizes=\"(max-width: 1200px) 100vw, 1200px\" \/><figcaption id=\"caption-attachment-3188\" class=\"wp-caption-text\">8 vasos BPA FREE de Varios motivos. Ideal para vender en el gym o a tus amigos.<\/figcaption><\/figure>\n<figure id=\"attachment_3189\" aria-describedby=\"caption-attachment-3189\" style=\"width: 1200px\" class=\"wp-caption alignnone\"><img decoding=\"async\" class=\"size-full wp-image-3189\" src=\"https:\/\/www.demusculos.com\/web\/wp-content\/uploads\/2024\/03\/shaker-vaso-mezclador-bpa-free4.jpg\" alt=\"8 vasos BPA FREE de Varios motivos. Ideal para vender en el gym o a tus amigos.\" width=\"1200\" height=\"1104\" srcset=\"https:\/\/www.demusculos.com\/web\/wp-content\/uploads\/2024\/03\/shaker-vaso-mezclador-bpa-free4.jpg 1200w, https:\/\/www.demusculos.com\/web\/wp-content\/uploads\/2024\/03\/shaker-vaso-mezclador-bpa-free4-300x276.jpg 300w, https:\/\/www.demusculos.com\/web\/wp-content\/uploads\/2024\/03\/shaker-vaso-mezclador-bpa-free4-150x138.jpg 150w, https:\/\/www.demusculos.com\/web\/wp-content\/uploads\/2024\/03\/shaker-vaso-mezclador-bpa-free4-800x736.jpg 800w, https:\/\/www.demusculos.com\/web\/wp-content\/uploads\/2024\/03\/shaker-vaso-mezclador-bpa-free4-1024x942.jpg 1024w, https:\/\/www.demusculos.com\/web\/wp-content\/uploads\/2024\/03\/shaker-vaso-mezclador-bpa-free4-768x707.jpg 768w\" sizes=\"(max-width: 1200px) 100vw, 1200px\" \/><figcaption id=\"caption-attachment-3189\" class=\"wp-caption-text\">8 vasos BPA FREE de Varios motivos. Ideal para vender en el gym o a tus amigos.<\/figcaption><\/figure>\n<p><a href=\"https:\/\/www.demusculos.com\/web\/etiqueta\/shaker\/\"><strong>Ver otros motivos<\/strong><\/a><\/p>\n<div class=\"video-container\"><iframe title=\"Vasos Mezcladores BPA FREE ideales para preparar tus licuados de prote\u00edna\" width=\"1170\" height=\"658\" src=\"https:\/\/www.youtube.com\/embed\/X_gwtAh4O78?feature=oembed\" frameborder=\"0\" allow=\"accelerometer; autoplay; clipboard-write; encrypted-media; gyroscope; picture-in-picture; web-share\" referrerpolicy=\"strict-origin-when-cross-origin\" allowfullscreen><\/iframe><\/div>\n","protected":false},"excerpt":{"rendered":"<p>Te enviamos 8 vasos shaker con motivos variados. Te mandamos los \u00faltimos modelos. La imagen es ilustrativa, todos los dise\u00f1os que te llegan son de excelente calidad.<\/p>\n","protected":false},"featured_media":3186,"comment_status":"closed","ping_status":"closed","template":"","meta":[],"product_brand":[],"product_cat":[120],"product_tag":[122,121,123],"class_list":{"0":"post-3185","1":"product","2":"type-product","3":"status-publish","4":"has-post-thumbnail","6":"product_cat-accesorios","7":"product_tag-shaker","8":"product_tag-shark","9":"product_tag-vaso","11":"first","12":"instock","13":"sale","14":"shipping-taxable","15":"purchasable","16":"product-type-simple"},"yoast_head":"<!-- This site is optimized with the Yoast SEO plugin v27.5 - https:\/\/yoast.com\/product\/yoast-seo-wordpress\/ -->\n<title>Shakers Vasos por mayor | Varios Motivos | No T\u00f3xicos | BPA<\/title>\n<meta name=\"description\" content=\"Combo de 8 vasos mezcladores. Shakers Vasos por mayor. Ideal para revender o regalar. Env\u00edos a toda la Argentina. Compra r\u00e1pida sin suscripci\u00f3n.\" \/>\n<meta name=\"robots\" content=\"index, follow, max-snippet:-1, max-image-preview:large, max-video-preview:-1\" \/>\n<link rel=\"canonical\" href=\"https:\/\/www.demusculos.com\/web\/producto\/8-vasos-mezcladores-o-shaker-bpa-free-500-ml-varios-motivos\/\" \/>\n<meta property=\"og:locale\" content=\"es_ES\" \/>\n<meta property=\"og:type\" content=\"article\" \/>\n<meta property=\"og:title\" content=\"Shakers Vasos por mayor | Varios Motivos | No T\u00f3xicos | BPA\" \/>\n<meta property=\"og:description\" content=\"Combo de 8 vasos mezcladores. Shakers Vasos por mayor. Ideal para revender o regalar. Env\u00edos a toda la Argentina. Compra r\u00e1pida sin suscripci\u00f3n.\" \/>\n<meta property=\"og:url\" content=\"https:\/\/www.demusculos.com\/web\/producto\/8-vasos-mezcladores-o-shaker-bpa-free-500-ml-varios-motivos\/\" \/>\n<meta property=\"og:site_name\" content=\"DeMusculos\" \/>\n<meta property=\"article:publisher\" content=\"https:\/\/www.facebook.com\/demusculos\" \/>\n<meta property=\"article:modified_time\" content=\"2026-05-03T06:26:29+00:00\" \/>\n<meta property=\"og:image\" content=\"https:\/\/www.demusculos.com\/web\/wp-content\/uploads\/2024\/03\/shaker-vaso-mezclador-bpa-free.jpg\" \/>\n\t<meta property=\"og:image:width\" content=\"1200\" \/>\n\t<meta property=\"og:image:height\" content=\"1200\" \/>\n\t<meta property=\"og:image:type\" content=\"image\/jpeg\" \/>\n<meta name=\"twitter:card\" content=\"summary_large_image\" \/>\n<meta name=\"twitter:site\" content=\"@demusculos\" \/>\n<meta name=\"twitter:label1\" content=\"Tiempo de lectura\" \/>\n\t<meta name=\"twitter:data1\" content=\"2 minutos\" \/>\n<script type=\"application\/ld+json\" class=\"yoast-schema-graph\">{\"@context\":\"https:\\\/\\\/schema.org\",\"@graph\":[{\"@type\":\"WebPage\",\"@id\":\"https:\\\/\\\/www.demusculos.com\\\/web\\\/producto\\\/8-vasos-mezcladores-o-shaker-bpa-free-500-ml-varios-motivos\\\/\",\"url\":\"https:\\\/\\\/www.demusculos.com\\\/web\\\/producto\\\/8-vasos-mezcladores-o-shaker-bpa-free-500-ml-varios-motivos\\\/\",\"name\":\"Shakers Vasos por mayor | Varios Motivos | No T\u00f3xicos | BPA\",\"isPartOf\":{\"@id\":\"https:\\\/\\\/www.demusculos.com\\\/web\\\/#website\"},\"primaryImageOfPage\":{\"@id\":\"https:\\\/\\\/www.demusculos.com\\\/web\\\/producto\\\/8-vasos-mezcladores-o-shaker-bpa-free-500-ml-varios-motivos\\\/#primaryimage\"},\"image\":{\"@id\":\"https:\\\/\\\/www.demusculos.com\\\/web\\\/producto\\\/8-vasos-mezcladores-o-shaker-bpa-free-500-ml-varios-motivos\\\/#primaryimage\"},\"thumbnailUrl\":\"https:\\\/\\\/www.demusculos.com\\\/web\\\/wp-content\\\/uploads\\\/2024\\\/03\\\/shaker-vaso-mezclador-bpa-free.jpg\",\"datePublished\":\"2024-03-15T23:10:18+00:00\",\"dateModified\":\"2026-05-03T06:26:29+00:00\",\"description\":\"Combo de 8 vasos mezcladores. Shakers Vasos por mayor. Ideal para revender o regalar. Env\u00edos a toda la Argentina. Compra r\u00e1pida sin suscripci\u00f3n.\",\"breadcrumb\":{\"@id\":\"https:\\\/\\\/www.demusculos.com\\\/web\\\/producto\\\/8-vasos-mezcladores-o-shaker-bpa-free-500-ml-varios-motivos\\\/#breadcrumb\"},\"inLanguage\":\"es\",\"potentialAction\":[{\"@type\":\"ReadAction\",\"target\":[\"https:\\\/\\\/www.demusculos.com\\\/web\\\/producto\\\/8-vasos-mezcladores-o-shaker-bpa-free-500-ml-varios-motivos\\\/\"]}]},{\"@type\":\"ImageObject\",\"inLanguage\":\"es\",\"@id\":\"https:\\\/\\\/www.demusculos.com\\\/web\\\/producto\\\/8-vasos-mezcladores-o-shaker-bpa-free-500-ml-varios-motivos\\\/#primaryimage\",\"url\":\"https:\\\/\\\/www.demusculos.com\\\/web\\\/wp-content\\\/uploads\\\/2024\\\/03\\\/shaker-vaso-mezclador-bpa-free.jpg\",\"contentUrl\":\"https:\\\/\\\/www.demusculos.com\\\/web\\\/wp-content\\\/uploads\\\/2024\\\/03\\\/shaker-vaso-mezclador-bpa-free.jpg\",\"width\":1200,\"height\":1200,\"caption\":\"8 vasos BPA FREE de Varios motivos. Ideal para vender en el gym o a tus amigos.\"},{\"@type\":\"BreadcrumbList\",\"@id\":\"https:\\\/\\\/www.demusculos.com\\\/web\\\/producto\\\/8-vasos-mezcladores-o-shaker-bpa-free-500-ml-varios-motivos\\\/#breadcrumb\",\"itemListElement\":[{\"@type\":\"ListItem\",\"position\":1,\"name\":\"Inicio\",\"item\":\"https:\\\/\\\/www.demusculos.com\\\/web\\\/\"},{\"@type\":\"ListItem\",\"position\":2,\"name\":\"Suplementos\",\"item\":\"https:\\\/\\\/www.demusculos.com\\\/web\\\/tienda\\\/\"},{\"@type\":\"ListItem\",\"position\":3,\"name\":\"8 Vasos Mezcladores \\\/ Shaker BPA FREE 500 ml (Varios Motivos)\"}]},{\"@type\":\"WebSite\",\"@id\":\"https:\\\/\\\/www.demusculos.com\\\/web\\\/#website\",\"url\":\"https:\\\/\\\/www.demusculos.com\\\/web\\\/\",\"name\":\"DeMusculos.com\",\"description\":\"Suplementos Naturales\",\"publisher\":{\"@id\":\"https:\\\/\\\/www.demusculos.com\\\/web\\\/#organization\"},\"alternateName\":\"Suplementos Naturales\",\"potentialAction\":[{\"@type\":\"SearchAction\",\"target\":{\"@type\":\"EntryPoint\",\"urlTemplate\":\"https:\\\/\\\/www.demusculos.com\\\/web\\\/?s={search_term_string}\"},\"query-input\":{\"@type\":\"PropertyValueSpecification\",\"valueRequired\":true,\"valueName\":\"search_term_string\"}}],\"inLanguage\":\"es\"},{\"@type\":\"Organization\",\"@id\":\"https:\\\/\\\/www.demusculos.com\\\/web\\\/#organization\",\"name\":\"DeMusculos.com\",\"alternateName\":\"DeMusculos\",\"url\":\"https:\\\/\\\/www.demusculos.com\\\/web\\\/\",\"logo\":{\"@type\":\"ImageObject\",\"inLanguage\":\"es\",\"@id\":\"https:\\\/\\\/www.demusculos.com\\\/web\\\/#\\\/schema\\\/logo\\\/image\\\/\",\"url\":\"https:\\\/\\\/www.demusculos.com\\\/web\\\/wp-content\\\/uploads\\\/2024\\\/02\\\/logo-demusculos-prestashop-usuario.png\",\"contentUrl\":\"https:\\\/\\\/www.demusculos.com\\\/web\\\/wp-content\\\/uploads\\\/2024\\\/02\\\/logo-demusculos-prestashop-usuario.png\",\"width\":150,\"height\":150,\"caption\":\"DeMusculos.com\"},\"image\":{\"@id\":\"https:\\\/\\\/www.demusculos.com\\\/web\\\/#\\\/schema\\\/logo\\\/image\\\/\"},\"sameAs\":[\"https:\\\/\\\/www.facebook.com\\\/demusculos\",\"https:\\\/\\\/x.com\\\/demusculos\",\"https:\\\/\\\/www.instagram.com\\\/demusculos\",\"https:\\\/\\\/www.tiktok.com\\\/@demusculos.com\"]}]}<\/script>\n<!-- \/ Yoast SEO plugin. -->","yoast_head_json":{"title":"Shakers Vasos por mayor | Varios Motivos | No T\u00f3xicos | BPA","description":"Combo de 8 vasos mezcladores. Shakers Vasos por mayor. Ideal para revender o regalar. Env\u00edos a toda la Argentina. Compra r\u00e1pida sin suscripci\u00f3n.","robots":{"index":"index","follow":"follow","max-snippet":"max-snippet:-1","max-image-preview":"max-image-preview:large","max-video-preview":"max-video-preview:-1"},"canonical":"https:\/\/www.demusculos.com\/web\/producto\/8-vasos-mezcladores-o-shaker-bpa-free-500-ml-varios-motivos\/","og_locale":"es_ES","og_type":"article","og_title":"Shakers Vasos por mayor | Varios Motivos | No T\u00f3xicos | BPA","og_description":"Combo de 8 vasos mezcladores. Shakers Vasos por mayor. Ideal para revender o regalar. Env\u00edos a toda la Argentina. Compra r\u00e1pida sin suscripci\u00f3n.","og_url":"https:\/\/www.demusculos.com\/web\/producto\/8-vasos-mezcladores-o-shaker-bpa-free-500-ml-varios-motivos\/","og_site_name":"DeMusculos","article_publisher":"https:\/\/www.facebook.com\/demusculos","article_modified_time":"2026-05-03T06:26:29+00:00","og_image":[{"width":1200,"height":1200,"url":"https:\/\/www.demusculos.com\/web\/wp-content\/uploads\/2024\/03\/shaker-vaso-mezclador-bpa-free.jpg","type":"image\/jpeg"}],"twitter_card":"summary_large_image","twitter_site":"@demusculos","twitter_misc":{"Tiempo de lectura":"2 minutos"},"schema":{"@context":"https:\/\/schema.org","@graph":[{"@type":"WebPage","@id":"https:\/\/www.demusculos.com\/web\/producto\/8-vasos-mezcladores-o-shaker-bpa-free-500-ml-varios-motivos\/","url":"https:\/\/www.demusculos.com\/web\/producto\/8-vasos-mezcladores-o-shaker-bpa-free-500-ml-varios-motivos\/","name":"Shakers Vasos por mayor | Varios Motivos | No T\u00f3xicos | BPA","isPartOf":{"@id":"https:\/\/www.demusculos.com\/web\/#website"},"primaryImageOfPage":{"@id":"https:\/\/www.demusculos.com\/web\/producto\/8-vasos-mezcladores-o-shaker-bpa-free-500-ml-varios-motivos\/#primaryimage"},"image":{"@id":"https:\/\/www.demusculos.com\/web\/producto\/8-vasos-mezcladores-o-shaker-bpa-free-500-ml-varios-motivos\/#primaryimage"},"thumbnailUrl":"https:\/\/www.demusculos.com\/web\/wp-content\/uploads\/2024\/03\/shaker-vaso-mezclador-bpa-free.jpg","datePublished":"2024-03-15T23:10:18+00:00","dateModified":"2026-05-03T06:26:29+00:00","description":"Combo de 8 vasos mezcladores. Shakers Vasos por mayor. Ideal para revender o regalar. Env\u00edos a toda la Argentina. Compra r\u00e1pida sin suscripci\u00f3n.","breadcrumb":{"@id":"https:\/\/www.demusculos.com\/web\/producto\/8-vasos-mezcladores-o-shaker-bpa-free-500-ml-varios-motivos\/#breadcrumb"},"inLanguage":"es","potentialAction":[{"@type":"ReadAction","target":["https:\/\/www.demusculos.com\/web\/producto\/8-vasos-mezcladores-o-shaker-bpa-free-500-ml-varios-motivos\/"]}]},{"@type":"ImageObject","inLanguage":"es","@id":"https:\/\/www.demusculos.com\/web\/producto\/8-vasos-mezcladores-o-shaker-bpa-free-500-ml-varios-motivos\/#primaryimage","url":"https:\/\/www.demusculos.com\/web\/wp-content\/uploads\/2024\/03\/shaker-vaso-mezclador-bpa-free.jpg","contentUrl":"https:\/\/www.demusculos.com\/web\/wp-content\/uploads\/2024\/03\/shaker-vaso-mezclador-bpa-free.jpg","width":1200,"height":1200,"caption":"8 vasos BPA FREE de Varios motivos. Ideal para vender en el gym o a tus amigos."},{"@type":"BreadcrumbList","@id":"https:\/\/www.demusculos.com\/web\/producto\/8-vasos-mezcladores-o-shaker-bpa-free-500-ml-varios-motivos\/#breadcrumb","itemListElement":[{"@type":"ListItem","position":1,"name":"Inicio","item":"https:\/\/www.demusculos.com\/web\/"},{"@type":"ListItem","position":2,"name":"Suplementos","item":"https:\/\/www.demusculos.com\/web\/tienda\/"},{"@type":"ListItem","position":3,"name":"8 Vasos Mezcladores \/ Shaker BPA FREE 500 ml (Varios Motivos)"}]},{"@type":"WebSite","@id":"https:\/\/www.demusculos.com\/web\/#website","url":"https:\/\/www.demusculos.com\/web\/","name":"DeMusculos.com","description":"Suplementos Naturales","publisher":{"@id":"https:\/\/www.demusculos.com\/web\/#organization"},"alternateName":"Suplementos Naturales","potentialAction":[{"@type":"SearchAction","target":{"@type":"EntryPoint","urlTemplate":"https:\/\/www.demusculos.com\/web\/?s={search_term_string}"},"query-input":{"@type":"PropertyValueSpecification","valueRequired":true,"valueName":"search_term_string"}}],"inLanguage":"es"},{"@type":"Organization","@id":"https:\/\/www.demusculos.com\/web\/#organization","name":"DeMusculos.com","alternateName":"DeMusculos","url":"https:\/\/www.demusculos.com\/web\/","logo":{"@type":"ImageObject","inLanguage":"es","@id":"https:\/\/www.demusculos.com\/web\/#\/schema\/logo\/image\/","url":"https:\/\/www.demusculos.com\/web\/wp-content\/uploads\/2024\/02\/logo-demusculos-prestashop-usuario.png","contentUrl":"https:\/\/www.demusculos.com\/web\/wp-content\/uploads\/2024\/02\/logo-demusculos-prestashop-usuario.png","width":150,"height":150,"caption":"DeMusculos.com"},"image":{"@id":"https:\/\/www.demusculos.com\/web\/#\/schema\/logo\/image\/"},"sameAs":["https:\/\/www.facebook.com\/demusculos","https:\/\/x.com\/demusculos","https:\/\/www.instagram.com\/demusculos","https:\/\/www.tiktok.com\/@demusculos.com"]}]}},"_links":{"self":[{"href":"https:\/\/www.demusculos.com\/web\/wp-json\/wp\/v2\/product\/3185","targetHints":{"allow":["GET"]}}],"collection":[{"href":"https:\/\/www.demusculos.com\/web\/wp-json\/wp\/v2\/product"}],"about":[{"href":"https:\/\/www.demusculos.com\/web\/wp-json\/wp\/v2\/types\/product"}],"replies":[{"embeddable":true,"href":"https:\/\/www.demusculos.com\/web\/wp-json\/wp\/v2\/comments?post=3185"}],"wp:featuredmedia":[{"embeddable":true,"href":"https:\/\/www.demusculos.com\/web\/wp-json\/wp\/v2\/media\/3186"}],"wp:attachment":[{"href":"https:\/\/www.demusculos.com\/web\/wp-json\/wp\/v2\/media?parent=3185"}],"wp:term":[{"taxonomy":"product_brand","embeddable":true,"href":"https:\/\/www.demusculos.com\/web\/wp-json\/wp\/v2\/product_brand?post=3185"},{"taxonomy":"product_cat","embeddable":true,"href":"https:\/\/www.demusculos.com\/web\/wp-json\/wp\/v2\/product_cat?post=3185"},{"taxonomy":"product_tag","embeddable":true,"href":"https:\/\/www.demusculos.com\/web\/wp-json\/wp\/v2\/product_tag?post=3185"}],"curies":[{"name":"wp","href":"https:\/\/api.w.org\/{rel}","templated":true}]}}