{"id":3205,"date":"2024-03-15T21:36:24","date_gmt":"2024-03-16T00:36:24","guid":{"rendered":"https:\/\/www.demusculos.com\/web\/?post_type=product&#038;p=3205"},"modified":"2026-02-01T20:02:12","modified_gmt":"2026-02-01T23:02:12","slug":"chaleco-de-entrenamiento-con-peso","status":"publish","type":"product","link":"https:\/\/www.demusculos.com\/web\/producto\/chaleco-de-entrenamiento-con-peso\/","title":{"rendered":"Chaleco de entrenamiento con peso (10 kg) Generati\u00f3n Fit"},"content":{"rendered":"<p data-start=\"0\" data-end=\"372\">Los chalecos de entrenamiento con peso son una herramienta poderosa para <strong data-start=\"73\" data-end=\"118\">potenciar cualquier tipo de rutina f\u00edsica<\/strong>, ya sea para aumentar fuerza, resistencia o quemar m\u00e1s calor\u00edas. Son utilizados tanto por deportistas avanzados como por personas que quieren dar un salto en sus entrenamientos. Ac\u00e1 te explico <strong data-start=\"312\" data-end=\"371\">para qu\u00e9 sirven, cu\u00e1ndo usarlos y qu\u00e9 beneficios tienen<\/strong>:<\/p>\n<hr data-start=\"374\" data-end=\"377\" \/>\n<h3 data-start=\"379\" data-end=\"425\">&#x1f3af; \u00bfPara qu\u00e9 sirven los chalecos con peso?<\/h3>\n<p data-start=\"427\" data-end=\"731\">El objetivo principal de un chaleco con peso es <strong data-start=\"475\" data-end=\"521\">agregar carga al cuerpo de manera uniforme<\/strong> para que los m\u00fasculos trabajen m\u00e1s sin necesidad de usar mancuernas o m\u00e1quinas. Esto intensifica el esfuerzo en ejercicios como sentadillas, estocadas, flexiones, dominadas, caminatas, burpees o incluso trote.<\/p>\n<h3 data-start=\"738\" data-end=\"788\"><img fetchpriority=\"high\" decoding=\"async\" class=\"size-full wp-image-16768 aligncenter\" src=\"https:\/\/www.demusculos.com\/web\/wp-content\/uploads\/2024\/03\/chaleco-generation-fit-2.webp\" alt=\"Chaleco de entrenamiento con peso Generation Fit\" width=\"1024\" height=\"1024\" srcset=\"https:\/\/www.demusculos.com\/web\/wp-content\/uploads\/2024\/03\/chaleco-generation-fit-2.webp 1024w, https:\/\/www.demusculos.com\/web\/wp-content\/uploads\/2024\/03\/chaleco-generation-fit-2-300x300.webp 300w, https:\/\/www.demusculos.com\/web\/wp-content\/uploads\/2024\/03\/chaleco-generation-fit-2-150x150.webp 150w, https:\/\/www.demusculos.com\/web\/wp-content\/uploads\/2024\/03\/chaleco-generation-fit-2-768x768.webp 768w, https:\/\/www.demusculos.com\/web\/wp-content\/uploads\/2024\/03\/chaleco-generation-fit-2-990x990.webp 990w, https:\/\/www.demusculos.com\/web\/wp-content\/uploads\/2024\/03\/chaleco-generation-fit-2-441x441.webp 441w, https:\/\/www.demusculos.com\/web\/wp-content\/uploads\/2024\/03\/chaleco-generation-fit-2-100x100.webp 100w, https:\/\/www.demusculos.com\/web\/wp-content\/uploads\/2024\/03\/chaleco-generation-fit-2-800x800.webp 800w\" sizes=\"(max-width: 1024px) 100vw, 1024px\" \/><\/h3>\n<h3 data-start=\"738\" data-end=\"788\">&#x1f4a5; Beneficios de entrenar con chaleco con peso<\/h3>\n<ul data-start=\"790\" data-end=\"1563\">\n<li data-start=\"790\" data-end=\"914\">\n<p data-start=\"792\" data-end=\"914\"><strong data-start=\"792\" data-end=\"819\">Mayor quema de calor\u00edas<\/strong>: al aumentar el peso corporal, el esfuerzo es mayor y por lo tanto el gasto cal\u00f3rico se eleva.<\/p>\n<\/li>\n<li data-start=\"915\" data-end=\"1053\">\n<p data-start=\"917\" data-end=\"1053\"><strong data-start=\"917\" data-end=\"957\">Incremento de fuerza y masa muscular<\/strong>: los m\u00fasculos deben adaptarse a una mayor resistencia, lo que favorece el crecimiento muscular.<\/p>\n<\/li>\n<li data-start=\"1054\" data-end=\"1187\">\n<p data-start=\"1056\" data-end=\"1187\"><strong data-start=\"1056\" data-end=\"1107\">Mejora la resistencia cardiovascular y pulmonar<\/strong>: en caminatas o trotes, el coraz\u00f3n y los pulmones se entrenan m\u00e1s intensamente.<\/p>\n<\/li>\n<li data-start=\"1188\" data-end=\"1307\">\n<p data-start=\"1190\" data-end=\"1307\"><strong data-start=\"1190\" data-end=\"1227\">Fortalece huesos y articulaciones<\/strong>: al cargar m\u00e1s peso, se estimula la densidad \u00f3sea y se fortalecen los tendones.<\/p>\n<\/li>\n<li data-start=\"1308\" data-end=\"1449\">\n<p data-start=\"1310\" data-end=\"1449\"><strong data-start=\"1310\" data-end=\"1354\">Mayor intensidad con movimientos simples<\/strong>: caminando, subiendo escaleras o haciendo ejercicios funcionales, el cuerpo trabaja mucho m\u00e1s.<\/p>\n<\/li>\n<li data-start=\"1450\" data-end=\"1563\">\n<p data-start=\"1452\" data-end=\"1563\"><strong data-start=\"1452\" data-end=\"1471\">Trabaja el core<\/strong> constantemente, ya que estabilizar el peso extra obliga a activar abdominales y zona media.<\/p>\n<\/li>\n<\/ul>\n<hr data-start=\"1565\" data-end=\"1568\" \/>\n<h3 data-start=\"1570\" data-end=\"1606\">&#x23f1;&#xfe0f; \u00bfCu\u00e1ndo se recomienda usarlo?<\/h3>\n<ul data-start=\"1608\" data-end=\"2003\">\n<li data-start=\"1608\" data-end=\"1692\">\n<p data-start=\"1610\" data-end=\"1692\">Cuando ya ten\u00e9s una base de entrenamiento y quer\u00e9s <strong data-start=\"1661\" data-end=\"1692\">llevarlo al siguiente nivel<\/strong><\/p>\n<\/li>\n<li data-start=\"1693\" data-end=\"1769\">\n<p data-start=\"1695\" data-end=\"1769\">En rutinas funcionales o de calistenia (dominadas, flexiones, sentadillas)<\/p>\n<\/li>\n<li data-start=\"1770\" data-end=\"1862\">\n<p data-start=\"1772\" data-end=\"1862\">Para mejorar rendimiento en deportes como f\u00fatbol, artes marciales, crossfit, trail running<\/p>\n<\/li>\n<li data-start=\"1863\" data-end=\"1939\">\n<p data-start=\"1865\" data-end=\"1939\">En ejercicios simples donde busc\u00e1s m\u00e1s desaf\u00edo (caminata, step, escaleras)<\/p>\n<\/li>\n<li data-start=\"1940\" data-end=\"2003\">\n<p data-start=\"1942\" data-end=\"2003\">Para entrenamientos de bajo impacto pero con mayor intensidad<\/p>\n<\/li>\n<\/ul>\n<h3 data-start=\"2010\" data-end=\"2035\"><img decoding=\"async\" class=\"size-full wp-image-16769 aligncenter\" src=\"https:\/\/www.demusculos.com\/web\/wp-content\/uploads\/2024\/03\/chaleco-generation-fit-3.webp\" alt=\"Chaleco de entrenamiento con peso Generation Fit\" width=\"1024\" height=\"1024\" srcset=\"https:\/\/www.demusculos.com\/web\/wp-content\/uploads\/2024\/03\/chaleco-generation-fit-3.webp 1024w, https:\/\/www.demusculos.com\/web\/wp-content\/uploads\/2024\/03\/chaleco-generation-fit-3-300x300.webp 300w, https:\/\/www.demusculos.com\/web\/wp-content\/uploads\/2024\/03\/chaleco-generation-fit-3-150x150.webp 150w, https:\/\/www.demusculos.com\/web\/wp-content\/uploads\/2024\/03\/chaleco-generation-fit-3-768x768.webp 768w, https:\/\/www.demusculos.com\/web\/wp-content\/uploads\/2024\/03\/chaleco-generation-fit-3-990x990.webp 990w, https:\/\/www.demusculos.com\/web\/wp-content\/uploads\/2024\/03\/chaleco-generation-fit-3-441x441.webp 441w, https:\/\/www.demusculos.com\/web\/wp-content\/uploads\/2024\/03\/chaleco-generation-fit-3-100x100.webp 100w, https:\/\/www.demusculos.com\/web\/wp-content\/uploads\/2024\/03\/chaleco-generation-fit-3-800x800.webp 800w\" sizes=\"(max-width: 1024px) 100vw, 1024px\" \/><\/h3>\n<h3 data-start=\"2010\" data-end=\"2035\">&#x26a0;&#xfe0f; \u00bfCu\u00e1ndo NO usarlo?<\/h3>\n<ul data-start=\"2037\" data-end=\"2271\">\n<li data-start=\"2037\" data-end=\"2099\">\n<p data-start=\"2039\" data-end=\"2099\">Si est\u00e1s comenzando a entrenar y a\u00fan no ten\u00e9s t\u00e9cnica s\u00f3lida<\/p>\n<\/li>\n<li data-start=\"2100\" data-end=\"2178\">\n<p data-start=\"2102\" data-end=\"2178\">Si ten\u00e9s lesiones articulares, de espalda o est\u00e1s en etapa de rehabilitaci\u00f3n<\/p>\n<\/li>\n<li data-start=\"2179\" data-end=\"2232\">\n<p data-start=\"2181\" data-end=\"2232\">Si hac\u00e9s ejercicios de impacto alto sin supervisi\u00f3n<\/p>\n<\/li>\n<li data-start=\"2233\" data-end=\"2271\">\n<p data-start=\"2235\" data-end=\"2271\">Si no control\u00e1s tu postura y t\u00e9cnica<\/p>\n<\/li>\n<\/ul>\n<hr data-start=\"2273\" data-end=\"2276\" \/>\n<h3 data-start=\"2278\" data-end=\"2298\">&#x1f9e0; Consejo final<\/h3>\n<p data-start=\"2300\" data-end=\"2704\">No se trata de usar el chaleco m\u00e1s pesado. Lo ideal es <strong data-start=\"2355\" data-end=\"2380\">empezar con poco peso<\/strong> (por ejemplo, 3 a 5 kg) y aumentar de forma progresiva. El objetivo es que <strong data-start=\"2456\" data-end=\"2499\">el ejercicio sea desafiante pero seguro<\/strong>. Y siempre es bueno combinar su uso con una buena hidrataci\u00f3n, descanso y alimentaci\u00f3n equilibrada. Si lo acompa\u00f1\u00e1s con suplementos naturales como BCAA, creatina o cafe\u00edna, pod\u00e9s <strong data-start=\"2679\" data-end=\"2703\">maximizar resultados<\/strong>.<\/p>\n<p data-start=\"2706\" data-end=\"2795\" data-is-last-node=\"\" data-is-only-node=\"\">\u00bfQuer\u00e9s que prepare un texto de venta para un chaleco con peso espec\u00edfico? Te lo hago ya.<\/p>\n","protected":false},"excerpt":{"rendered":"<p>Los chalecos con peso aumentan la intensidad del entrenamiento, mejoran fuerza, resistencia y queman m\u00e1s calor\u00edas. Ideales para rutinas funcionales y cardio.<\/p>\n","protected":false},"featured_media":16767,"comment_status":"closed","ping_status":"closed","template":"","meta":[],"product_brand":[232],"product_cat":[120],"product_tag":[434,40],"class_list":{"0":"post-3205","1":"product","2":"type-product","3":"status-publish","4":"has-post-thumbnail","6":"product_brand-generation-fit","7":"product_cat-accesorios","8":"product_tag-chaleco","9":"product_tag-generation-fit","11":"first","12":"instock","13":"sale","14":"shipping-taxable","15":"purchasable","16":"product-type-simple"},"yoast_head":"<!-- This site is optimized with the Yoast SEO plugin v27.5 - https:\/\/yoast.com\/product\/yoast-seo-wordpress\/ -->\n<title>Chaleco de entrenamiento con peso (10 kg) Generati\u00f3n Fit | DeMusculos<\/title>\n<meta name=\"description\" content=\"Chalecos con peso: aumentan fuerza, resistencia y quema cal\u00f3rica. Ideales para entrenamientos funcionales, cardio y ejercicios de bajo impacto.\" \/>\n<meta name=\"robots\" content=\"index, follow, max-snippet:-1, max-image-preview:large, max-video-preview:-1\" \/>\n<link rel=\"canonical\" href=\"https:\/\/www.demusculos.com\/web\/producto\/chaleco-de-entrenamiento-con-peso\/\" \/>\n<meta property=\"og:locale\" content=\"es_ES\" \/>\n<meta property=\"og:type\" content=\"article\" \/>\n<meta property=\"og:title\" content=\"Chaleco de entrenamiento con peso (10 kg) Generati\u00f3n Fit | DeMusculos\" \/>\n<meta property=\"og:description\" content=\"Chalecos con peso: aumentan fuerza, resistencia y quema cal\u00f3rica. Ideales para entrenamientos funcionales, cardio y ejercicios de bajo impacto.\" \/>\n<meta property=\"og:url\" content=\"https:\/\/www.demusculos.com\/web\/producto\/chaleco-de-entrenamiento-con-peso\/\" \/>\n<meta property=\"og:site_name\" content=\"DeMusculos\" \/>\n<meta property=\"article:publisher\" content=\"https:\/\/www.facebook.com\/demusculos\" \/>\n<meta property=\"article:modified_time\" content=\"2026-02-01T23:02:12+00:00\" \/>\n<meta property=\"og:image\" content=\"https:\/\/www.demusculos.com\/web\/wp-content\/uploads\/2024\/03\/chaleco-generation-fit-1.webp\" \/>\n\t<meta property=\"og:image:width\" content=\"1024\" \/>\n\t<meta property=\"og:image:height\" content=\"1024\" \/>\n\t<meta property=\"og:image:type\" content=\"image\/webp\" \/>\n<meta name=\"twitter:card\" content=\"summary_large_image\" \/>\n<meta name=\"twitter:site\" content=\"@demusculos\" \/>\n<meta name=\"twitter:label1\" content=\"Tiempo de lectura\" \/>\n\t<meta name=\"twitter:data1\" content=\"3 minutos\" \/>\n<script type=\"application\/ld+json\" class=\"yoast-schema-graph\">{\"@context\":\"https:\\\/\\\/schema.org\",\"@graph\":[{\"@type\":\"WebPage\",\"@id\":\"https:\\\/\\\/www.demusculos.com\\\/web\\\/producto\\\/chaleco-de-entrenamiento-con-peso\\\/\",\"url\":\"https:\\\/\\\/www.demusculos.com\\\/web\\\/producto\\\/chaleco-de-entrenamiento-con-peso\\\/\",\"name\":\"Chaleco de entrenamiento con peso (10 kg) Generati\u00f3n Fit | DeMusculos\",\"isPartOf\":{\"@id\":\"https:\\\/\\\/www.demusculos.com\\\/web\\\/#website\"},\"primaryImageOfPage\":{\"@id\":\"https:\\\/\\\/www.demusculos.com\\\/web\\\/producto\\\/chaleco-de-entrenamiento-con-peso\\\/#primaryimage\"},\"image\":{\"@id\":\"https:\\\/\\\/www.demusculos.com\\\/web\\\/producto\\\/chaleco-de-entrenamiento-con-peso\\\/#primaryimage\"},\"thumbnailUrl\":\"https:\\\/\\\/www.demusculos.com\\\/web\\\/wp-content\\\/uploads\\\/2024\\\/03\\\/chaleco-generation-fit-1.webp\",\"datePublished\":\"2024-03-16T00:36:24+00:00\",\"dateModified\":\"2026-02-01T23:02:12+00:00\",\"description\":\"Chalecos con peso: aumentan fuerza, resistencia y quema cal\u00f3rica. Ideales para entrenamientos funcionales, cardio y ejercicios de bajo impacto.\",\"breadcrumb\":{\"@id\":\"https:\\\/\\\/www.demusculos.com\\\/web\\\/producto\\\/chaleco-de-entrenamiento-con-peso\\\/#breadcrumb\"},\"inLanguage\":\"es\",\"potentialAction\":[{\"@type\":\"ReadAction\",\"target\":[\"https:\\\/\\\/www.demusculos.com\\\/web\\\/producto\\\/chaleco-de-entrenamiento-con-peso\\\/\"]}]},{\"@type\":\"ImageObject\",\"inLanguage\":\"es\",\"@id\":\"https:\\\/\\\/www.demusculos.com\\\/web\\\/producto\\\/chaleco-de-entrenamiento-con-peso\\\/#primaryimage\",\"url\":\"https:\\\/\\\/www.demusculos.com\\\/web\\\/wp-content\\\/uploads\\\/2024\\\/03\\\/chaleco-generation-fit-1.webp\",\"contentUrl\":\"https:\\\/\\\/www.demusculos.com\\\/web\\\/wp-content\\\/uploads\\\/2024\\\/03\\\/chaleco-generation-fit-1.webp\",\"width\":1024,\"height\":1024,\"caption\":\"Chaleco de entrenamiento con peso Generation Fit\"},{\"@type\":\"BreadcrumbList\",\"@id\":\"https:\\\/\\\/www.demusculos.com\\\/web\\\/producto\\\/chaleco-de-entrenamiento-con-peso\\\/#breadcrumb\",\"itemListElement\":[{\"@type\":\"ListItem\",\"position\":1,\"name\":\"Inicio\",\"item\":\"https:\\\/\\\/www.demusculos.com\\\/web\\\/\"},{\"@type\":\"ListItem\",\"position\":2,\"name\":\"Suplementos\",\"item\":\"https:\\\/\\\/www.demusculos.com\\\/web\\\/tienda\\\/\"},{\"@type\":\"ListItem\",\"position\":3,\"name\":\"Chaleco de entrenamiento con peso (10 kg) Generati\u00f3n Fit\"}]},{\"@type\":\"WebSite\",\"@id\":\"https:\\\/\\\/www.demusculos.com\\\/web\\\/#website\",\"url\":\"https:\\\/\\\/www.demusculos.com\\\/web\\\/\",\"name\":\"DeMusculos.com\",\"description\":\"Suplementos Naturales\",\"publisher\":{\"@id\":\"https:\\\/\\\/www.demusculos.com\\\/web\\\/#organization\"},\"alternateName\":\"Suplementos Naturales\",\"potentialAction\":[{\"@type\":\"SearchAction\",\"target\":{\"@type\":\"EntryPoint\",\"urlTemplate\":\"https:\\\/\\\/www.demusculos.com\\\/web\\\/?s={search_term_string}\"},\"query-input\":{\"@type\":\"PropertyValueSpecification\",\"valueRequired\":true,\"valueName\":\"search_term_string\"}}],\"inLanguage\":\"es\"},{\"@type\":\"Organization\",\"@id\":\"https:\\\/\\\/www.demusculos.com\\\/web\\\/#organization\",\"name\":\"DeMusculos.com\",\"alternateName\":\"DeMusculos\",\"url\":\"https:\\\/\\\/www.demusculos.com\\\/web\\\/\",\"logo\":{\"@type\":\"ImageObject\",\"inLanguage\":\"es\",\"@id\":\"https:\\\/\\\/www.demusculos.com\\\/web\\\/#\\\/schema\\\/logo\\\/image\\\/\",\"url\":\"https:\\\/\\\/www.demusculos.com\\\/web\\\/wp-content\\\/uploads\\\/2024\\\/02\\\/logo-demusculos-prestashop-usuario.png\",\"contentUrl\":\"https:\\\/\\\/www.demusculos.com\\\/web\\\/wp-content\\\/uploads\\\/2024\\\/02\\\/logo-demusculos-prestashop-usuario.png\",\"width\":150,\"height\":150,\"caption\":\"DeMusculos.com\"},\"image\":{\"@id\":\"https:\\\/\\\/www.demusculos.com\\\/web\\\/#\\\/schema\\\/logo\\\/image\\\/\"},\"sameAs\":[\"https:\\\/\\\/www.facebook.com\\\/demusculos\",\"https:\\\/\\\/x.com\\\/demusculos\",\"https:\\\/\\\/www.instagram.com\\\/demusculos\",\"https:\\\/\\\/www.tiktok.com\\\/@demusculos.com\"]}]}<\/script>\n<!-- \/ Yoast SEO plugin. -->","yoast_head_json":{"title":"Chaleco de entrenamiento con peso (10 kg) Generati\u00f3n Fit | DeMusculos","description":"Chalecos con peso: aumentan fuerza, resistencia y quema cal\u00f3rica. Ideales para entrenamientos funcionales, cardio y ejercicios de bajo impacto.","robots":{"index":"index","follow":"follow","max-snippet":"max-snippet:-1","max-image-preview":"max-image-preview:large","max-video-preview":"max-video-preview:-1"},"canonical":"https:\/\/www.demusculos.com\/web\/producto\/chaleco-de-entrenamiento-con-peso\/","og_locale":"es_ES","og_type":"article","og_title":"Chaleco de entrenamiento con peso (10 kg) Generati\u00f3n Fit | DeMusculos","og_description":"Chalecos con peso: aumentan fuerza, resistencia y quema cal\u00f3rica. Ideales para entrenamientos funcionales, cardio y ejercicios de bajo impacto.","og_url":"https:\/\/www.demusculos.com\/web\/producto\/chaleco-de-entrenamiento-con-peso\/","og_site_name":"DeMusculos","article_publisher":"https:\/\/www.facebook.com\/demusculos","article_modified_time":"2026-02-01T23:02:12+00:00","og_image":[{"width":1024,"height":1024,"url":"https:\/\/www.demusculos.com\/web\/wp-content\/uploads\/2024\/03\/chaleco-generation-fit-1.webp","type":"image\/webp"}],"twitter_card":"summary_large_image","twitter_site":"@demusculos","twitter_misc":{"Tiempo de lectura":"3 minutos"},"schema":{"@context":"https:\/\/schema.org","@graph":[{"@type":"WebPage","@id":"https:\/\/www.demusculos.com\/web\/producto\/chaleco-de-entrenamiento-con-peso\/","url":"https:\/\/www.demusculos.com\/web\/producto\/chaleco-de-entrenamiento-con-peso\/","name":"Chaleco de entrenamiento con peso (10 kg) Generati\u00f3n Fit | DeMusculos","isPartOf":{"@id":"https:\/\/www.demusculos.com\/web\/#website"},"primaryImageOfPage":{"@id":"https:\/\/www.demusculos.com\/web\/producto\/chaleco-de-entrenamiento-con-peso\/#primaryimage"},"image":{"@id":"https:\/\/www.demusculos.com\/web\/producto\/chaleco-de-entrenamiento-con-peso\/#primaryimage"},"thumbnailUrl":"https:\/\/www.demusculos.com\/web\/wp-content\/uploads\/2024\/03\/chaleco-generation-fit-1.webp","datePublished":"2024-03-16T00:36:24+00:00","dateModified":"2026-02-01T23:02:12+00:00","description":"Chalecos con peso: aumentan fuerza, resistencia y quema cal\u00f3rica. Ideales para entrenamientos funcionales, cardio y ejercicios de bajo impacto.","breadcrumb":{"@id":"https:\/\/www.demusculos.com\/web\/producto\/chaleco-de-entrenamiento-con-peso\/#breadcrumb"},"inLanguage":"es","potentialAction":[{"@type":"ReadAction","target":["https:\/\/www.demusculos.com\/web\/producto\/chaleco-de-entrenamiento-con-peso\/"]}]},{"@type":"ImageObject","inLanguage":"es","@id":"https:\/\/www.demusculos.com\/web\/producto\/chaleco-de-entrenamiento-con-peso\/#primaryimage","url":"https:\/\/www.demusculos.com\/web\/wp-content\/uploads\/2024\/03\/chaleco-generation-fit-1.webp","contentUrl":"https:\/\/www.demusculos.com\/web\/wp-content\/uploads\/2024\/03\/chaleco-generation-fit-1.webp","width":1024,"height":1024,"caption":"Chaleco de entrenamiento con peso Generation Fit"},{"@type":"BreadcrumbList","@id":"https:\/\/www.demusculos.com\/web\/producto\/chaleco-de-entrenamiento-con-peso\/#breadcrumb","itemListElement":[{"@type":"ListItem","position":1,"name":"Inicio","item":"https:\/\/www.demusculos.com\/web\/"},{"@type":"ListItem","position":2,"name":"Suplementos","item":"https:\/\/www.demusculos.com\/web\/tienda\/"},{"@type":"ListItem","position":3,"name":"Chaleco de entrenamiento con peso (10 kg) Generati\u00f3n Fit"}]},{"@type":"WebSite","@id":"https:\/\/www.demusculos.com\/web\/#website","url":"https:\/\/www.demusculos.com\/web\/","name":"DeMusculos.com","description":"Suplementos Naturales","publisher":{"@id":"https:\/\/www.demusculos.com\/web\/#organization"},"alternateName":"Suplementos Naturales","potentialAction":[{"@type":"SearchAction","target":{"@type":"EntryPoint","urlTemplate":"https:\/\/www.demusculos.com\/web\/?s={search_term_string}"},"query-input":{"@type":"PropertyValueSpecification","valueRequired":true,"valueName":"search_term_string"}}],"inLanguage":"es"},{"@type":"Organization","@id":"https:\/\/www.demusculos.com\/web\/#organization","name":"DeMusculos.com","alternateName":"DeMusculos","url":"https:\/\/www.demusculos.com\/web\/","logo":{"@type":"ImageObject","inLanguage":"es","@id":"https:\/\/www.demusculos.com\/web\/#\/schema\/logo\/image\/","url":"https:\/\/www.demusculos.com\/web\/wp-content\/uploads\/2024\/02\/logo-demusculos-prestashop-usuario.png","contentUrl":"https:\/\/www.demusculos.com\/web\/wp-content\/uploads\/2024\/02\/logo-demusculos-prestashop-usuario.png","width":150,"height":150,"caption":"DeMusculos.com"},"image":{"@id":"https:\/\/www.demusculos.com\/web\/#\/schema\/logo\/image\/"},"sameAs":["https:\/\/www.facebook.com\/demusculos","https:\/\/x.com\/demusculos","https:\/\/www.instagram.com\/demusculos","https:\/\/www.tiktok.com\/@demusculos.com"]}]}},"_links":{"self":[{"href":"https:\/\/www.demusculos.com\/web\/wp-json\/wp\/v2\/product\/3205","targetHints":{"allow":["GET"]}}],"collection":[{"href":"https:\/\/www.demusculos.com\/web\/wp-json\/wp\/v2\/product"}],"about":[{"href":"https:\/\/www.demusculos.com\/web\/wp-json\/wp\/v2\/types\/product"}],"replies":[{"embeddable":true,"href":"https:\/\/www.demusculos.com\/web\/wp-json\/wp\/v2\/comments?post=3205"}],"wp:featuredmedia":[{"embeddable":true,"href":"https:\/\/www.demusculos.com\/web\/wp-json\/wp\/v2\/media\/16767"}],"wp:attachment":[{"href":"https:\/\/www.demusculos.com\/web\/wp-json\/wp\/v2\/media?parent=3205"}],"wp:term":[{"taxonomy":"product_brand","embeddable":true,"href":"https:\/\/www.demusculos.com\/web\/wp-json\/wp\/v2\/product_brand?post=3205"},{"taxonomy":"product_cat","embeddable":true,"href":"https:\/\/www.demusculos.com\/web\/wp-json\/wp\/v2\/product_cat?post=3205"},{"taxonomy":"product_tag","embeddable":true,"href":"https:\/\/www.demusculos.com\/web\/wp-json\/wp\/v2\/product_tag?post=3205"}],"curies":[{"name":"wp","href":"https:\/\/api.w.org\/{rel}","templated":true}]}}