{"id":3362,"date":"2024-03-17T17:22:28","date_gmt":"2024-03-17T20:22:28","guid":{"rendered":"https:\/\/www.demusculos.com\/web\/?post_type=product&#038;p=3362"},"modified":"2026-03-04T13:20:56","modified_gmt":"2026-03-04T16:20:56","slug":"ehpo-500-grs-gentech","status":"publish","type":"product","link":"https:\/\/www.demusculos.com\/web\/producto\/ehpo-500-grs-gentech\/","title":{"rendered":"EHPO 500 grs Gentech Prote\u00edna + Arginina + Glutamina"},"content":{"rendered":"<h2>EHPO 500 grs Gentech<\/h2>\n<p>EHPO 500 grs Gentech tiene alto contenido de Arginina, un poderoso vaso dilatador que transporta los dem\u00e1s ingredientes, prote\u00edna y glutamina, con mayor intensidad. Esto se traduce en mayor recuperaci\u00f3n y rendimiento f\u00edsico durante la actividad deportiva.<\/p>\n<figure id=\"attachment_216\" aria-describedby=\"caption-attachment-216\" style=\"width: 446px\" class=\"wp-caption alignnone\"><img decoding=\"async\" class=\"size-full wp-image-216\" src=\"https:\/\/www.demusculos.com\/web\/wp-content\/uploads\/2024\/02\/logo-marca-gentech.png\" alt=\"Suplementos Naturales Gentech\" width=\"446\" height=\"103\" srcset=\"https:\/\/www.demusculos.com\/web\/wp-content\/uploads\/2024\/02\/logo-marca-gentech.png 446w, https:\/\/www.demusculos.com\/web\/wp-content\/uploads\/2024\/02\/logo-marca-gentech-300x69.png 300w, https:\/\/www.demusculos.com\/web\/wp-content\/uploads\/2024\/02\/logo-marca-gentech-150x35.png 150w, https:\/\/www.demusculos.com\/web\/wp-content\/uploads\/2024\/02\/logo-marca-gentech-416x96.png 416w\" sizes=\"(max-width: 446px) 100vw, 446px\" \/><figcaption id=\"caption-attachment-216\" class=\"wp-caption-text\">Gentech: Suplementaci\u00f3n natural deportiva.<\/figcaption><\/figure>\n<p>Tambi\u00e9n conocido como \u00f3xido de nitr\u00f3geno o mon\u00f3xido de nitr\u00f3geno (NO), el \u00f3xido n\u00edtrico es un gas considerado t\u00f3xico que se encuentra presente de forma natural en los mam\u00edferos, as\u00ed como en el aire. Es importante destacar que a veces se confunde con el \u00f3xido nitroso (N2O) o con el di\u00f3xido de nitr\u00f3geno (NO2), por lo que es crucial aclarar sus diferencias.<\/p>\n<p><span class=\"o_default_snippet_text\">El \u00f3xido n\u00edtrico se define como una mol\u00e9cula producida por nuestro cuerpo de forma natural en respuesta a est\u00edmulos fuertes, como el ejercicio de alta intensidad o el entrenamiento HIIT. Act\u00faa como protector de las c\u00e9lulas y desempe\u00f1a un papel esencial en varios procesos fisiol\u00f3gicos.<\/span><\/p>\n<p><span class=\"o_default_snippet_text\">En la d\u00e9cada de 1970, el farmac\u00f3logo Ferid Murad descubri\u00f3 que ciertos nitratos utilizados para tratar dolores de pecho liberaban mon\u00f3xido de nitr\u00f3geno, lo que ten\u00eda efectos dilatadores en los vasos sangu\u00edneos. Sin embargo, no fue hasta 1987 que se descubri\u00f3 que el cuerpo humano produce peque\u00f1as cantidades de \u00f3xido n\u00edtrico a partir del amino\u00e1cido arginina y que act\u00faa como neurotransmisor en el cerebro.<br \/>\n<\/span><\/p>\n<section class=\"pb4\">\n<h1 id=\"table_of_content_heading_1696342841261_84\" data-anchor=\"true\"><span class=\"o_default_snippet_text\">Modo de Preparaci\u00f3n<\/span><\/h1>\n<p>Consumir una medida\u00a0 (50 g) durante o despu\u00e9s del entrenamiento.<\/p>\n<p>Disolver una medida (50 g) en 250-300 ml de agua.<\/p>\n<\/section>\n<section class=\"pb16\">\n<h1 id=\"table_of_content_heading_1696342841262_85\" data-anchor=\"true\"><span class=\"o_default_snippet_text\">\u200bIngredientes<\/span><\/h1>\n<p class=\"o_default_snippet_text\">CONCENTRADO DE PROTEINA DE SUERO LACTEO, MALTODEXTRINA, L-GLUTAMINA, L-ARGININA, ARO: ANAN\u00c1, L-LEUCINA, L-ISOLEUCINA, L-VALINA, ACI: INS 330, EDU: INS 955 400 mg\/ 100 g, COL: INS 102.<\/p>\n<p class=\"o_default_snippet_text\">CONTIENE DERIVADOS DE LECHE. PUEDE CONTENER DERIVADOS DE SOJA, HUEVOS Y MANI.<\/p>\n<p class=\"o_default_snippet_text\">CONTIENE TARTRAZINA.<\/p>\n<\/section>\n","protected":false},"excerpt":{"rendered":"<p>El suplemento E.H.P.O de Gentech busca resultados \u00f3ptimos al incrementar la energ\u00eda, resistencia y concentraci\u00f3n. Contiene BCAA, L-arginina y L-glutamina para impulsar la energ\u00eda, retrasar la fatiga y mejorar el enfoque, potenciando el entrenamiento.<\/p>\n","protected":false},"featured_media":3363,"comment_status":"closed","ping_status":"closed","template":"","meta":[],"product_brand":[222],"product_cat":[16],"product_tag":[21],"class_list":{"0":"post-3362","1":"product","2":"type-product","3":"status-publish","4":"has-post-thumbnail","6":"product_brand-gentech","7":"product_cat-proteinas","8":"product_tag-gentech","10":"first","11":"outofstock","12":"sale","13":"shipping-taxable","14":"purchasable","15":"product-type-simple"},"yoast_head":"<!-- This site is optimized with the Yoast SEO plugin v27.4 - https:\/\/yoast.com\/product\/yoast-seo-wordpress\/ -->\n<title>EHPO 500 grs Gentech | Prote\u00edna | Glutamina | Arginina<\/title>\n<meta name=\"description\" content=\"EHPO 500 grs Gentech lo tiene todo, combinaci\u00f3n de L-Glutamina para maximizar la recuperaci\u00f3n, prote\u00edna Whey y Arginina como \u00f3xido n\u00edrtrico.\" \/>\n<meta name=\"robots\" content=\"index, follow, max-snippet:-1, max-image-preview:large, max-video-preview:-1\" \/>\n<link rel=\"canonical\" href=\"https:\/\/www.demusculos.com\/web\/producto\/ehpo-500-grs-gentech\/\" \/>\n<meta property=\"og:locale\" content=\"es_ES\" \/>\n<meta property=\"og:type\" content=\"article\" \/>\n<meta property=\"og:title\" content=\"EHPO 500 grs Gentech | Prote\u00edna | Glutamina | Arginina\" \/>\n<meta property=\"og:description\" content=\"EHPO 500 grs Gentech lo tiene todo, combinaci\u00f3n de L-Glutamina para maximizar la recuperaci\u00f3n, prote\u00edna Whey y Arginina como \u00f3xido n\u00edrtrico.\" \/>\n<meta property=\"og:url\" content=\"https:\/\/www.demusculos.com\/web\/producto\/ehpo-500-grs-gentech\/\" \/>\n<meta property=\"og:site_name\" content=\"DeMusculos\" \/>\n<meta property=\"article:publisher\" content=\"https:\/\/www.facebook.com\/demusculos\" \/>\n<meta property=\"article:modified_time\" content=\"2026-03-04T16:20:56+00:00\" \/>\n<meta property=\"og:image\" content=\"https:\/\/www.demusculos.com\/web\/wp-content\/uploads\/2024\/03\/ehpo-gentech-500-01.jpg\" \/>\n\t<meta property=\"og:image:width\" content=\"1200\" \/>\n\t<meta property=\"og:image:height\" content=\"1200\" \/>\n\t<meta property=\"og:image:type\" content=\"image\/jpeg\" \/>\n<meta name=\"twitter:card\" content=\"summary_large_image\" \/>\n<meta name=\"twitter:site\" content=\"@demusculos\" \/>\n<meta name=\"twitter:label1\" content=\"Tiempo de lectura\" \/>\n\t<meta name=\"twitter:data1\" content=\"2 minutos\" \/>\n<script type=\"application\/ld+json\" class=\"yoast-schema-graph\">{\"@context\":\"https:\\\/\\\/schema.org\",\"@graph\":[{\"@type\":\"WebPage\",\"@id\":\"https:\\\/\\\/www.demusculos.com\\\/web\\\/producto\\\/ehpo-500-grs-gentech\\\/\",\"url\":\"https:\\\/\\\/www.demusculos.com\\\/web\\\/producto\\\/ehpo-500-grs-gentech\\\/\",\"name\":\"EHPO 500 grs Gentech | Prote\u00edna | Glutamina | Arginina\",\"isPartOf\":{\"@id\":\"https:\\\/\\\/www.demusculos.com\\\/web\\\/#website\"},\"primaryImageOfPage\":{\"@id\":\"https:\\\/\\\/www.demusculos.com\\\/web\\\/producto\\\/ehpo-500-grs-gentech\\\/#primaryimage\"},\"image\":{\"@id\":\"https:\\\/\\\/www.demusculos.com\\\/web\\\/producto\\\/ehpo-500-grs-gentech\\\/#primaryimage\"},\"thumbnailUrl\":\"https:\\\/\\\/www.demusculos.com\\\/web\\\/wp-content\\\/uploads\\\/2024\\\/03\\\/ehpo-gentech-500-01.jpg\",\"datePublished\":\"2024-03-17T20:22:28+00:00\",\"dateModified\":\"2026-03-04T16:20:56+00:00\",\"description\":\"EHPO 500 grs Gentech lo tiene todo, combinaci\u00f3n de L-Glutamina para maximizar la recuperaci\u00f3n, prote\u00edna Whey y Arginina como \u00f3xido n\u00edrtrico.\",\"breadcrumb\":{\"@id\":\"https:\\\/\\\/www.demusculos.com\\\/web\\\/producto\\\/ehpo-500-grs-gentech\\\/#breadcrumb\"},\"inLanguage\":\"es\",\"potentialAction\":[{\"@type\":\"ReadAction\",\"target\":[\"https:\\\/\\\/www.demusculos.com\\\/web\\\/producto\\\/ehpo-500-grs-gentech\\\/\"]}]},{\"@type\":\"ImageObject\",\"inLanguage\":\"es\",\"@id\":\"https:\\\/\\\/www.demusculos.com\\\/web\\\/producto\\\/ehpo-500-grs-gentech\\\/#primaryimage\",\"url\":\"https:\\\/\\\/www.demusculos.com\\\/web\\\/wp-content\\\/uploads\\\/2024\\\/03\\\/ehpo-gentech-500-01.jpg\",\"contentUrl\":\"https:\\\/\\\/www.demusculos.com\\\/web\\\/wp-content\\\/uploads\\\/2024\\\/03\\\/ehpo-gentech-500-01.jpg\",\"width\":1200,\"height\":1200,\"caption\":\"EHPO de Gentech x 500 grs\"},{\"@type\":\"BreadcrumbList\",\"@id\":\"https:\\\/\\\/www.demusculos.com\\\/web\\\/producto\\\/ehpo-500-grs-gentech\\\/#breadcrumb\",\"itemListElement\":[{\"@type\":\"ListItem\",\"position\":1,\"name\":\"Inicio\",\"item\":\"https:\\\/\\\/www.demusculos.com\\\/web\\\/\"},{\"@type\":\"ListItem\",\"position\":2,\"name\":\"Suplementos\",\"item\":\"https:\\\/\\\/www.demusculos.com\\\/web\\\/tienda\\\/\"},{\"@type\":\"ListItem\",\"position\":3,\"name\":\"EHPO 500 grs Gentech Prote\u00edna + Arginina + Glutamina\"}]},{\"@type\":\"WebSite\",\"@id\":\"https:\\\/\\\/www.demusculos.com\\\/web\\\/#website\",\"url\":\"https:\\\/\\\/www.demusculos.com\\\/web\\\/\",\"name\":\"DeMusculos.com\",\"description\":\"Suplementos Naturales\",\"publisher\":{\"@id\":\"https:\\\/\\\/www.demusculos.com\\\/web\\\/#organization\"},\"alternateName\":\"Suplementos Naturales\",\"potentialAction\":[{\"@type\":\"SearchAction\",\"target\":{\"@type\":\"EntryPoint\",\"urlTemplate\":\"https:\\\/\\\/www.demusculos.com\\\/web\\\/?s={search_term_string}\"},\"query-input\":{\"@type\":\"PropertyValueSpecification\",\"valueRequired\":true,\"valueName\":\"search_term_string\"}}],\"inLanguage\":\"es\"},{\"@type\":\"Organization\",\"@id\":\"https:\\\/\\\/www.demusculos.com\\\/web\\\/#organization\",\"name\":\"DeMusculos.com\",\"alternateName\":\"DeMusculos\",\"url\":\"https:\\\/\\\/www.demusculos.com\\\/web\\\/\",\"logo\":{\"@type\":\"ImageObject\",\"inLanguage\":\"es\",\"@id\":\"https:\\\/\\\/www.demusculos.com\\\/web\\\/#\\\/schema\\\/logo\\\/image\\\/\",\"url\":\"https:\\\/\\\/www.demusculos.com\\\/web\\\/wp-content\\\/uploads\\\/2024\\\/02\\\/logo-demusculos-prestashop-usuario.png\",\"contentUrl\":\"https:\\\/\\\/www.demusculos.com\\\/web\\\/wp-content\\\/uploads\\\/2024\\\/02\\\/logo-demusculos-prestashop-usuario.png\",\"width\":150,\"height\":150,\"caption\":\"DeMusculos.com\"},\"image\":{\"@id\":\"https:\\\/\\\/www.demusculos.com\\\/web\\\/#\\\/schema\\\/logo\\\/image\\\/\"},\"sameAs\":[\"https:\\\/\\\/www.facebook.com\\\/demusculos\",\"https:\\\/\\\/x.com\\\/demusculos\",\"https:\\\/\\\/www.instagram.com\\\/demusculos\",\"https:\\\/\\\/www.tiktok.com\\\/@demusculos.com\"]}]}<\/script>\n<!-- \/ Yoast SEO plugin. -->","yoast_head_json":{"title":"EHPO 500 grs Gentech | Prote\u00edna | Glutamina | Arginina","description":"EHPO 500 grs Gentech lo tiene todo, combinaci\u00f3n de L-Glutamina para maximizar la recuperaci\u00f3n, prote\u00edna Whey y Arginina como \u00f3xido n\u00edrtrico.","robots":{"index":"index","follow":"follow","max-snippet":"max-snippet:-1","max-image-preview":"max-image-preview:large","max-video-preview":"max-video-preview:-1"},"canonical":"https:\/\/www.demusculos.com\/web\/producto\/ehpo-500-grs-gentech\/","og_locale":"es_ES","og_type":"article","og_title":"EHPO 500 grs Gentech | Prote\u00edna | Glutamina | Arginina","og_description":"EHPO 500 grs Gentech lo tiene todo, combinaci\u00f3n de L-Glutamina para maximizar la recuperaci\u00f3n, prote\u00edna Whey y Arginina como \u00f3xido n\u00edrtrico.","og_url":"https:\/\/www.demusculos.com\/web\/producto\/ehpo-500-grs-gentech\/","og_site_name":"DeMusculos","article_publisher":"https:\/\/www.facebook.com\/demusculos","article_modified_time":"2026-03-04T16:20:56+00:00","og_image":[{"width":1200,"height":1200,"url":"https:\/\/www.demusculos.com\/web\/wp-content\/uploads\/2024\/03\/ehpo-gentech-500-01.jpg","type":"image\/jpeg"}],"twitter_card":"summary_large_image","twitter_site":"@demusculos","twitter_misc":{"Tiempo de lectura":"2 minutos"},"schema":{"@context":"https:\/\/schema.org","@graph":[{"@type":"WebPage","@id":"https:\/\/www.demusculos.com\/web\/producto\/ehpo-500-grs-gentech\/","url":"https:\/\/www.demusculos.com\/web\/producto\/ehpo-500-grs-gentech\/","name":"EHPO 500 grs Gentech | Prote\u00edna | Glutamina | Arginina","isPartOf":{"@id":"https:\/\/www.demusculos.com\/web\/#website"},"primaryImageOfPage":{"@id":"https:\/\/www.demusculos.com\/web\/producto\/ehpo-500-grs-gentech\/#primaryimage"},"image":{"@id":"https:\/\/www.demusculos.com\/web\/producto\/ehpo-500-grs-gentech\/#primaryimage"},"thumbnailUrl":"https:\/\/www.demusculos.com\/web\/wp-content\/uploads\/2024\/03\/ehpo-gentech-500-01.jpg","datePublished":"2024-03-17T20:22:28+00:00","dateModified":"2026-03-04T16:20:56+00:00","description":"EHPO 500 grs Gentech lo tiene todo, combinaci\u00f3n de L-Glutamina para maximizar la recuperaci\u00f3n, prote\u00edna Whey y Arginina como \u00f3xido n\u00edrtrico.","breadcrumb":{"@id":"https:\/\/www.demusculos.com\/web\/producto\/ehpo-500-grs-gentech\/#breadcrumb"},"inLanguage":"es","potentialAction":[{"@type":"ReadAction","target":["https:\/\/www.demusculos.com\/web\/producto\/ehpo-500-grs-gentech\/"]}]},{"@type":"ImageObject","inLanguage":"es","@id":"https:\/\/www.demusculos.com\/web\/producto\/ehpo-500-grs-gentech\/#primaryimage","url":"https:\/\/www.demusculos.com\/web\/wp-content\/uploads\/2024\/03\/ehpo-gentech-500-01.jpg","contentUrl":"https:\/\/www.demusculos.com\/web\/wp-content\/uploads\/2024\/03\/ehpo-gentech-500-01.jpg","width":1200,"height":1200,"caption":"EHPO de Gentech x 500 grs"},{"@type":"BreadcrumbList","@id":"https:\/\/www.demusculos.com\/web\/producto\/ehpo-500-grs-gentech\/#breadcrumb","itemListElement":[{"@type":"ListItem","position":1,"name":"Inicio","item":"https:\/\/www.demusculos.com\/web\/"},{"@type":"ListItem","position":2,"name":"Suplementos","item":"https:\/\/www.demusculos.com\/web\/tienda\/"},{"@type":"ListItem","position":3,"name":"EHPO 500 grs Gentech Prote\u00edna + Arginina + Glutamina"}]},{"@type":"WebSite","@id":"https:\/\/www.demusculos.com\/web\/#website","url":"https:\/\/www.demusculos.com\/web\/","name":"DeMusculos.com","description":"Suplementos Naturales","publisher":{"@id":"https:\/\/www.demusculos.com\/web\/#organization"},"alternateName":"Suplementos Naturales","potentialAction":[{"@type":"SearchAction","target":{"@type":"EntryPoint","urlTemplate":"https:\/\/www.demusculos.com\/web\/?s={search_term_string}"},"query-input":{"@type":"PropertyValueSpecification","valueRequired":true,"valueName":"search_term_string"}}],"inLanguage":"es"},{"@type":"Organization","@id":"https:\/\/www.demusculos.com\/web\/#organization","name":"DeMusculos.com","alternateName":"DeMusculos","url":"https:\/\/www.demusculos.com\/web\/","logo":{"@type":"ImageObject","inLanguage":"es","@id":"https:\/\/www.demusculos.com\/web\/#\/schema\/logo\/image\/","url":"https:\/\/www.demusculos.com\/web\/wp-content\/uploads\/2024\/02\/logo-demusculos-prestashop-usuario.png","contentUrl":"https:\/\/www.demusculos.com\/web\/wp-content\/uploads\/2024\/02\/logo-demusculos-prestashop-usuario.png","width":150,"height":150,"caption":"DeMusculos.com"},"image":{"@id":"https:\/\/www.demusculos.com\/web\/#\/schema\/logo\/image\/"},"sameAs":["https:\/\/www.facebook.com\/demusculos","https:\/\/x.com\/demusculos","https:\/\/www.instagram.com\/demusculos","https:\/\/www.tiktok.com\/@demusculos.com"]}]}},"_links":{"self":[{"href":"https:\/\/www.demusculos.com\/web\/wp-json\/wp\/v2\/product\/3362","targetHints":{"allow":["GET"]}}],"collection":[{"href":"https:\/\/www.demusculos.com\/web\/wp-json\/wp\/v2\/product"}],"about":[{"href":"https:\/\/www.demusculos.com\/web\/wp-json\/wp\/v2\/types\/product"}],"replies":[{"embeddable":true,"href":"https:\/\/www.demusculos.com\/web\/wp-json\/wp\/v2\/comments?post=3362"}],"wp:featuredmedia":[{"embeddable":true,"href":"https:\/\/www.demusculos.com\/web\/wp-json\/wp\/v2\/media\/3363"}],"wp:attachment":[{"href":"https:\/\/www.demusculos.com\/web\/wp-json\/wp\/v2\/media?parent=3362"}],"wp:term":[{"taxonomy":"product_brand","embeddable":true,"href":"https:\/\/www.demusculos.com\/web\/wp-json\/wp\/v2\/product_brand?post=3362"},{"taxonomy":"product_cat","embeddable":true,"href":"https:\/\/www.demusculos.com\/web\/wp-json\/wp\/v2\/product_cat?post=3362"},{"taxonomy":"product_tag","embeddable":true,"href":"https:\/\/www.demusculos.com\/web\/wp-json\/wp\/v2\/product_tag?post=3362"}],"curies":[{"name":"wp","href":"https:\/\/api.w.org\/{rel}","templated":true}]}}