{"id":3374,"date":"2024-03-17T19:18:00","date_gmt":"2024-03-17T22:18:00","guid":{"rendered":"https:\/\/www.demusculos.com\/web\/?post_type=product&#038;p=3374"},"modified":"2026-04-13T13:11:56","modified_gmt":"2026-04-13T16:11:56","slug":"advanced-whey-2-lbs-xtrenght-nitrox-180-caps-oxido-nitrico","status":"publish","type":"product","link":"https:\/\/www.demusculos.com\/web\/producto\/advanced-whey-2-lbs-xtrenght-nitrox-180-caps-oxido-nitrico\/","title":{"rendered":"Advanced Whey 2 lbs Xtrenght + Nitrox 180 caps \u00d3xido N\u00edtrico"},"content":{"rendered":"<h2>Advanced Whey + Creatina<\/h2>\n<p>Advanced Whey 2 lbs de Xtrenght + Creatina 250 grs es el combo ideal para los que buscan aumentar masa muscular r\u00e1pidamente.<\/p>\n<figure id=\"attachment_128\" aria-describedby=\"caption-attachment-128\" style=\"width: 300px\" class=\"wp-caption alignnone\"><img decoding=\"async\" class=\"wp-image-128 size-full\" title=\"Suplementos naturales Xtrenght Nutrition\" src=\"https:\/\/www.demusculos.com\/web\/wp-content\/uploads\/2024\/02\/logo-xtrenght-nutrition.png\" alt=\"Los mejores suplementos naturales son Xtrenght Nutrition: Ganadores de peso, amino\u00e1cidos, glutamina, creatina y amino\u00e1cidos BCAA\" width=\"300\" height=\"60\" srcset=\"https:\/\/www.demusculos.com\/web\/wp-content\/uploads\/2024\/02\/logo-xtrenght-nutrition.png 300w, https:\/\/www.demusculos.com\/web\/wp-content\/uploads\/2024\/02\/logo-xtrenght-nutrition-150x30.png 150w\" sizes=\"(max-width: 300px) 100vw, 300px\" \/><figcaption id=\"caption-attachment-128\" class=\"wp-caption-text\">Fabricado por Xtrenght Nutrition. Una de las empresas de nutrici\u00f3n con m\u00e1s trayectoria de toda la Argentina.<\/figcaption><\/figure>\n<p>Excelente combo ideal para personas que quieren aumentar rendimiento y masa muscular r\u00e1pidamente.<\/p>\n<p>Este combo incluye una prote\u00edna de suero de leche, ideal para recuperaci\u00f3n, a mayor recuperaci\u00f3n m\u00e1s rendimiento. \u00a1recuerda que el musculo que se recupera es el que crece!<\/p>\n<p>Tambi\u00e9n incluye un poderoso vasodilatador llamado NITROX. Este se encarga de transportar nutrientes y oxigenaci\u00f3n, con mayor intensidad, hacia la fibra muscular. Esto permite una mayor recuperaci\u00f3n y menos fatiga antes, durante y luego del entrenamiento.<\/p>\n<figure id=\"attachment_6717\" aria-describedby=\"caption-attachment-6717\" style=\"width: 1080px\" class=\"wp-caption alignnone\"><img fetchpriority=\"high\" decoding=\"async\" class=\"wp-image-6717 size-full\" title=\"Beneficios de la L-Arginina\" src=\"https:\/\/www.demusculos.com\/web\/wp-content\/uploads\/2024\/03\/arginina-banner-01-que-es-la-l-arginina.jpg\" alt=\"Arginina: Amino\u00e1cido natural que aumenta la vasodilataci\u00f3n, oxigenaci\u00f3n, recuperaci\u00f3n muscular y rendimiento.\" width=\"1080\" height=\"1080\" srcset=\"https:\/\/www.demusculos.com\/web\/wp-content\/uploads\/2024\/03\/arginina-banner-01-que-es-la-l-arginina.jpg 1080w, https:\/\/www.demusculos.com\/web\/wp-content\/uploads\/2024\/03\/arginina-banner-01-que-es-la-l-arginina-300x300.jpg 300w, https:\/\/www.demusculos.com\/web\/wp-content\/uploads\/2024\/03\/arginina-banner-01-que-es-la-l-arginina-150x150.jpg 150w, https:\/\/www.demusculos.com\/web\/wp-content\/uploads\/2024\/03\/arginina-banner-01-que-es-la-l-arginina-800x800.jpg 800w, https:\/\/www.demusculos.com\/web\/wp-content\/uploads\/2024\/03\/arginina-banner-01-que-es-la-l-arginina-1024x1024.jpg 1024w, https:\/\/www.demusculos.com\/web\/wp-content\/uploads\/2024\/03\/arginina-banner-01-que-es-la-l-arginina-768x768.jpg 768w\" sizes=\"(max-width: 1080px) 100vw, 1080px\" \/><figcaption id=\"caption-attachment-6717\" class=\"wp-caption-text\">Estos son algunos de los beneficios de la Arginina<\/figcaption><\/figure>\n<h3 class=\"\" data-sourcepos=\"5:1-5:58\">\u00bfCu\u00e1les son los principales beneficios de la arginina?<\/h3>\n<p class=\"\" data-sourcepos=\"7:3-7:27\"><strong class=\"\">Salud cardiovascular:<\/strong><\/p>\n<ul>\n<li style=\"list-style-type: none;\">\n<ul data-sourcepos=\"8:5-8:28\">\n<li data-sourcepos=\"8:5-8:28\"><strong>Vasodilataci\u00f3n:<\/strong> La arginina se convierte en \u00f3xido n\u00edtrico, una mol\u00e9cula que relaja los vasos sangu\u00edneos, mejorando la circulaci\u00f3n y disminuyendo la presi\u00f3n arterial.<\/li>\n<li data-sourcepos=\"9:5-9:160\"><strong>Prevenci\u00f3n de enfermedades card\u00edacas:<\/strong> Al mejorar el flujo sangu\u00edneo, puede ayudar a prevenir enfermedades como la aterosclerosis y la angina de pecho.<\/li>\n<li data-sourcepos=\"10:5-11:0\"><strong>Disfunci\u00f3n er\u00e9ctil:<\/strong> Algunos estudios sugieren que la arginina podr\u00eda mejorar la funci\u00f3n er\u00e9ctil al aumentar el flujo sangu\u00edneo al pene.<\/li>\n<\/ul>\n<\/li>\n<\/ul>\n<p data-sourcepos=\"12:3-12:28\"><strong>Rendimiento deportivo:<\/strong><\/p>\n<ul data-sourcepos=\"7:1-8:28\">\n<li style=\"list-style-type: none;\">\n<ul data-sourcepos=\"13:5-14:78\">\n<li data-sourcepos=\"13:5-13:191\"><strong>Aumento de la masa muscular:<\/strong> La arginina estimula la producci\u00f3n de la hormona del crecimiento, lo que puede favorecer el desarrollo muscular y la recuperaci\u00f3n despu\u00e9s del ejercicio.<\/li>\n<li data-sourcepos=\"14:5-14:78\"><strong>Mejora del rendimiento:<\/strong> Al mejorar la circulaci\u00f3n y el suministro de ox\u00edgeno a los m\u00fasculos, puede aumentar la resistencia y la fuerza.<\/li>\n<\/ul>\n<\/li>\n<li data-sourcepos=\"16:1-20:0\">\n<p data-sourcepos=\"16:3-16:23\"><strong>Otros beneficios:<\/strong><\/p>\n<ul data-sourcepos=\"17:5-20:0\">\n<li data-sourcepos=\"17:5-17:148\"><strong>Sistema inmunol\u00f3gico:<\/strong> La arginina es importante para el funcionamiento adecuado del sistema inmunol\u00f3gico, ayudando a combatir infecciones.<\/li>\n<li data-sourcepos=\"18:5-18:142\"><strong>Salud de la piel:<\/strong> Se utiliza en algunos tratamientos para heridas y quemaduras debido a su capacidad para promover la cicatrizaci\u00f3n.<\/li>\n<li data-sourcepos=\"19:5-20:0\"><strong>Salud capilar:<\/strong> Algunos estudios sugieren que la arginina puede mejorar la salud del cabello y estimular su crecimiento.<\/li>\n<\/ul>\n<\/li>\n<\/ul>\n<figure id=\"attachment_6719\" aria-describedby=\"caption-attachment-6719\" style=\"width: 1080px\" class=\"wp-caption alignnone\"><img decoding=\"async\" class=\"wp-image-6719 size-full\" title=\"\u00bfC\u00f3mo preparo mi prote\u00edna Advanced Whey?\" src=\"https:\/\/www.demusculos.com\/web\/wp-content\/uploads\/2024\/03\/proteina-banner-01-como-preparo-la-proteina.jpg\" alt=\"Te ense\u00f1amos a preparar tu licuado de prote\u00edna.\" width=\"1080\" height=\"1080\" srcset=\"https:\/\/www.demusculos.com\/web\/wp-content\/uploads\/2024\/03\/proteina-banner-01-como-preparo-la-proteina.jpg 1080w, https:\/\/www.demusculos.com\/web\/wp-content\/uploads\/2024\/03\/proteina-banner-01-como-preparo-la-proteina-300x300.jpg 300w, https:\/\/www.demusculos.com\/web\/wp-content\/uploads\/2024\/03\/proteina-banner-01-como-preparo-la-proteina-150x150.jpg 150w, https:\/\/www.demusculos.com\/web\/wp-content\/uploads\/2024\/03\/proteina-banner-01-como-preparo-la-proteina-800x800.jpg 800w, https:\/\/www.demusculos.com\/web\/wp-content\/uploads\/2024\/03\/proteina-banner-01-como-preparo-la-proteina-1024x1024.jpg 1024w, https:\/\/www.demusculos.com\/web\/wp-content\/uploads\/2024\/03\/proteina-banner-01-como-preparo-la-proteina-768x768.jpg 768w\" sizes=\"(max-width: 1080px) 100vw, 1080px\" \/><figcaption id=\"caption-attachment-6719\" class=\"wp-caption-text\">\u00bfC\u00f3mo preparo mi prote\u00edna?<\/figcaption><\/figure>\n<p data-sourcepos=\"5:1-5:17\"><strong>Aqu\u00ed te detallamos los principales beneficios de consumir prote\u00edna durante el entrenamiento:<\/strong><\/p>\n<h3 class=\"\" data-sourcepos=\"7:1-7:45\">1. Advanced Whey <strong>Promueve la recuperaci\u00f3n muscular:<\/strong><\/h3>\n<ul data-sourcepos=\"8:1-8:38\">\n<li data-sourcepos=\"8:1-8:38\"><strong>Reparaci\u00f3n de fibras musculares:<\/strong> Despu\u00e9s del ejercicio, las fibras musculares se da\u00f1an. La prote\u00edna proporciona los amino\u00e1cidos necesarios para reparar este da\u00f1o y estimular el crecimiento muscular.<\/li>\n<li data-sourcepos=\"9:1-10:0\"><strong>Reducci\u00f3n del dolor muscular:<\/strong> La ingesta de prote\u00edna puede ayudar a disminuir el dolor muscular post-entrenamiento, conocido como DOMS (dolor muscular de aparici\u00f3n tard\u00eda).<\/li>\n<\/ul>\n<h3 class=\"\" data-sourcepos=\"11:1-11:36\">2. Advanced Whey <strong>Aumenta la masa muscular:<\/strong><\/h3>\n<ul data-sourcepos=\"12:1-14:0\">\n<li data-sourcepos=\"12:1-12:134\"><strong>S\u00edntesis proteica:<\/strong> La prote\u00edna estimula la s\u00edntesis de prote\u00ednas musculares, lo que es fundamental para el crecimiento muscular.<\/li>\n<li data-sourcepos=\"13:1-14:0\"><strong>Conservaci\u00f3n de la masa muscular:<\/strong> En periodos de p\u00e9rdida de peso, la prote\u00edna ayuda a preservar la masa muscular mientras se quema grasa.<\/li>\n<\/ul>\n<h3 class=\"\" data-sourcepos=\"15:1-15:43\">3. <strong>Mejora el rendimiento deportivo:<\/strong><\/h3>\n<ul data-sourcepos=\"16:1-16:26\">\n<li data-sourcepos=\"16:1-16:26\"><strong>Aumento de la fuerza y potencia:<\/strong> La prote\u00edna contribuye a aumentar la fuerza y potencia muscular, lo que se traduce en un mejor rendimiento en diversas disciplinas deportivas.<\/li>\n<li data-sourcepos=\"17:1-18:0\"><strong>Mayor resistencia:<\/strong> Al proporcionar energ\u00eda, la prote\u00edna puede ayudar a prolongar el esfuerzo durante el entrenamiento.<\/li>\n<\/ul>\n<h3 class=\"\" data-sourcepos=\"19:1-19:45\">4. <strong>Fortalece el sistema inmunol\u00f3gico:<\/strong><\/h3>\n<ul data-sourcepos=\"20:1-21:0\">\n<li data-sourcepos=\"20:1-21:0\"><strong>Defensas naturales:<\/strong> La prote\u00edna es esencial para el funcionamiento adecuado del sistema inmunol\u00f3gico, ayudando a proteger el cuerpo contra infecciones.<\/li>\n<\/ul>\n<h3 class=\"\" data-sourcepos=\"22:1-22:51\">5. <strong>Satisface el apetito y controla el peso:<\/strong><\/h3>\n<ul data-sourcepos=\"23:1-23:111\">\n<li data-sourcepos=\"23:1-23:111\"><strong>Saciedad:<\/strong> Los alimentos ricos en prote\u00ednas proporcionan una sensaci\u00f3n de saciedad mayor y por m\u00e1s tiempo, lo que puede ayudar a controlar el apetito y reducir la ingesta cal\u00f3rica.<\/li>\n<\/ul>\n<figure id=\"attachment_6720\" aria-describedby=\"caption-attachment-6720\" style=\"width: 1080px\" class=\"wp-caption alignnone\"><img loading=\"lazy\" decoding=\"async\" class=\"wp-image-6720 size-full\" title=\"\u00bfEn que momento tomo la prote\u00edna Advanced Whey?\" src=\"https:\/\/www.demusculos.com\/web\/wp-content\/uploads\/2024\/03\/proteina-banner-01-cuando-tomar-proteinas.jpg\" alt=\"Te ense\u00f1amos en qu\u00e9 momento debes tomar la prote\u00edna Advanced Whey\" width=\"1080\" height=\"1080\" srcset=\"https:\/\/www.demusculos.com\/web\/wp-content\/uploads\/2024\/03\/proteina-banner-01-cuando-tomar-proteinas.jpg 1080w, https:\/\/www.demusculos.com\/web\/wp-content\/uploads\/2024\/03\/proteina-banner-01-cuando-tomar-proteinas-300x300.jpg 300w, https:\/\/www.demusculos.com\/web\/wp-content\/uploads\/2024\/03\/proteina-banner-01-cuando-tomar-proteinas-150x150.jpg 150w, https:\/\/www.demusculos.com\/web\/wp-content\/uploads\/2024\/03\/proteina-banner-01-cuando-tomar-proteinas-800x800.jpg 800w, https:\/\/www.demusculos.com\/web\/wp-content\/uploads\/2024\/03\/proteina-banner-01-cuando-tomar-proteinas-1024x1024.jpg 1024w, https:\/\/www.demusculos.com\/web\/wp-content\/uploads\/2024\/03\/proteina-banner-01-cuando-tomar-proteinas-768x768.jpg 768w\" sizes=\"(max-width: 1080px) 100vw, 1080px\" \/><figcaption id=\"caption-attachment-6720\" class=\"wp-caption-text\">El momento ideal para tomar tu prote\u00edna<\/figcaption><\/figure>\n<figure id=\"attachment_6721\" aria-describedby=\"caption-attachment-6721\" style=\"width: 1080px\" class=\"wp-caption alignnone\"><img loading=\"lazy\" decoding=\"async\" class=\"wp-image-6721 size-full\" title=\"\u00bfSe puede combinar la prote\u00edna Advanced Whey?\" src=\"https:\/\/www.demusculos.com\/web\/wp-content\/uploads\/2024\/03\/proteina-banner-01-se-puede-combinar-la-proteina.jpg\" alt=\"\u00bfCon que se puede combinar mi prote\u00edna Advanced Whey?\" width=\"1080\" height=\"1080\" srcset=\"https:\/\/www.demusculos.com\/web\/wp-content\/uploads\/2024\/03\/proteina-banner-01-se-puede-combinar-la-proteina.jpg 1080w, https:\/\/www.demusculos.com\/web\/wp-content\/uploads\/2024\/03\/proteina-banner-01-se-puede-combinar-la-proteina-300x300.jpg 300w, https:\/\/www.demusculos.com\/web\/wp-content\/uploads\/2024\/03\/proteina-banner-01-se-puede-combinar-la-proteina-150x150.jpg 150w, https:\/\/www.demusculos.com\/web\/wp-content\/uploads\/2024\/03\/proteina-banner-01-se-puede-combinar-la-proteina-800x800.jpg 800w, https:\/\/www.demusculos.com\/web\/wp-content\/uploads\/2024\/03\/proteina-banner-01-se-puede-combinar-la-proteina-1024x1024.jpg 1024w, https:\/\/www.demusculos.com\/web\/wp-content\/uploads\/2024\/03\/proteina-banner-01-se-puede-combinar-la-proteina-768x768.jpg 768w\" sizes=\"(max-width: 1080px) 100vw, 1080px\" \/><figcaption id=\"caption-attachment-6721\" class=\"wp-caption-text\">La prote\u00edna se puede combinar con creatina, amino\u00e1cidos, pre entrenamientos, quemadores de grasas, etc.<\/figcaption><\/figure>\n","protected":false},"excerpt":{"rendered":"<p>Combo para aumento de masa muscular y aumento de rendimiento, incluye una prote\u00edna de suero de leche y un \u00f3xido n\u00edtrico para transportar nutrientes y oxigenaci\u00f3n hacia la fibra muscular con m\u00e1s intensidad. Vasodilataci\u00f3n m\u00e1xima.<\/p>\n","protected":false},"featured_media":3375,"comment_status":"closed","ping_status":"closed","template":"","meta":[],"product_brand":[233],"product_cat":[71],"product_tag":[36],"class_list":{"0":"post-3374","1":"product","2":"type-product","3":"status-publish","4":"has-post-thumbnail","6":"product_brand-xtrenght-nutrition","7":"product_cat-combos-masa-muscular","8":"product_tag-xtrenght","10":"first","11":"instock","12":"sale","13":"shipping-taxable","14":"purchasable","15":"product-type-variable"},"yoast_head":"<!-- This site is optimized with the Yoast SEO plugin v27.4 - https:\/\/yoast.com\/product\/yoast-seo-wordpress\/ -->\n<title>Combos | Advanced Whey + Creatina 250 | Masa Muscular<\/title>\n<meta name=\"description\" content=\"Advanced Whey + Creatina 250 grs de Xtrenght es el combo ideal para aumentar masa muscular, mejorar rendimiento, transportar nutrientes hacia el musculo.\" \/>\n<meta name=\"robots\" content=\"index, follow, max-snippet:-1, max-image-preview:large, max-video-preview:-1\" \/>\n<link rel=\"canonical\" href=\"https:\/\/www.demusculos.com\/web\/producto\/advanced-whey-2-lbs-xtrenght-nitrox-180-caps-oxido-nitrico\/\" \/>\n<meta property=\"og:locale\" content=\"es_ES\" \/>\n<meta property=\"og:type\" content=\"article\" \/>\n<meta property=\"og:title\" content=\"Combos | Advanced Whey + Creatina 250 | Masa Muscular\" \/>\n<meta property=\"og:description\" content=\"Advanced Whey + Creatina 250 grs de Xtrenght es el combo ideal para aumentar masa muscular, mejorar rendimiento, transportar nutrientes hacia el musculo.\" \/>\n<meta property=\"og:url\" content=\"https:\/\/www.demusculos.com\/web\/producto\/advanced-whey-2-lbs-xtrenght-nitrox-180-caps-oxido-nitrico\/\" \/>\n<meta property=\"og:site_name\" content=\"DeMusculos\" \/>\n<meta property=\"article:publisher\" content=\"https:\/\/www.facebook.com\/demusculos\" \/>\n<meta property=\"article:modified_time\" content=\"2026-04-13T16:11:56+00:00\" \/>\n<meta property=\"og:image\" content=\"https:\/\/www.demusculos.com\/web\/wp-content\/uploads\/2024\/03\/advanced-whey-nitrox.jpg\" \/>\n\t<meta property=\"og:image:width\" content=\"1200\" \/>\n\t<meta property=\"og:image:height\" content=\"1200\" \/>\n\t<meta property=\"og:image:type\" content=\"image\/jpeg\" \/>\n<meta name=\"twitter:card\" content=\"summary_large_image\" \/>\n<meta name=\"twitter:site\" content=\"@demusculos\" \/>\n<meta name=\"twitter:label1\" content=\"Tiempo de lectura\" \/>\n\t<meta name=\"twitter:data1\" content=\"4 minutos\" \/>\n<script type=\"application\/ld+json\" class=\"yoast-schema-graph\">{\"@context\":\"https:\\\/\\\/schema.org\",\"@graph\":[{\"@type\":\"WebPage\",\"@id\":\"https:\\\/\\\/www.demusculos.com\\\/web\\\/producto\\\/advanced-whey-2-lbs-xtrenght-nitrox-180-caps-oxido-nitrico\\\/\",\"url\":\"https:\\\/\\\/www.demusculos.com\\\/web\\\/producto\\\/advanced-whey-2-lbs-xtrenght-nitrox-180-caps-oxido-nitrico\\\/\",\"name\":\"Combos | Advanced Whey + Creatina 250 | Masa Muscular\",\"isPartOf\":{\"@id\":\"https:\\\/\\\/www.demusculos.com\\\/web\\\/#website\"},\"primaryImageOfPage\":{\"@id\":\"https:\\\/\\\/www.demusculos.com\\\/web\\\/producto\\\/advanced-whey-2-lbs-xtrenght-nitrox-180-caps-oxido-nitrico\\\/#primaryimage\"},\"image\":{\"@id\":\"https:\\\/\\\/www.demusculos.com\\\/web\\\/producto\\\/advanced-whey-2-lbs-xtrenght-nitrox-180-caps-oxido-nitrico\\\/#primaryimage\"},\"thumbnailUrl\":\"https:\\\/\\\/www.demusculos.com\\\/web\\\/wp-content\\\/uploads\\\/2024\\\/03\\\/advanced-whey-nitrox.jpg\",\"datePublished\":\"2024-03-17T22:18:00+00:00\",\"dateModified\":\"2026-04-13T16:11:56+00:00\",\"description\":\"Advanced Whey + Creatina 250 grs de Xtrenght es el combo ideal para aumentar masa muscular, mejorar rendimiento, transportar nutrientes hacia el musculo.\",\"breadcrumb\":{\"@id\":\"https:\\\/\\\/www.demusculos.com\\\/web\\\/producto\\\/advanced-whey-2-lbs-xtrenght-nitrox-180-caps-oxido-nitrico\\\/#breadcrumb\"},\"inLanguage\":\"es\",\"potentialAction\":[{\"@type\":\"ReadAction\",\"target\":[\"https:\\\/\\\/www.demusculos.com\\\/web\\\/producto\\\/advanced-whey-2-lbs-xtrenght-nitrox-180-caps-oxido-nitrico\\\/\"]}]},{\"@type\":\"ImageObject\",\"inLanguage\":\"es\",\"@id\":\"https:\\\/\\\/www.demusculos.com\\\/web\\\/producto\\\/advanced-whey-2-lbs-xtrenght-nitrox-180-caps-oxido-nitrico\\\/#primaryimage\",\"url\":\"https:\\\/\\\/www.demusculos.com\\\/web\\\/wp-content\\\/uploads\\\/2024\\\/03\\\/advanced-whey-nitrox.jpg\",\"contentUrl\":\"https:\\\/\\\/www.demusculos.com\\\/web\\\/wp-content\\\/uploads\\\/2024\\\/03\\\/advanced-whey-nitrox.jpg\",\"width\":1200,\"height\":1200,\"caption\":\"Advanced Whey + Nitrox de Xtrenght Nutrition\"},{\"@type\":\"BreadcrumbList\",\"@id\":\"https:\\\/\\\/www.demusculos.com\\\/web\\\/producto\\\/advanced-whey-2-lbs-xtrenght-nitrox-180-caps-oxido-nitrico\\\/#breadcrumb\",\"itemListElement\":[{\"@type\":\"ListItem\",\"position\":1,\"name\":\"Inicio\",\"item\":\"https:\\\/\\\/www.demusculos.com\\\/web\\\/\"},{\"@type\":\"ListItem\",\"position\":2,\"name\":\"Suplementos\",\"item\":\"https:\\\/\\\/www.demusculos.com\\\/web\\\/tienda\\\/\"},{\"@type\":\"ListItem\",\"position\":3,\"name\":\"Advanced Whey 2 lbs Xtrenght + Nitrox 180 caps \u00d3xido N\u00edtrico\"}]},{\"@type\":\"WebSite\",\"@id\":\"https:\\\/\\\/www.demusculos.com\\\/web\\\/#website\",\"url\":\"https:\\\/\\\/www.demusculos.com\\\/web\\\/\",\"name\":\"DeMusculos.com\",\"description\":\"Suplementos Naturales\",\"publisher\":{\"@id\":\"https:\\\/\\\/www.demusculos.com\\\/web\\\/#organization\"},\"alternateName\":\"Suplementos Naturales\",\"potentialAction\":[{\"@type\":\"SearchAction\",\"target\":{\"@type\":\"EntryPoint\",\"urlTemplate\":\"https:\\\/\\\/www.demusculos.com\\\/web\\\/?s={search_term_string}\"},\"query-input\":{\"@type\":\"PropertyValueSpecification\",\"valueRequired\":true,\"valueName\":\"search_term_string\"}}],\"inLanguage\":\"es\"},{\"@type\":\"Organization\",\"@id\":\"https:\\\/\\\/www.demusculos.com\\\/web\\\/#organization\",\"name\":\"DeMusculos.com\",\"alternateName\":\"DeMusculos\",\"url\":\"https:\\\/\\\/www.demusculos.com\\\/web\\\/\",\"logo\":{\"@type\":\"ImageObject\",\"inLanguage\":\"es\",\"@id\":\"https:\\\/\\\/www.demusculos.com\\\/web\\\/#\\\/schema\\\/logo\\\/image\\\/\",\"url\":\"https:\\\/\\\/www.demusculos.com\\\/web\\\/wp-content\\\/uploads\\\/2024\\\/02\\\/logo-demusculos-prestashop-usuario.png\",\"contentUrl\":\"https:\\\/\\\/www.demusculos.com\\\/web\\\/wp-content\\\/uploads\\\/2024\\\/02\\\/logo-demusculos-prestashop-usuario.png\",\"width\":150,\"height\":150,\"caption\":\"DeMusculos.com\"},\"image\":{\"@id\":\"https:\\\/\\\/www.demusculos.com\\\/web\\\/#\\\/schema\\\/logo\\\/image\\\/\"},\"sameAs\":[\"https:\\\/\\\/www.facebook.com\\\/demusculos\",\"https:\\\/\\\/x.com\\\/demusculos\",\"https:\\\/\\\/www.instagram.com\\\/demusculos\",\"https:\\\/\\\/www.tiktok.com\\\/@demusculos.com\"]}]}<\/script>\n<!-- \/ Yoast SEO plugin. -->","yoast_head_json":{"title":"Combos | Advanced Whey + Creatina 250 | Masa Muscular","description":"Advanced Whey + Creatina 250 grs de Xtrenght es el combo ideal para aumentar masa muscular, mejorar rendimiento, transportar nutrientes hacia el musculo.","robots":{"index":"index","follow":"follow","max-snippet":"max-snippet:-1","max-image-preview":"max-image-preview:large","max-video-preview":"max-video-preview:-1"},"canonical":"https:\/\/www.demusculos.com\/web\/producto\/advanced-whey-2-lbs-xtrenght-nitrox-180-caps-oxido-nitrico\/","og_locale":"es_ES","og_type":"article","og_title":"Combos | Advanced Whey + Creatina 250 | Masa Muscular","og_description":"Advanced Whey + Creatina 250 grs de Xtrenght es el combo ideal para aumentar masa muscular, mejorar rendimiento, transportar nutrientes hacia el musculo.","og_url":"https:\/\/www.demusculos.com\/web\/producto\/advanced-whey-2-lbs-xtrenght-nitrox-180-caps-oxido-nitrico\/","og_site_name":"DeMusculos","article_publisher":"https:\/\/www.facebook.com\/demusculos","article_modified_time":"2026-04-13T16:11:56+00:00","og_image":[{"width":1200,"height":1200,"url":"https:\/\/www.demusculos.com\/web\/wp-content\/uploads\/2024\/03\/advanced-whey-nitrox.jpg","type":"image\/jpeg"}],"twitter_card":"summary_large_image","twitter_site":"@demusculos","twitter_misc":{"Tiempo de lectura":"4 minutos"},"schema":{"@context":"https:\/\/schema.org","@graph":[{"@type":"WebPage","@id":"https:\/\/www.demusculos.com\/web\/producto\/advanced-whey-2-lbs-xtrenght-nitrox-180-caps-oxido-nitrico\/","url":"https:\/\/www.demusculos.com\/web\/producto\/advanced-whey-2-lbs-xtrenght-nitrox-180-caps-oxido-nitrico\/","name":"Combos | Advanced Whey + Creatina 250 | Masa Muscular","isPartOf":{"@id":"https:\/\/www.demusculos.com\/web\/#website"},"primaryImageOfPage":{"@id":"https:\/\/www.demusculos.com\/web\/producto\/advanced-whey-2-lbs-xtrenght-nitrox-180-caps-oxido-nitrico\/#primaryimage"},"image":{"@id":"https:\/\/www.demusculos.com\/web\/producto\/advanced-whey-2-lbs-xtrenght-nitrox-180-caps-oxido-nitrico\/#primaryimage"},"thumbnailUrl":"https:\/\/www.demusculos.com\/web\/wp-content\/uploads\/2024\/03\/advanced-whey-nitrox.jpg","datePublished":"2024-03-17T22:18:00+00:00","dateModified":"2026-04-13T16:11:56+00:00","description":"Advanced Whey + Creatina 250 grs de Xtrenght es el combo ideal para aumentar masa muscular, mejorar rendimiento, transportar nutrientes hacia el musculo.","breadcrumb":{"@id":"https:\/\/www.demusculos.com\/web\/producto\/advanced-whey-2-lbs-xtrenght-nitrox-180-caps-oxido-nitrico\/#breadcrumb"},"inLanguage":"es","potentialAction":[{"@type":"ReadAction","target":["https:\/\/www.demusculos.com\/web\/producto\/advanced-whey-2-lbs-xtrenght-nitrox-180-caps-oxido-nitrico\/"]}]},{"@type":"ImageObject","inLanguage":"es","@id":"https:\/\/www.demusculos.com\/web\/producto\/advanced-whey-2-lbs-xtrenght-nitrox-180-caps-oxido-nitrico\/#primaryimage","url":"https:\/\/www.demusculos.com\/web\/wp-content\/uploads\/2024\/03\/advanced-whey-nitrox.jpg","contentUrl":"https:\/\/www.demusculos.com\/web\/wp-content\/uploads\/2024\/03\/advanced-whey-nitrox.jpg","width":1200,"height":1200,"caption":"Advanced Whey + Nitrox de Xtrenght Nutrition"},{"@type":"BreadcrumbList","@id":"https:\/\/www.demusculos.com\/web\/producto\/advanced-whey-2-lbs-xtrenght-nitrox-180-caps-oxido-nitrico\/#breadcrumb","itemListElement":[{"@type":"ListItem","position":1,"name":"Inicio","item":"https:\/\/www.demusculos.com\/web\/"},{"@type":"ListItem","position":2,"name":"Suplementos","item":"https:\/\/www.demusculos.com\/web\/tienda\/"},{"@type":"ListItem","position":3,"name":"Advanced Whey 2 lbs Xtrenght + Nitrox 180 caps \u00d3xido N\u00edtrico"}]},{"@type":"WebSite","@id":"https:\/\/www.demusculos.com\/web\/#website","url":"https:\/\/www.demusculos.com\/web\/","name":"DeMusculos.com","description":"Suplementos Naturales","publisher":{"@id":"https:\/\/www.demusculos.com\/web\/#organization"},"alternateName":"Suplementos Naturales","potentialAction":[{"@type":"SearchAction","target":{"@type":"EntryPoint","urlTemplate":"https:\/\/www.demusculos.com\/web\/?s={search_term_string}"},"query-input":{"@type":"PropertyValueSpecification","valueRequired":true,"valueName":"search_term_string"}}],"inLanguage":"es"},{"@type":"Organization","@id":"https:\/\/www.demusculos.com\/web\/#organization","name":"DeMusculos.com","alternateName":"DeMusculos","url":"https:\/\/www.demusculos.com\/web\/","logo":{"@type":"ImageObject","inLanguage":"es","@id":"https:\/\/www.demusculos.com\/web\/#\/schema\/logo\/image\/","url":"https:\/\/www.demusculos.com\/web\/wp-content\/uploads\/2024\/02\/logo-demusculos-prestashop-usuario.png","contentUrl":"https:\/\/www.demusculos.com\/web\/wp-content\/uploads\/2024\/02\/logo-demusculos-prestashop-usuario.png","width":150,"height":150,"caption":"DeMusculos.com"},"image":{"@id":"https:\/\/www.demusculos.com\/web\/#\/schema\/logo\/image\/"},"sameAs":["https:\/\/www.facebook.com\/demusculos","https:\/\/x.com\/demusculos","https:\/\/www.instagram.com\/demusculos","https:\/\/www.tiktok.com\/@demusculos.com"]}]}},"_links":{"self":[{"href":"https:\/\/www.demusculos.com\/web\/wp-json\/wp\/v2\/product\/3374","targetHints":{"allow":["GET"]}}],"collection":[{"href":"https:\/\/www.demusculos.com\/web\/wp-json\/wp\/v2\/product"}],"about":[{"href":"https:\/\/www.demusculos.com\/web\/wp-json\/wp\/v2\/types\/product"}],"replies":[{"embeddable":true,"href":"https:\/\/www.demusculos.com\/web\/wp-json\/wp\/v2\/comments?post=3374"}],"wp:featuredmedia":[{"embeddable":true,"href":"https:\/\/www.demusculos.com\/web\/wp-json\/wp\/v2\/media\/3375"}],"wp:attachment":[{"href":"https:\/\/www.demusculos.com\/web\/wp-json\/wp\/v2\/media?parent=3374"}],"wp:term":[{"taxonomy":"product_brand","embeddable":true,"href":"https:\/\/www.demusculos.com\/web\/wp-json\/wp\/v2\/product_brand?post=3374"},{"taxonomy":"product_cat","embeddable":true,"href":"https:\/\/www.demusculos.com\/web\/wp-json\/wp\/v2\/product_cat?post=3374"},{"taxonomy":"product_tag","embeddable":true,"href":"https:\/\/www.demusculos.com\/web\/wp-json\/wp\/v2\/product_tag?post=3374"}],"curies":[{"name":"wp","href":"https:\/\/api.w.org\/{rel}","templated":true}]}}