{"id":3424,"date":"2024-03-18T11:02:54","date_gmt":"2024-03-18T14:02:54","guid":{"rendered":"https:\/\/www.demusculos.com\/web\/?post_type=product&#038;p=3424"},"modified":"2026-05-03T16:53:55","modified_gmt":"2026-05-03T19:53:55","slug":"oxido-nitrico-de-ena-sport-x-150-grs-muscle-max-x90","status":"publish","type":"product","link":"https:\/\/www.demusculos.com\/web\/producto\/oxido-nitrico-de-ena-sport-x-150-grs-muscle-max-x90\/","title":{"rendered":"\u00d3xido N\u00edtrico de Ena Sport x 150 grs + Muscle Max x90"},"content":{"rendered":"<figure id=\"attachment_151\" aria-describedby=\"caption-attachment-151\" style=\"width: 446px\" class=\"wp-caption alignnone\"><img decoding=\"async\" class=\"size-full wp-image-151\" src=\"https:\/\/www.demusculos.com\/web\/wp-content\/uploads\/2024\/02\/logo-ena-sport.png\" alt=\"Suplementos naturales Ena Sport. Empresa de nutricion Argentina.\" width=\"446\" height=\"103\" srcset=\"https:\/\/www.demusculos.com\/web\/wp-content\/uploads\/2024\/02\/logo-ena-sport.png 446w, https:\/\/www.demusculos.com\/web\/wp-content\/uploads\/2024\/02\/logo-ena-sport-300x69.png 300w, https:\/\/www.demusculos.com\/web\/wp-content\/uploads\/2024\/02\/logo-ena-sport-150x35.png 150w, https:\/\/www.demusculos.com\/web\/wp-content\/uploads\/2024\/02\/logo-ena-sport-416x96.png 416w\" sizes=\"(max-width: 446px) 100vw, 446px\" \/><figcaption id=\"caption-attachment-151\" class=\"wp-caption-text\">Este producto es fabricado por ENA SPORT (Empresa de Nutrici\u00f3n Argentina). Es una de las empresas pioneras en el rubro.<\/figcaption><\/figure>\n<p>Este combo incluye dos vaso dilatadores a base de Arginina. Puedes usarlos juntos o un mes uno y un mes otro.<\/p>\n<p><strong>Muscle Max<\/strong> y <strong>\u00d3xido N\u00edtrico de Ena<\/strong> se encargan de recuperarte m\u00e1s r\u00e1pidamente. Recuerda que a mayor recuperaci\u00f3n m\u00e1s ser\u00e1 tu rendimiento.<\/p>\n<p>El \u00f3xido n\u00edtrico se puede combinar con prote\u00ednas y todo lo aprovechas X2.<\/p>\n<p>Evitas la fatiga muscular. Ambos productos, como hemos dicho, son a base de arginina, un poderoso vasodilatador.<\/p>\n<p>Los dos productos son de uso deportivo y pueden ser utilizados por hombres y mujeres que quieren aumentar rendimiento, masa muscular, prevenir fatiga muscular y mejorar en su entrenamiento.<\/p>\n<p>Este combo se suele utilizar para ganancia de masa muscular y se lo suele combinar con <strong><a href=\"https:\/\/www.demusculos.com\/web\/categoria\/proteinas\/\">prote\u00ednas<\/a><\/strong>.<\/p>\n<p><strong>Presentaci\u00f3n<\/strong>:<\/p>\n<ul>\n<li>Muscle Max: 90 comprimidos<\/li>\n<li>\u00d3xido N\u00edtrico: 150 grs (polvo)<\/li>\n<\/ul>\n<p><strong>Indicaciones de toma<\/strong>:<\/p>\n<p>En espa\u00f1ol. En los envases.<\/p>\n<ul>\n<li><a href=\"https:\/\/www.demusculos.com\/contenidos\/l-arginina-como-vasodilatador-oxido-nitrico\/\">Informaci\u00f3n extra sobre <strong>Arginina que tiene el Muscle Max y el \u00f3xido n\u00edtrico de Ena Sport<\/strong><\/a><\/li>\n<li><a href=\"https:\/\/www.demusculos.com\/contenidos\/l-lisina\/\">Informaci\u00f3n sobre la <strong>L-Lisina<\/strong> de Muscle Max<\/a><\/li>\n<\/ul>\n","protected":false},"excerpt":{"rendered":"<p>Este combo incluye dos vaso dilatadores a base de Arginina. Puedes usarlos juntos o un mes uno y un mes otro. Muscle Max y \u00d3xido N\u00edtrico de Ena se encargan de recuperarte m\u00e1s r\u00e1pidamente. Recuerda que a mayor recuperaci\u00f3n m\u00e1s ser\u00e1 tu rendimiento. El \u00f3xido n\u00edtrico se puede combinar con prote\u00ednas y todo lo aprovechas [&hellip;]<\/p>\n","protected":false},"featured_media":3425,"comment_status":"closed","ping_status":"closed","template":"","meta":[],"product_brand":[223],"product_cat":[42,71,53],"product_tag":[38],"class_list":{"0":"post-3424","1":"product","2":"type-product","3":"status-publish","4":"has-post-thumbnail","6":"product_brand-ena-sport","7":"product_cat-hormonales-y-testo","8":"product_cat-combos-masa-muscular","9":"product_cat-oxido-nitrico","10":"product_tag-ena-sport","12":"first","13":"instock","14":"sale","15":"shipping-taxable","16":"purchasable","17":"product-type-simple"},"yoast_head":"<!-- This site is optimized with the Yoast SEO plugin v27.5 - https:\/\/yoast.com\/product\/yoast-seo-wordpress\/ -->\n<title>\u00d3xido N\u00edtrico de Ena Sport x 150 grs + Muscle Max x90 | DeMusculos<\/title>\n<meta name=\"robots\" content=\"index, follow, max-snippet:-1, max-image-preview:large, max-video-preview:-1\" \/>\n<link rel=\"canonical\" href=\"https:\/\/www.demusculos.com\/web\/producto\/oxido-nitrico-de-ena-sport-x-150-grs-muscle-max-x90\/\" \/>\n<meta property=\"og:locale\" content=\"es_ES\" \/>\n<meta property=\"og:type\" content=\"article\" \/>\n<meta property=\"og:title\" content=\"\u00d3xido N\u00edtrico de Ena Sport x 150 grs + Muscle Max x90 | DeMusculos\" \/>\n<meta property=\"og:description\" content=\"Este combo incluye dos vaso dilatadores a base de Arginina. Puedes usarlos juntos o un mes uno y un mes otro. Muscle Max y \u00d3xido N\u00edtrico de Ena se encargan de recuperarte m\u00e1s r\u00e1pidamente. Recuerda que a mayor recuperaci\u00f3n m\u00e1s ser\u00e1 tu rendimiento. El \u00f3xido n\u00edtrico se puede combinar con prote\u00ednas y todo lo aprovechas [&hellip;]\" \/>\n<meta property=\"og:url\" content=\"https:\/\/www.demusculos.com\/web\/producto\/oxido-nitrico-de-ena-sport-x-150-grs-muscle-max-x90\/\" \/>\n<meta property=\"og:site_name\" content=\"DeMusculos\" \/>\n<meta property=\"article:publisher\" content=\"https:\/\/www.facebook.com\/demusculos\" \/>\n<meta property=\"article:modified_time\" content=\"2026-05-03T19:53:55+00:00\" \/>\n<meta property=\"og:image\" content=\"https:\/\/www.demusculos.com\/web\/wp-content\/uploads\/2024\/03\/oxidonitrico-muscle-max.jpg\" \/>\n\t<meta property=\"og:image:width\" content=\"1200\" \/>\n\t<meta property=\"og:image:height\" content=\"1200\" \/>\n\t<meta property=\"og:image:type\" content=\"image\/jpeg\" \/>\n<meta name=\"twitter:card\" content=\"summary_large_image\" \/>\n<meta name=\"twitter:site\" content=\"@demusculos\" \/>\n<meta name=\"twitter:label1\" content=\"Tiempo de lectura\" \/>\n\t<meta name=\"twitter:data1\" content=\"2 minutos\" \/>\n<script type=\"application\/ld+json\" class=\"yoast-schema-graph\">{\"@context\":\"https:\\\/\\\/schema.org\",\"@graph\":[{\"@type\":\"WebPage\",\"@id\":\"https:\\\/\\\/www.demusculos.com\\\/web\\\/producto\\\/oxido-nitrico-de-ena-sport-x-150-grs-muscle-max-x90\\\/\",\"url\":\"https:\\\/\\\/www.demusculos.com\\\/web\\\/producto\\\/oxido-nitrico-de-ena-sport-x-150-grs-muscle-max-x90\\\/\",\"name\":\"\u00d3xido N\u00edtrico de Ena Sport x 150 grs + Muscle Max x90 | DeMusculos\",\"isPartOf\":{\"@id\":\"https:\\\/\\\/www.demusculos.com\\\/web\\\/#website\"},\"primaryImageOfPage\":{\"@id\":\"https:\\\/\\\/www.demusculos.com\\\/web\\\/producto\\\/oxido-nitrico-de-ena-sport-x-150-grs-muscle-max-x90\\\/#primaryimage\"},\"image\":{\"@id\":\"https:\\\/\\\/www.demusculos.com\\\/web\\\/producto\\\/oxido-nitrico-de-ena-sport-x-150-grs-muscle-max-x90\\\/#primaryimage\"},\"thumbnailUrl\":\"https:\\\/\\\/www.demusculos.com\\\/web\\\/wp-content\\\/uploads\\\/2024\\\/03\\\/oxidonitrico-muscle-max.jpg\",\"datePublished\":\"2024-03-18T14:02:54+00:00\",\"dateModified\":\"2026-05-03T19:53:55+00:00\",\"breadcrumb\":{\"@id\":\"https:\\\/\\\/www.demusculos.com\\\/web\\\/producto\\\/oxido-nitrico-de-ena-sport-x-150-grs-muscle-max-x90\\\/#breadcrumb\"},\"inLanguage\":\"es\",\"potentialAction\":[{\"@type\":\"ReadAction\",\"target\":[\"https:\\\/\\\/www.demusculos.com\\\/web\\\/producto\\\/oxido-nitrico-de-ena-sport-x-150-grs-muscle-max-x90\\\/\"]}]},{\"@type\":\"ImageObject\",\"inLanguage\":\"es\",\"@id\":\"https:\\\/\\\/www.demusculos.com\\\/web\\\/producto\\\/oxido-nitrico-de-ena-sport-x-150-grs-muscle-max-x90\\\/#primaryimage\",\"url\":\"https:\\\/\\\/www.demusculos.com\\\/web\\\/wp-content\\\/uploads\\\/2024\\\/03\\\/oxidonitrico-muscle-max.jpg\",\"contentUrl\":\"https:\\\/\\\/www.demusculos.com\\\/web\\\/wp-content\\\/uploads\\\/2024\\\/03\\\/oxidonitrico-muscle-max.jpg\",\"width\":1200,\"height\":1200,\"caption\":\"Muscle Max de Ena Sport y \u00d3xido N\u00edtrico x150 grs\"},{\"@type\":\"BreadcrumbList\",\"@id\":\"https:\\\/\\\/www.demusculos.com\\\/web\\\/producto\\\/oxido-nitrico-de-ena-sport-x-150-grs-muscle-max-x90\\\/#breadcrumb\",\"itemListElement\":[{\"@type\":\"ListItem\",\"position\":1,\"name\":\"Inicio\",\"item\":\"https:\\\/\\\/www.demusculos.com\\\/web\\\/\"},{\"@type\":\"ListItem\",\"position\":2,\"name\":\"Suplementos\",\"item\":\"https:\\\/\\\/www.demusculos.com\\\/web\\\/tienda\\\/\"},{\"@type\":\"ListItem\",\"position\":3,\"name\":\"\u00d3xido N\u00edtrico de Ena Sport x 150 grs + Muscle Max x90\"}]},{\"@type\":\"WebSite\",\"@id\":\"https:\\\/\\\/www.demusculos.com\\\/web\\\/#website\",\"url\":\"https:\\\/\\\/www.demusculos.com\\\/web\\\/\",\"name\":\"DeMusculos.com\",\"description\":\"Suplementos Naturales\",\"publisher\":{\"@id\":\"https:\\\/\\\/www.demusculos.com\\\/web\\\/#organization\"},\"alternateName\":\"Suplementos Naturales\",\"potentialAction\":[{\"@type\":\"SearchAction\",\"target\":{\"@type\":\"EntryPoint\",\"urlTemplate\":\"https:\\\/\\\/www.demusculos.com\\\/web\\\/?s={search_term_string}\"},\"query-input\":{\"@type\":\"PropertyValueSpecification\",\"valueRequired\":true,\"valueName\":\"search_term_string\"}}],\"inLanguage\":\"es\"},{\"@type\":\"Organization\",\"@id\":\"https:\\\/\\\/www.demusculos.com\\\/web\\\/#organization\",\"name\":\"DeMusculos.com\",\"alternateName\":\"DeMusculos\",\"url\":\"https:\\\/\\\/www.demusculos.com\\\/web\\\/\",\"logo\":{\"@type\":\"ImageObject\",\"inLanguage\":\"es\",\"@id\":\"https:\\\/\\\/www.demusculos.com\\\/web\\\/#\\\/schema\\\/logo\\\/image\\\/\",\"url\":\"https:\\\/\\\/www.demusculos.com\\\/web\\\/wp-content\\\/uploads\\\/2024\\\/02\\\/logo-demusculos-prestashop-usuario.png\",\"contentUrl\":\"https:\\\/\\\/www.demusculos.com\\\/web\\\/wp-content\\\/uploads\\\/2024\\\/02\\\/logo-demusculos-prestashop-usuario.png\",\"width\":150,\"height\":150,\"caption\":\"DeMusculos.com\"},\"image\":{\"@id\":\"https:\\\/\\\/www.demusculos.com\\\/web\\\/#\\\/schema\\\/logo\\\/image\\\/\"},\"sameAs\":[\"https:\\\/\\\/www.facebook.com\\\/demusculos\",\"https:\\\/\\\/x.com\\\/demusculos\",\"https:\\\/\\\/www.instagram.com\\\/demusculos\",\"https:\\\/\\\/www.tiktok.com\\\/@demusculos.com\"]}]}<\/script>\n<!-- \/ Yoast SEO plugin. -->","yoast_head_json":{"title":"\u00d3xido N\u00edtrico de Ena Sport x 150 grs + Muscle Max x90 | DeMusculos","robots":{"index":"index","follow":"follow","max-snippet":"max-snippet:-1","max-image-preview":"max-image-preview:large","max-video-preview":"max-video-preview:-1"},"canonical":"https:\/\/www.demusculos.com\/web\/producto\/oxido-nitrico-de-ena-sport-x-150-grs-muscle-max-x90\/","og_locale":"es_ES","og_type":"article","og_title":"\u00d3xido N\u00edtrico de Ena Sport x 150 grs + Muscle Max x90 | DeMusculos","og_description":"Este combo incluye dos vaso dilatadores a base de Arginina. Puedes usarlos juntos o un mes uno y un mes otro. Muscle Max y \u00d3xido N\u00edtrico de Ena se encargan de recuperarte m\u00e1s r\u00e1pidamente. Recuerda que a mayor recuperaci\u00f3n m\u00e1s ser\u00e1 tu rendimiento. El \u00f3xido n\u00edtrico se puede combinar con prote\u00ednas y todo lo aprovechas [&hellip;]","og_url":"https:\/\/www.demusculos.com\/web\/producto\/oxido-nitrico-de-ena-sport-x-150-grs-muscle-max-x90\/","og_site_name":"DeMusculos","article_publisher":"https:\/\/www.facebook.com\/demusculos","article_modified_time":"2026-05-03T19:53:55+00:00","og_image":[{"width":1200,"height":1200,"url":"https:\/\/www.demusculos.com\/web\/wp-content\/uploads\/2024\/03\/oxidonitrico-muscle-max.jpg","type":"image\/jpeg"}],"twitter_card":"summary_large_image","twitter_site":"@demusculos","twitter_misc":{"Tiempo de lectura":"2 minutos"},"schema":{"@context":"https:\/\/schema.org","@graph":[{"@type":"WebPage","@id":"https:\/\/www.demusculos.com\/web\/producto\/oxido-nitrico-de-ena-sport-x-150-grs-muscle-max-x90\/","url":"https:\/\/www.demusculos.com\/web\/producto\/oxido-nitrico-de-ena-sport-x-150-grs-muscle-max-x90\/","name":"\u00d3xido N\u00edtrico de Ena Sport x 150 grs + Muscle Max x90 | DeMusculos","isPartOf":{"@id":"https:\/\/www.demusculos.com\/web\/#website"},"primaryImageOfPage":{"@id":"https:\/\/www.demusculos.com\/web\/producto\/oxido-nitrico-de-ena-sport-x-150-grs-muscle-max-x90\/#primaryimage"},"image":{"@id":"https:\/\/www.demusculos.com\/web\/producto\/oxido-nitrico-de-ena-sport-x-150-grs-muscle-max-x90\/#primaryimage"},"thumbnailUrl":"https:\/\/www.demusculos.com\/web\/wp-content\/uploads\/2024\/03\/oxidonitrico-muscle-max.jpg","datePublished":"2024-03-18T14:02:54+00:00","dateModified":"2026-05-03T19:53:55+00:00","breadcrumb":{"@id":"https:\/\/www.demusculos.com\/web\/producto\/oxido-nitrico-de-ena-sport-x-150-grs-muscle-max-x90\/#breadcrumb"},"inLanguage":"es","potentialAction":[{"@type":"ReadAction","target":["https:\/\/www.demusculos.com\/web\/producto\/oxido-nitrico-de-ena-sport-x-150-grs-muscle-max-x90\/"]}]},{"@type":"ImageObject","inLanguage":"es","@id":"https:\/\/www.demusculos.com\/web\/producto\/oxido-nitrico-de-ena-sport-x-150-grs-muscle-max-x90\/#primaryimage","url":"https:\/\/www.demusculos.com\/web\/wp-content\/uploads\/2024\/03\/oxidonitrico-muscle-max.jpg","contentUrl":"https:\/\/www.demusculos.com\/web\/wp-content\/uploads\/2024\/03\/oxidonitrico-muscle-max.jpg","width":1200,"height":1200,"caption":"Muscle Max de Ena Sport y \u00d3xido N\u00edtrico x150 grs"},{"@type":"BreadcrumbList","@id":"https:\/\/www.demusculos.com\/web\/producto\/oxido-nitrico-de-ena-sport-x-150-grs-muscle-max-x90\/#breadcrumb","itemListElement":[{"@type":"ListItem","position":1,"name":"Inicio","item":"https:\/\/www.demusculos.com\/web\/"},{"@type":"ListItem","position":2,"name":"Suplementos","item":"https:\/\/www.demusculos.com\/web\/tienda\/"},{"@type":"ListItem","position":3,"name":"\u00d3xido N\u00edtrico de Ena Sport x 150 grs + Muscle Max x90"}]},{"@type":"WebSite","@id":"https:\/\/www.demusculos.com\/web\/#website","url":"https:\/\/www.demusculos.com\/web\/","name":"DeMusculos.com","description":"Suplementos Naturales","publisher":{"@id":"https:\/\/www.demusculos.com\/web\/#organization"},"alternateName":"Suplementos Naturales","potentialAction":[{"@type":"SearchAction","target":{"@type":"EntryPoint","urlTemplate":"https:\/\/www.demusculos.com\/web\/?s={search_term_string}"},"query-input":{"@type":"PropertyValueSpecification","valueRequired":true,"valueName":"search_term_string"}}],"inLanguage":"es"},{"@type":"Organization","@id":"https:\/\/www.demusculos.com\/web\/#organization","name":"DeMusculos.com","alternateName":"DeMusculos","url":"https:\/\/www.demusculos.com\/web\/","logo":{"@type":"ImageObject","inLanguage":"es","@id":"https:\/\/www.demusculos.com\/web\/#\/schema\/logo\/image\/","url":"https:\/\/www.demusculos.com\/web\/wp-content\/uploads\/2024\/02\/logo-demusculos-prestashop-usuario.png","contentUrl":"https:\/\/www.demusculos.com\/web\/wp-content\/uploads\/2024\/02\/logo-demusculos-prestashop-usuario.png","width":150,"height":150,"caption":"DeMusculos.com"},"image":{"@id":"https:\/\/www.demusculos.com\/web\/#\/schema\/logo\/image\/"},"sameAs":["https:\/\/www.facebook.com\/demusculos","https:\/\/x.com\/demusculos","https:\/\/www.instagram.com\/demusculos","https:\/\/www.tiktok.com\/@demusculos.com"]}]}},"_links":{"self":[{"href":"https:\/\/www.demusculos.com\/web\/wp-json\/wp\/v2\/product\/3424","targetHints":{"allow":["GET"]}}],"collection":[{"href":"https:\/\/www.demusculos.com\/web\/wp-json\/wp\/v2\/product"}],"about":[{"href":"https:\/\/www.demusculos.com\/web\/wp-json\/wp\/v2\/types\/product"}],"replies":[{"embeddable":true,"href":"https:\/\/www.demusculos.com\/web\/wp-json\/wp\/v2\/comments?post=3424"}],"wp:featuredmedia":[{"embeddable":true,"href":"https:\/\/www.demusculos.com\/web\/wp-json\/wp\/v2\/media\/3425"}],"wp:attachment":[{"href":"https:\/\/www.demusculos.com\/web\/wp-json\/wp\/v2\/media?parent=3424"}],"wp:term":[{"taxonomy":"product_brand","embeddable":true,"href":"https:\/\/www.demusculos.com\/web\/wp-json\/wp\/v2\/product_brand?post=3424"},{"taxonomy":"product_cat","embeddable":true,"href":"https:\/\/www.demusculos.com\/web\/wp-json\/wp\/v2\/product_cat?post=3424"},{"taxonomy":"product_tag","embeddable":true,"href":"https:\/\/www.demusculos.com\/web\/wp-json\/wp\/v2\/product_tag?post=3424"}],"curies":[{"name":"wp","href":"https:\/\/api.w.org\/{rel}","templated":true}]}}