{"id":3552,"date":"2024-03-19T10:13:56","date_gmt":"2024-03-19T13:13:56","guid":{"rendered":"https:\/\/www.demusculos.com\/web\/?post_type=product&#038;p=3552"},"modified":"2026-02-01T20:02:27","modified_gmt":"2026-02-01T23:02:27","slug":"syntha-6-isolate-2-lbs-bsn-proteina-baja-en-grasas-y-azucar","status":"publish","type":"product","link":"https:\/\/www.demusculos.com\/web\/producto\/syntha-6-isolate-2-lbs-bsn-proteina-baja-en-grasas-y-azucar\/","title":{"rendered":"Syntha 6 Isolate 2 lbs BSN Prote\u00edna Baja en Grasas y Az\u00facar"},"content":{"rendered":"<h2>Syntha 6 2 Lbs de BSN &#8211; Versi\u00f3n Isolate &#8211; 907 gramos (2 libras)<\/h2>\n<figure id=\"attachment_3235\" aria-describedby=\"caption-attachment-3235\" style=\"width: 446px\" class=\"wp-caption alignnone\"><img decoding=\"async\" class=\"size-full wp-image-3235\" src=\"https:\/\/www.demusculos.com\/web\/wp-content\/uploads\/2024\/03\/logo-bsn.png\" alt=\"Tenemos la l\u00ednea completa de suplementos naturales de BSN\" width=\"446\" height=\"103\" srcset=\"https:\/\/www.demusculos.com\/web\/wp-content\/uploads\/2024\/03\/logo-bsn.png 446w, https:\/\/www.demusculos.com\/web\/wp-content\/uploads\/2024\/03\/logo-bsn-300x69.png 300w, https:\/\/www.demusculos.com\/web\/wp-content\/uploads\/2024\/03\/logo-bsn-150x35.png 150w, https:\/\/www.demusculos.com\/web\/wp-content\/uploads\/2024\/03\/logo-bsn-416x96.png 416w\" sizes=\"(max-width: 446px) 100vw, 446px\" \/><figcaption id=\"caption-attachment-3235\" class=\"wp-caption-text\">Suplementos Naturales Importados de USA. BSN Finish First. Prote\u00ednas, Amino\u00e1cidos, Creatinas y mucho m\u00e1s. Directo desde USA<\/figcaption><\/figure>\n<p>Masa muscular m\u00e1s magra ya que&#8230;<br \/>\n. No tiene carbohidratos<br \/>\n. Azucar<br \/>\n. Lactosa<br \/>\n. Grasas<\/p>\n<p>Ideal para:<br \/>\n. Masa muscular magra<br \/>\n. Dieta<br \/>\n. Hombres y mujeres<\/p>\n<p>Para cualquier tipo de deportes<\/p>\n<p>Preparar con agua o leche descremada<br \/>\nTomar luego de entrenar para maximizar la recuperaci\u00f3n y posterior crecimiento muscular<\/p>\n<p>Fabricado por BSN en USA<br \/>\nImportado<br \/>\nSellado<\/p>\n<p>Puede venir en un dise\u00f1o o en otro, seg\u00fan sabores y loteos.<br \/>\nOferta hasta agotar 10 unidades!<\/p>\n","protected":false},"excerpt":{"rendered":"<p>Syntha 6 2 Lbs de BSN &#8211; Versi\u00f3n Isolate &#8211; 907 gramos (2 libras) Masa muscular m\u00e1s magra ya que&#8230; . No tiene carbohidratos . Azucar . Lactosa . Grasas Ideal para: . Masa muscular magra . Dieta . Hombres y mujeres Para cualquier tipo de deportes Preparar con agua o leche descremada Tomar luego [&hellip;]<\/p>\n","protected":false},"featured_media":3553,"comment_status":"closed","ping_status":"closed","template":"","meta":[],"product_brand":[244],"product_cat":[16],"product_tag":[148],"class_list":{"0":"post-3552","1":"product","2":"type-product","3":"status-publish","4":"has-post-thumbnail","6":"product_brand-bsn","7":"product_cat-proteinas","8":"product_tag-bsn","10":"first","11":"outofstock","12":"sale","13":"shipping-taxable","14":"purchasable","15":"product-type-simple"},"yoast_head":"<!-- This site is optimized with the Yoast SEO plugin v27.4 - https:\/\/yoast.com\/product\/yoast-seo-wordpress\/ -->\n<title>Syntha 6 Isolate 2 lbs BSN Prote\u00edna Baja en Grasas y Az\u00facar | DeMusculos<\/title>\n<meta name=\"robots\" content=\"index, follow, max-snippet:-1, max-image-preview:large, max-video-preview:-1\" \/>\n<link rel=\"canonical\" href=\"https:\/\/www.demusculos.com\/web\/producto\/syntha-6-isolate-2-lbs-bsn-proteina-baja-en-grasas-y-azucar\/\" \/>\n<meta property=\"og:locale\" content=\"es_ES\" \/>\n<meta property=\"og:type\" content=\"article\" \/>\n<meta property=\"og:title\" content=\"Syntha 6 Isolate 2 lbs BSN Prote\u00edna Baja en Grasas y Az\u00facar | DeMusculos\" \/>\n<meta property=\"og:description\" content=\"Syntha 6 2 Lbs de BSN &#8211; Versi\u00f3n Isolate &#8211; 907 gramos (2 libras) Masa muscular m\u00e1s magra ya que&#8230; . No tiene carbohidratos . Azucar . Lactosa . Grasas Ideal para: . Masa muscular magra . Dieta . Hombres y mujeres Para cualquier tipo de deportes Preparar con agua o leche descremada Tomar luego [&hellip;]\" \/>\n<meta property=\"og:url\" content=\"https:\/\/www.demusculos.com\/web\/producto\/syntha-6-isolate-2-lbs-bsn-proteina-baja-en-grasas-y-azucar\/\" \/>\n<meta property=\"og:site_name\" content=\"DeMusculos\" \/>\n<meta property=\"article:publisher\" content=\"https:\/\/www.facebook.com\/demusculos\" \/>\n<meta property=\"article:modified_time\" content=\"2026-02-01T23:02:27+00:00\" \/>\n<meta property=\"og:image\" content=\"https:\/\/www.demusculos.com\/web\/wp-content\/uploads\/2024\/03\/syntha-6-isolate-2-lbs-bsn-02.jpg\" \/>\n\t<meta property=\"og:image:width\" content=\"950\" \/>\n\t<meta property=\"og:image:height\" content=\"950\" \/>\n\t<meta property=\"og:image:type\" content=\"image\/jpeg\" \/>\n<meta name=\"twitter:card\" content=\"summary_large_image\" \/>\n<meta name=\"twitter:site\" content=\"@demusculos\" \/>\n<meta name=\"twitter:label1\" content=\"Tiempo de lectura\" \/>\n\t<meta name=\"twitter:data1\" content=\"1 minuto\" \/>\n<script type=\"application\/ld+json\" class=\"yoast-schema-graph\">{\"@context\":\"https:\\\/\\\/schema.org\",\"@graph\":[{\"@type\":\"WebPage\",\"@id\":\"https:\\\/\\\/www.demusculos.com\\\/web\\\/producto\\\/syntha-6-isolate-2-lbs-bsn-proteina-baja-en-grasas-y-azucar\\\/\",\"url\":\"https:\\\/\\\/www.demusculos.com\\\/web\\\/producto\\\/syntha-6-isolate-2-lbs-bsn-proteina-baja-en-grasas-y-azucar\\\/\",\"name\":\"Syntha 6 Isolate 2 lbs BSN Prote\u00edna Baja en Grasas y Az\u00facar | DeMusculos\",\"isPartOf\":{\"@id\":\"https:\\\/\\\/www.demusculos.com\\\/web\\\/#website\"},\"primaryImageOfPage\":{\"@id\":\"https:\\\/\\\/www.demusculos.com\\\/web\\\/producto\\\/syntha-6-isolate-2-lbs-bsn-proteina-baja-en-grasas-y-azucar\\\/#primaryimage\"},\"image\":{\"@id\":\"https:\\\/\\\/www.demusculos.com\\\/web\\\/producto\\\/syntha-6-isolate-2-lbs-bsn-proteina-baja-en-grasas-y-azucar\\\/#primaryimage\"},\"thumbnailUrl\":\"https:\\\/\\\/www.demusculos.com\\\/web\\\/wp-content\\\/uploads\\\/2024\\\/03\\\/syntha-6-isolate-2-lbs-bsn-02.jpg\",\"datePublished\":\"2024-03-19T13:13:56+00:00\",\"dateModified\":\"2026-02-01T23:02:27+00:00\",\"breadcrumb\":{\"@id\":\"https:\\\/\\\/www.demusculos.com\\\/web\\\/producto\\\/syntha-6-isolate-2-lbs-bsn-proteina-baja-en-grasas-y-azucar\\\/#breadcrumb\"},\"inLanguage\":\"es\",\"potentialAction\":[{\"@type\":\"ReadAction\",\"target\":[\"https:\\\/\\\/www.demusculos.com\\\/web\\\/producto\\\/syntha-6-isolate-2-lbs-bsn-proteina-baja-en-grasas-y-azucar\\\/\"]}]},{\"@type\":\"ImageObject\",\"inLanguage\":\"es\",\"@id\":\"https:\\\/\\\/www.demusculos.com\\\/web\\\/producto\\\/syntha-6-isolate-2-lbs-bsn-proteina-baja-en-grasas-y-azucar\\\/#primaryimage\",\"url\":\"https:\\\/\\\/www.demusculos.com\\\/web\\\/wp-content\\\/uploads\\\/2024\\\/03\\\/syntha-6-isolate-2-lbs-bsn-02.jpg\",\"contentUrl\":\"https:\\\/\\\/www.demusculos.com\\\/web\\\/wp-content\\\/uploads\\\/2024\\\/03\\\/syntha-6-isolate-2-lbs-bsn-02.jpg\",\"width\":950,\"height\":950,\"caption\":\"Syntha 6 de BSN versi\u00f3n ISOLATE 2 lbs\"},{\"@type\":\"BreadcrumbList\",\"@id\":\"https:\\\/\\\/www.demusculos.com\\\/web\\\/producto\\\/syntha-6-isolate-2-lbs-bsn-proteina-baja-en-grasas-y-azucar\\\/#breadcrumb\",\"itemListElement\":[{\"@type\":\"ListItem\",\"position\":1,\"name\":\"Inicio\",\"item\":\"https:\\\/\\\/www.demusculos.com\\\/web\\\/\"},{\"@type\":\"ListItem\",\"position\":2,\"name\":\"Suplementos\",\"item\":\"https:\\\/\\\/www.demusculos.com\\\/web\\\/tienda\\\/\"},{\"@type\":\"ListItem\",\"position\":3,\"name\":\"Syntha 6 Isolate 2 lbs BSN Prote\u00edna Baja en Grasas y Az\u00facar\"}]},{\"@type\":\"WebSite\",\"@id\":\"https:\\\/\\\/www.demusculos.com\\\/web\\\/#website\",\"url\":\"https:\\\/\\\/www.demusculos.com\\\/web\\\/\",\"name\":\"DeMusculos.com\",\"description\":\"Suplementos Naturales\",\"publisher\":{\"@id\":\"https:\\\/\\\/www.demusculos.com\\\/web\\\/#organization\"},\"alternateName\":\"Suplementos Naturales\",\"potentialAction\":[{\"@type\":\"SearchAction\",\"target\":{\"@type\":\"EntryPoint\",\"urlTemplate\":\"https:\\\/\\\/www.demusculos.com\\\/web\\\/?s={search_term_string}\"},\"query-input\":{\"@type\":\"PropertyValueSpecification\",\"valueRequired\":true,\"valueName\":\"search_term_string\"}}],\"inLanguage\":\"es\"},{\"@type\":\"Organization\",\"@id\":\"https:\\\/\\\/www.demusculos.com\\\/web\\\/#organization\",\"name\":\"DeMusculos.com\",\"alternateName\":\"DeMusculos\",\"url\":\"https:\\\/\\\/www.demusculos.com\\\/web\\\/\",\"logo\":{\"@type\":\"ImageObject\",\"inLanguage\":\"es\",\"@id\":\"https:\\\/\\\/www.demusculos.com\\\/web\\\/#\\\/schema\\\/logo\\\/image\\\/\",\"url\":\"https:\\\/\\\/www.demusculos.com\\\/web\\\/wp-content\\\/uploads\\\/2024\\\/02\\\/logo-demusculos-prestashop-usuario.png\",\"contentUrl\":\"https:\\\/\\\/www.demusculos.com\\\/web\\\/wp-content\\\/uploads\\\/2024\\\/02\\\/logo-demusculos-prestashop-usuario.png\",\"width\":150,\"height\":150,\"caption\":\"DeMusculos.com\"},\"image\":{\"@id\":\"https:\\\/\\\/www.demusculos.com\\\/web\\\/#\\\/schema\\\/logo\\\/image\\\/\"},\"sameAs\":[\"https:\\\/\\\/www.facebook.com\\\/demusculos\",\"https:\\\/\\\/x.com\\\/demusculos\",\"https:\\\/\\\/www.instagram.com\\\/demusculos\",\"https:\\\/\\\/www.tiktok.com\\\/@demusculos.com\"]}]}<\/script>\n<!-- \/ Yoast SEO plugin. -->","yoast_head_json":{"title":"Syntha 6 Isolate 2 lbs BSN Prote\u00edna Baja en Grasas y Az\u00facar | DeMusculos","robots":{"index":"index","follow":"follow","max-snippet":"max-snippet:-1","max-image-preview":"max-image-preview:large","max-video-preview":"max-video-preview:-1"},"canonical":"https:\/\/www.demusculos.com\/web\/producto\/syntha-6-isolate-2-lbs-bsn-proteina-baja-en-grasas-y-azucar\/","og_locale":"es_ES","og_type":"article","og_title":"Syntha 6 Isolate 2 lbs BSN Prote\u00edna Baja en Grasas y Az\u00facar | DeMusculos","og_description":"Syntha 6 2 Lbs de BSN &#8211; Versi\u00f3n Isolate &#8211; 907 gramos (2 libras) Masa muscular m\u00e1s magra ya que&#8230; . No tiene carbohidratos . Azucar . Lactosa . Grasas Ideal para: . Masa muscular magra . Dieta . Hombres y mujeres Para cualquier tipo de deportes Preparar con agua o leche descremada Tomar luego [&hellip;]","og_url":"https:\/\/www.demusculos.com\/web\/producto\/syntha-6-isolate-2-lbs-bsn-proteina-baja-en-grasas-y-azucar\/","og_site_name":"DeMusculos","article_publisher":"https:\/\/www.facebook.com\/demusculos","article_modified_time":"2026-02-01T23:02:27+00:00","og_image":[{"width":950,"height":950,"url":"https:\/\/www.demusculos.com\/web\/wp-content\/uploads\/2024\/03\/syntha-6-isolate-2-lbs-bsn-02.jpg","type":"image\/jpeg"}],"twitter_card":"summary_large_image","twitter_site":"@demusculos","twitter_misc":{"Tiempo de lectura":"1 minuto"},"schema":{"@context":"https:\/\/schema.org","@graph":[{"@type":"WebPage","@id":"https:\/\/www.demusculos.com\/web\/producto\/syntha-6-isolate-2-lbs-bsn-proteina-baja-en-grasas-y-azucar\/","url":"https:\/\/www.demusculos.com\/web\/producto\/syntha-6-isolate-2-lbs-bsn-proteina-baja-en-grasas-y-azucar\/","name":"Syntha 6 Isolate 2 lbs BSN Prote\u00edna Baja en Grasas y Az\u00facar | DeMusculos","isPartOf":{"@id":"https:\/\/www.demusculos.com\/web\/#website"},"primaryImageOfPage":{"@id":"https:\/\/www.demusculos.com\/web\/producto\/syntha-6-isolate-2-lbs-bsn-proteina-baja-en-grasas-y-azucar\/#primaryimage"},"image":{"@id":"https:\/\/www.demusculos.com\/web\/producto\/syntha-6-isolate-2-lbs-bsn-proteina-baja-en-grasas-y-azucar\/#primaryimage"},"thumbnailUrl":"https:\/\/www.demusculos.com\/web\/wp-content\/uploads\/2024\/03\/syntha-6-isolate-2-lbs-bsn-02.jpg","datePublished":"2024-03-19T13:13:56+00:00","dateModified":"2026-02-01T23:02:27+00:00","breadcrumb":{"@id":"https:\/\/www.demusculos.com\/web\/producto\/syntha-6-isolate-2-lbs-bsn-proteina-baja-en-grasas-y-azucar\/#breadcrumb"},"inLanguage":"es","potentialAction":[{"@type":"ReadAction","target":["https:\/\/www.demusculos.com\/web\/producto\/syntha-6-isolate-2-lbs-bsn-proteina-baja-en-grasas-y-azucar\/"]}]},{"@type":"ImageObject","inLanguage":"es","@id":"https:\/\/www.demusculos.com\/web\/producto\/syntha-6-isolate-2-lbs-bsn-proteina-baja-en-grasas-y-azucar\/#primaryimage","url":"https:\/\/www.demusculos.com\/web\/wp-content\/uploads\/2024\/03\/syntha-6-isolate-2-lbs-bsn-02.jpg","contentUrl":"https:\/\/www.demusculos.com\/web\/wp-content\/uploads\/2024\/03\/syntha-6-isolate-2-lbs-bsn-02.jpg","width":950,"height":950,"caption":"Syntha 6 de BSN versi\u00f3n ISOLATE 2 lbs"},{"@type":"BreadcrumbList","@id":"https:\/\/www.demusculos.com\/web\/producto\/syntha-6-isolate-2-lbs-bsn-proteina-baja-en-grasas-y-azucar\/#breadcrumb","itemListElement":[{"@type":"ListItem","position":1,"name":"Inicio","item":"https:\/\/www.demusculos.com\/web\/"},{"@type":"ListItem","position":2,"name":"Suplementos","item":"https:\/\/www.demusculos.com\/web\/tienda\/"},{"@type":"ListItem","position":3,"name":"Syntha 6 Isolate 2 lbs BSN Prote\u00edna Baja en Grasas y Az\u00facar"}]},{"@type":"WebSite","@id":"https:\/\/www.demusculos.com\/web\/#website","url":"https:\/\/www.demusculos.com\/web\/","name":"DeMusculos.com","description":"Suplementos Naturales","publisher":{"@id":"https:\/\/www.demusculos.com\/web\/#organization"},"alternateName":"Suplementos Naturales","potentialAction":[{"@type":"SearchAction","target":{"@type":"EntryPoint","urlTemplate":"https:\/\/www.demusculos.com\/web\/?s={search_term_string}"},"query-input":{"@type":"PropertyValueSpecification","valueRequired":true,"valueName":"search_term_string"}}],"inLanguage":"es"},{"@type":"Organization","@id":"https:\/\/www.demusculos.com\/web\/#organization","name":"DeMusculos.com","alternateName":"DeMusculos","url":"https:\/\/www.demusculos.com\/web\/","logo":{"@type":"ImageObject","inLanguage":"es","@id":"https:\/\/www.demusculos.com\/web\/#\/schema\/logo\/image\/","url":"https:\/\/www.demusculos.com\/web\/wp-content\/uploads\/2024\/02\/logo-demusculos-prestashop-usuario.png","contentUrl":"https:\/\/www.demusculos.com\/web\/wp-content\/uploads\/2024\/02\/logo-demusculos-prestashop-usuario.png","width":150,"height":150,"caption":"DeMusculos.com"},"image":{"@id":"https:\/\/www.demusculos.com\/web\/#\/schema\/logo\/image\/"},"sameAs":["https:\/\/www.facebook.com\/demusculos","https:\/\/x.com\/demusculos","https:\/\/www.instagram.com\/demusculos","https:\/\/www.tiktok.com\/@demusculos.com"]}]}},"_links":{"self":[{"href":"https:\/\/www.demusculos.com\/web\/wp-json\/wp\/v2\/product\/3552","targetHints":{"allow":["GET"]}}],"collection":[{"href":"https:\/\/www.demusculos.com\/web\/wp-json\/wp\/v2\/product"}],"about":[{"href":"https:\/\/www.demusculos.com\/web\/wp-json\/wp\/v2\/types\/product"}],"replies":[{"embeddable":true,"href":"https:\/\/www.demusculos.com\/web\/wp-json\/wp\/v2\/comments?post=3552"}],"wp:featuredmedia":[{"embeddable":true,"href":"https:\/\/www.demusculos.com\/web\/wp-json\/wp\/v2\/media\/3553"}],"wp:attachment":[{"href":"https:\/\/www.demusculos.com\/web\/wp-json\/wp\/v2\/media?parent=3552"}],"wp:term":[{"taxonomy":"product_brand","embeddable":true,"href":"https:\/\/www.demusculos.com\/web\/wp-json\/wp\/v2\/product_brand?post=3552"},{"taxonomy":"product_cat","embeddable":true,"href":"https:\/\/www.demusculos.com\/web\/wp-json\/wp\/v2\/product_cat?post=3552"},{"taxonomy":"product_tag","embeddable":true,"href":"https:\/\/www.demusculos.com\/web\/wp-json\/wp\/v2\/product_tag?post=3552"}],"curies":[{"name":"wp","href":"https:\/\/api.w.org\/{rel}","templated":true}]}}