{"id":3689,"date":"2024-03-20T09:29:16","date_gmt":"2024-03-20T12:29:16","guid":{"rendered":"https:\/\/www.demusculos.com\/web\/?post_type=product&#038;p=3689"},"modified":"2026-02-01T20:02:27","modified_gmt":"2026-02-01T23:02:27","slug":"less-carbs-50-grs-woman-reductor-de-peso","status":"publish","type":"product","link":"https:\/\/www.demusculos.com\/web\/producto\/less-carbs-50-grs-woman-reductor-de-peso\/","title":{"rendered":"Less Carbs 50 grs Woman Reductor de Peso &#8211; Bloqueador de carbohidratos"},"content":{"rendered":"<h2>Less Carbs<\/h2>\n<p>Less Carbs es un bloqueador de carbohidratos. Menos carbohidratos se traduce en menos peso corporal.<\/p>\n<figure id=\"attachment_3666\" aria-describedby=\"caption-attachment-3666\" style=\"width: 446px\" class=\"wp-caption alignnone\"><img decoding=\"async\" class=\"size-full wp-image-3666\" src=\"https:\/\/www.demusculos.com\/web\/wp-content\/uploads\/2024\/03\/logo-woman.png\" alt=\"Suplementos Naturales WOMAN. La mayor variedad de productos para mejorar la calidad de vida.\" width=\"446\" height=\"103\" srcset=\"https:\/\/www.demusculos.com\/web\/wp-content\/uploads\/2024\/03\/logo-woman.png 446w, https:\/\/www.demusculos.com\/web\/wp-content\/uploads\/2024\/03\/logo-woman-300x69.png 300w, https:\/\/www.demusculos.com\/web\/wp-content\/uploads\/2024\/03\/logo-woman-150x35.png 150w, https:\/\/www.demusculos.com\/web\/wp-content\/uploads\/2024\/03\/logo-woman-416x96.png 416w\" sizes=\"(max-width: 446px) 100vw, 446px\" \/><figcaption id=\"caption-attachment-3666\" class=\"wp-caption-text\">Suplementos Naturales WOMAN. Todos los productos que est\u00e1s buscando para mejorar tu calidad de vida.<\/figcaption><\/figure>\n<p>Bloqueador De Hidratos Less Carb Woman 50gr X 3U<\/p>\n<p>La faseolamina (extra\u00edda de la jud\u00eda blanca), descompone los hidratos de carbono en mol\u00e9culas peque\u00f1as para que el cuerpo los pueda absorber y elimina de forma directa los carbohidratos no digeridos. Los bloqueadores de hidratos de carbono reducen las calor\u00edas de los carbohidratos, bloqueando las enzimas necesarias para digerir el almid\u00f3n impidiendo que se conviertan en az\u00facar. De esta forma tambi\u00e9n, el organismo va a utilizar como fuente de energ\u00eda las reservas de grasa ayudando a disminuir y\/o eliminar el exceso de grasa del cuerpo.<\/p>\n<p>Beneficios:<br \/>\n\u2022 Controla el apetito<br \/>\n\u2022 Favorece la oxidaci\u00f3n de las grasas.<br \/>\n\u2022 Acelera el metabolismo<br \/>\n\u2022 Reduce la Digesti\u00f3n de Almid\u00f3n<br \/>\n\u2022 Disminuye el Aporte Cal\u00f3rico de los Carbohidratos<br \/>\n\u2022 Evita que los carbohidratos se Almacenen como Grasa<br \/>\nModo de Uso:<br \/>\n\u2022 2 grs sobre las comidas ricas en carbohidratos<\/p>\n<p>Ingredientes:<br \/>\nSuplemento dietario a base de Extractos de alubias blancas. 99,98% Extracto de alubias bl\u00f1ancas y 0,02% Tripicolinato de Cromo. * Es apto vegano y sustentable. GMO free<\/p>\n<p>Advertencias:<br \/>\nSuplementa dietas insuficientes, consulte a su m\u00e9dico y\/o farmac\u00e9utico. No consumir en caso de embarazo o lactancia. Menores de 18 a\u00f1os consumir bajo supervisi\u00f3n de un adulto o profesional. Mantener en lugar seco y fresco, fuera del alcance de los ni\u00f1os. No exponer a temperaturas mayores a 25\u00baC.<\/p>\n","protected":false},"excerpt":{"rendered":"<p>Ideal para bloquear los carbohidratos que consumimos con las comidas.<\/p>\n","protected":false},"featured_media":8898,"comment_status":"closed","ping_status":"closed","template":"","meta":[],"product_brand":[],"product_cat":[215,19],"product_tag":[181],"class_list":{"0":"post-3689","1":"product","2":"type-product","3":"status-publish","4":"has-post-thumbnail","6":"product_cat-promociones-y-ofertas","7":"product_cat-quemadores","8":"product_tag-woman","10":"first","11":"instock","12":"sale","13":"shipping-taxable","14":"purchasable","15":"product-type-simple"},"yoast_head":"<!-- This site is optimized with the Yoast SEO plugin v27.4 - https:\/\/yoast.com\/product\/yoast-seo-wordpress\/ -->\n<title>Less Carbs | Bloqueador de carbohidratos | Adelgazante natural<\/title>\n<meta name=\"description\" content=\"Quemador de grasas y adelgazante Less Carbs de Woman. Bloquea las grasas. Env\u00edo a toda la Argentina. Pago en l\u00ednea. Para hombres y mujeres.\" \/>\n<meta name=\"robots\" content=\"index, follow, max-snippet:-1, max-image-preview:large, max-video-preview:-1\" \/>\n<link rel=\"canonical\" href=\"https:\/\/www.demusculos.com\/web\/producto\/less-carbs-50-grs-woman-reductor-de-peso\/\" \/>\n<meta property=\"og:locale\" content=\"es_ES\" \/>\n<meta property=\"og:type\" content=\"article\" \/>\n<meta property=\"og:title\" content=\"Less Carbs | Bloqueador de carbohidratos | Adelgazante natural\" \/>\n<meta property=\"og:description\" content=\"Quemador de grasas y adelgazante Less Carbs de Woman. Bloquea las grasas. Env\u00edo a toda la Argentina. Pago en l\u00ednea. Para hombres y mujeres.\" \/>\n<meta property=\"og:url\" content=\"https:\/\/www.demusculos.com\/web\/producto\/less-carbs-50-grs-woman-reductor-de-peso\/\" \/>\n<meta property=\"og:site_name\" content=\"DeMusculos\" \/>\n<meta property=\"article:publisher\" content=\"https:\/\/www.facebook.com\/demusculos\" \/>\n<meta property=\"article:modified_time\" content=\"2026-02-01T23:02:27+00:00\" \/>\n<meta property=\"og:image\" content=\"https:\/\/www.demusculos.com\/web\/wp-content\/uploads\/2024\/03\/less-carbs-woman-caja-promo.jpg\" \/>\n\t<meta property=\"og:image:width\" content=\"1200\" \/>\n\t<meta property=\"og:image:height\" content=\"1200\" \/>\n\t<meta property=\"og:image:type\" content=\"image\/jpeg\" \/>\n<meta name=\"twitter:card\" content=\"summary_large_image\" \/>\n<meta name=\"twitter:site\" content=\"@demusculos\" \/>\n<meta name=\"twitter:label1\" content=\"Tiempo de lectura\" \/>\n\t<meta name=\"twitter:data1\" content=\"2 minutos\" \/>\n<script type=\"application\/ld+json\" class=\"yoast-schema-graph\">{\"@context\":\"https:\\\/\\\/schema.org\",\"@graph\":[{\"@type\":\"WebPage\",\"@id\":\"https:\\\/\\\/www.demusculos.com\\\/web\\\/producto\\\/less-carbs-50-grs-woman-reductor-de-peso\\\/\",\"url\":\"https:\\\/\\\/www.demusculos.com\\\/web\\\/producto\\\/less-carbs-50-grs-woman-reductor-de-peso\\\/\",\"name\":\"Less Carbs | Bloqueador de carbohidratos | Adelgazante natural\",\"isPartOf\":{\"@id\":\"https:\\\/\\\/www.demusculos.com\\\/web\\\/#website\"},\"primaryImageOfPage\":{\"@id\":\"https:\\\/\\\/www.demusculos.com\\\/web\\\/producto\\\/less-carbs-50-grs-woman-reductor-de-peso\\\/#primaryimage\"},\"image\":{\"@id\":\"https:\\\/\\\/www.demusculos.com\\\/web\\\/producto\\\/less-carbs-50-grs-woman-reductor-de-peso\\\/#primaryimage\"},\"thumbnailUrl\":\"https:\\\/\\\/www.demusculos.com\\\/web\\\/wp-content\\\/uploads\\\/2024\\\/03\\\/less-carbs-woman-caja-promo.jpg\",\"datePublished\":\"2024-03-20T12:29:16+00:00\",\"dateModified\":\"2026-02-01T23:02:27+00:00\",\"description\":\"Quemador de grasas y adelgazante Less Carbs de Woman. Bloquea las grasas. Env\u00edo a toda la Argentina. Pago en l\u00ednea. Para hombres y mujeres.\",\"breadcrumb\":{\"@id\":\"https:\\\/\\\/www.demusculos.com\\\/web\\\/producto\\\/less-carbs-50-grs-woman-reductor-de-peso\\\/#breadcrumb\"},\"inLanguage\":\"es\",\"potentialAction\":[{\"@type\":\"ReadAction\",\"target\":[\"https:\\\/\\\/www.demusculos.com\\\/web\\\/producto\\\/less-carbs-50-grs-woman-reductor-de-peso\\\/\"]}]},{\"@type\":\"ImageObject\",\"inLanguage\":\"es\",\"@id\":\"https:\\\/\\\/www.demusculos.com\\\/web\\\/producto\\\/less-carbs-50-grs-woman-reductor-de-peso\\\/#primaryimage\",\"url\":\"https:\\\/\\\/www.demusculos.com\\\/web\\\/wp-content\\\/uploads\\\/2024\\\/03\\\/less-carbs-woman-caja-promo.jpg\",\"contentUrl\":\"https:\\\/\\\/www.demusculos.com\\\/web\\\/wp-content\\\/uploads\\\/2024\\\/03\\\/less-carbs-woman-caja-promo.jpg\",\"width\":1200,\"height\":1200,\"caption\":\"Less Carbs de Woman - Bloqueaor de carbohidratos\"},{\"@type\":\"BreadcrumbList\",\"@id\":\"https:\\\/\\\/www.demusculos.com\\\/web\\\/producto\\\/less-carbs-50-grs-woman-reductor-de-peso\\\/#breadcrumb\",\"itemListElement\":[{\"@type\":\"ListItem\",\"position\":1,\"name\":\"Inicio\",\"item\":\"https:\\\/\\\/www.demusculos.com\\\/web\\\/\"},{\"@type\":\"ListItem\",\"position\":2,\"name\":\"Suplementos\",\"item\":\"https:\\\/\\\/www.demusculos.com\\\/web\\\/tienda\\\/\"},{\"@type\":\"ListItem\",\"position\":3,\"name\":\"Less Carbs 50 grs Woman Reductor de Peso &#8211; Bloqueador de carbohidratos\"}]},{\"@type\":\"WebSite\",\"@id\":\"https:\\\/\\\/www.demusculos.com\\\/web\\\/#website\",\"url\":\"https:\\\/\\\/www.demusculos.com\\\/web\\\/\",\"name\":\"DeMusculos.com\",\"description\":\"Suplementos Naturales\",\"publisher\":{\"@id\":\"https:\\\/\\\/www.demusculos.com\\\/web\\\/#organization\"},\"alternateName\":\"Suplementos Naturales\",\"potentialAction\":[{\"@type\":\"SearchAction\",\"target\":{\"@type\":\"EntryPoint\",\"urlTemplate\":\"https:\\\/\\\/www.demusculos.com\\\/web\\\/?s={search_term_string}\"},\"query-input\":{\"@type\":\"PropertyValueSpecification\",\"valueRequired\":true,\"valueName\":\"search_term_string\"}}],\"inLanguage\":\"es\"},{\"@type\":\"Organization\",\"@id\":\"https:\\\/\\\/www.demusculos.com\\\/web\\\/#organization\",\"name\":\"DeMusculos.com\",\"alternateName\":\"DeMusculos\",\"url\":\"https:\\\/\\\/www.demusculos.com\\\/web\\\/\",\"logo\":{\"@type\":\"ImageObject\",\"inLanguage\":\"es\",\"@id\":\"https:\\\/\\\/www.demusculos.com\\\/web\\\/#\\\/schema\\\/logo\\\/image\\\/\",\"url\":\"https:\\\/\\\/www.demusculos.com\\\/web\\\/wp-content\\\/uploads\\\/2024\\\/02\\\/logo-demusculos-prestashop-usuario.png\",\"contentUrl\":\"https:\\\/\\\/www.demusculos.com\\\/web\\\/wp-content\\\/uploads\\\/2024\\\/02\\\/logo-demusculos-prestashop-usuario.png\",\"width\":150,\"height\":150,\"caption\":\"DeMusculos.com\"},\"image\":{\"@id\":\"https:\\\/\\\/www.demusculos.com\\\/web\\\/#\\\/schema\\\/logo\\\/image\\\/\"},\"sameAs\":[\"https:\\\/\\\/www.facebook.com\\\/demusculos\",\"https:\\\/\\\/x.com\\\/demusculos\",\"https:\\\/\\\/www.instagram.com\\\/demusculos\",\"https:\\\/\\\/www.tiktok.com\\\/@demusculos.com\"]}]}<\/script>\n<!-- \/ Yoast SEO plugin. -->","yoast_head_json":{"title":"Less Carbs | Bloqueador de carbohidratos | Adelgazante natural","description":"Quemador de grasas y adelgazante Less Carbs de Woman. Bloquea las grasas. Env\u00edo a toda la Argentina. Pago en l\u00ednea. Para hombres y mujeres.","robots":{"index":"index","follow":"follow","max-snippet":"max-snippet:-1","max-image-preview":"max-image-preview:large","max-video-preview":"max-video-preview:-1"},"canonical":"https:\/\/www.demusculos.com\/web\/producto\/less-carbs-50-grs-woman-reductor-de-peso\/","og_locale":"es_ES","og_type":"article","og_title":"Less Carbs | Bloqueador de carbohidratos | Adelgazante natural","og_description":"Quemador de grasas y adelgazante Less Carbs de Woman. Bloquea las grasas. Env\u00edo a toda la Argentina. Pago en l\u00ednea. Para hombres y mujeres.","og_url":"https:\/\/www.demusculos.com\/web\/producto\/less-carbs-50-grs-woman-reductor-de-peso\/","og_site_name":"DeMusculos","article_publisher":"https:\/\/www.facebook.com\/demusculos","article_modified_time":"2026-02-01T23:02:27+00:00","og_image":[{"width":1200,"height":1200,"url":"https:\/\/www.demusculos.com\/web\/wp-content\/uploads\/2024\/03\/less-carbs-woman-caja-promo.jpg","type":"image\/jpeg"}],"twitter_card":"summary_large_image","twitter_site":"@demusculos","twitter_misc":{"Tiempo de lectura":"2 minutos"},"schema":{"@context":"https:\/\/schema.org","@graph":[{"@type":"WebPage","@id":"https:\/\/www.demusculos.com\/web\/producto\/less-carbs-50-grs-woman-reductor-de-peso\/","url":"https:\/\/www.demusculos.com\/web\/producto\/less-carbs-50-grs-woman-reductor-de-peso\/","name":"Less Carbs | Bloqueador de carbohidratos | Adelgazante natural","isPartOf":{"@id":"https:\/\/www.demusculos.com\/web\/#website"},"primaryImageOfPage":{"@id":"https:\/\/www.demusculos.com\/web\/producto\/less-carbs-50-grs-woman-reductor-de-peso\/#primaryimage"},"image":{"@id":"https:\/\/www.demusculos.com\/web\/producto\/less-carbs-50-grs-woman-reductor-de-peso\/#primaryimage"},"thumbnailUrl":"https:\/\/www.demusculos.com\/web\/wp-content\/uploads\/2024\/03\/less-carbs-woman-caja-promo.jpg","datePublished":"2024-03-20T12:29:16+00:00","dateModified":"2026-02-01T23:02:27+00:00","description":"Quemador de grasas y adelgazante Less Carbs de Woman. Bloquea las grasas. Env\u00edo a toda la Argentina. Pago en l\u00ednea. Para hombres y mujeres.","breadcrumb":{"@id":"https:\/\/www.demusculos.com\/web\/producto\/less-carbs-50-grs-woman-reductor-de-peso\/#breadcrumb"},"inLanguage":"es","potentialAction":[{"@type":"ReadAction","target":["https:\/\/www.demusculos.com\/web\/producto\/less-carbs-50-grs-woman-reductor-de-peso\/"]}]},{"@type":"ImageObject","inLanguage":"es","@id":"https:\/\/www.demusculos.com\/web\/producto\/less-carbs-50-grs-woman-reductor-de-peso\/#primaryimage","url":"https:\/\/www.demusculos.com\/web\/wp-content\/uploads\/2024\/03\/less-carbs-woman-caja-promo.jpg","contentUrl":"https:\/\/www.demusculos.com\/web\/wp-content\/uploads\/2024\/03\/less-carbs-woman-caja-promo.jpg","width":1200,"height":1200,"caption":"Less Carbs de Woman - Bloqueaor de carbohidratos"},{"@type":"BreadcrumbList","@id":"https:\/\/www.demusculos.com\/web\/producto\/less-carbs-50-grs-woman-reductor-de-peso\/#breadcrumb","itemListElement":[{"@type":"ListItem","position":1,"name":"Inicio","item":"https:\/\/www.demusculos.com\/web\/"},{"@type":"ListItem","position":2,"name":"Suplementos","item":"https:\/\/www.demusculos.com\/web\/tienda\/"},{"@type":"ListItem","position":3,"name":"Less Carbs 50 grs Woman Reductor de Peso &#8211; Bloqueador de carbohidratos"}]},{"@type":"WebSite","@id":"https:\/\/www.demusculos.com\/web\/#website","url":"https:\/\/www.demusculos.com\/web\/","name":"DeMusculos.com","description":"Suplementos Naturales","publisher":{"@id":"https:\/\/www.demusculos.com\/web\/#organization"},"alternateName":"Suplementos Naturales","potentialAction":[{"@type":"SearchAction","target":{"@type":"EntryPoint","urlTemplate":"https:\/\/www.demusculos.com\/web\/?s={search_term_string}"},"query-input":{"@type":"PropertyValueSpecification","valueRequired":true,"valueName":"search_term_string"}}],"inLanguage":"es"},{"@type":"Organization","@id":"https:\/\/www.demusculos.com\/web\/#organization","name":"DeMusculos.com","alternateName":"DeMusculos","url":"https:\/\/www.demusculos.com\/web\/","logo":{"@type":"ImageObject","inLanguage":"es","@id":"https:\/\/www.demusculos.com\/web\/#\/schema\/logo\/image\/","url":"https:\/\/www.demusculos.com\/web\/wp-content\/uploads\/2024\/02\/logo-demusculos-prestashop-usuario.png","contentUrl":"https:\/\/www.demusculos.com\/web\/wp-content\/uploads\/2024\/02\/logo-demusculos-prestashop-usuario.png","width":150,"height":150,"caption":"DeMusculos.com"},"image":{"@id":"https:\/\/www.demusculos.com\/web\/#\/schema\/logo\/image\/"},"sameAs":["https:\/\/www.facebook.com\/demusculos","https:\/\/x.com\/demusculos","https:\/\/www.instagram.com\/demusculos","https:\/\/www.tiktok.com\/@demusculos.com"]}]}},"_links":{"self":[{"href":"https:\/\/www.demusculos.com\/web\/wp-json\/wp\/v2\/product\/3689","targetHints":{"allow":["GET"]}}],"collection":[{"href":"https:\/\/www.demusculos.com\/web\/wp-json\/wp\/v2\/product"}],"about":[{"href":"https:\/\/www.demusculos.com\/web\/wp-json\/wp\/v2\/types\/product"}],"replies":[{"embeddable":true,"href":"https:\/\/www.demusculos.com\/web\/wp-json\/wp\/v2\/comments?post=3689"}],"wp:featuredmedia":[{"embeddable":true,"href":"https:\/\/www.demusculos.com\/web\/wp-json\/wp\/v2\/media\/8898"}],"wp:attachment":[{"href":"https:\/\/www.demusculos.com\/web\/wp-json\/wp\/v2\/media?parent=3689"}],"wp:term":[{"taxonomy":"product_brand","embeddable":true,"href":"https:\/\/www.demusculos.com\/web\/wp-json\/wp\/v2\/product_brand?post=3689"},{"taxonomy":"product_cat","embeddable":true,"href":"https:\/\/www.demusculos.com\/web\/wp-json\/wp\/v2\/product_cat?post=3689"},{"taxonomy":"product_tag","embeddable":true,"href":"https:\/\/www.demusculos.com\/web\/wp-json\/wp\/v2\/product_tag?post=3689"}],"curies":[{"name":"wp","href":"https:\/\/api.w.org\/{rel}","templated":true}]}}