{"id":3901,"date":"2024-03-25T10:55:45","date_gmt":"2024-03-25T13:55:45","guid":{"rendered":"https:\/\/www.demusculos.com\/web\/?post_type=product&#038;p=3901"},"modified":"2026-04-21T21:13:24","modified_gmt":"2026-04-22T00:13:24","slug":"barras-x12-low-carb-de-mervick","status":"publish","type":"product","link":"https:\/\/www.demusculos.com\/web\/producto\/barras-x12-low-carb-de-mervick\/","title":{"rendered":"Barras x12 Low Carb de Mervick"},"content":{"rendered":"<h2>Barras Low Carb Mervick x 12 barras<\/h2>\n<p><strong>Barras Low Carb Mervick<\/strong> son las nuevas barras de Mervick Lab. Baja en Carbohidratos y Alta en prote\u00ednas, sin az\u00facar. Recubiertas de chocolate y con pura prote\u00edna de suero l\u00e1cteo. Estas barras son ideales para todos los deportes, ambos sexos. N\u00famero 1 en ventas.<\/p>\n<figure id=\"attachment_6499\" aria-describedby=\"caption-attachment-6499\" style=\"width: 1080px\" class=\"wp-caption alignnone\"><img fetchpriority=\"high\" decoding=\"async\" class=\"size-full wp-image-6499\" src=\"https:\/\/www.demusculos.com\/web\/wp-content\/uploads\/2024\/03\/barras-proteinas-mervick-low-carb-x12-2.jpg\" alt=\"Low Carb x12 Chocolate con Caf\u00e9 Mervick\" width=\"1080\" height=\"1080\" srcset=\"https:\/\/www.demusculos.com\/web\/wp-content\/uploads\/2024\/03\/barras-proteinas-mervick-low-carb-x12-2.jpg 1080w, https:\/\/www.demusculos.com\/web\/wp-content\/uploads\/2024\/03\/barras-proteinas-mervick-low-carb-x12-2-300x300.jpg 300w, https:\/\/www.demusculos.com\/web\/wp-content\/uploads\/2024\/03\/barras-proteinas-mervick-low-carb-x12-2-150x150.jpg 150w, https:\/\/www.demusculos.com\/web\/wp-content\/uploads\/2024\/03\/barras-proteinas-mervick-low-carb-x12-2-800x800.jpg 800w, https:\/\/www.demusculos.com\/web\/wp-content\/uploads\/2024\/03\/barras-proteinas-mervick-low-carb-x12-2-1024x1024.jpg 1024w, https:\/\/www.demusculos.com\/web\/wp-content\/uploads\/2024\/03\/barras-proteinas-mervick-low-carb-x12-2-768x768.jpg 768w\" sizes=\"(max-width: 1080px) 100vw, 1080px\" \/><figcaption id=\"caption-attachment-6499\" class=\"wp-caption-text\">Chocolate con Caf\u00e9<\/figcaption><\/figure>\n<figure id=\"attachment_727\" aria-describedby=\"caption-attachment-727\" style=\"width: 300px\" class=\"wp-caption alignnone\"><img decoding=\"async\" class=\"size-full wp-image-727\" src=\"https:\/\/www.demusculos.com\/web\/wp-content\/uploads\/2024\/02\/logo-mervick.webp\" alt=\"Suplementos deportivos Mervick Lab.\" width=\"300\" height=\"60\" srcset=\"https:\/\/www.demusculos.com\/web\/wp-content\/uploads\/2024\/02\/logo-mervick.webp 300w, https:\/\/www.demusculos.com\/web\/wp-content\/uploads\/2024\/02\/logo-mervick-150x30.webp 150w\" sizes=\"(max-width: 300px) 100vw, 300px\" \/><figcaption id=\"caption-attachment-727\" class=\"wp-caption-text\">Los mejores suplementos deportivos son Mervick Lab.<\/figcaption><\/figure>\n<p>Una nutrici\u00f3n balanceada juega un papel fundamental en la calidad de vida.<\/p>\n<p>Con el ritmo acelerado que llevan muchas personas, a veces resulta complejo prestar atenci\u00f3n a todos los requerimientos que el cuerpo necesita para estar sano y fuerte.<\/p>\n<p>En ese sentido, los suplementos cumplen la funci\u00f3n de complementar la alimentaci\u00f3n y ayudan a obtener las vitaminas, minerales, prote\u00ednas y otros componentes indispensables para el correcto funcionamiento del organismo.<\/p>\n<p>Las barras de prote\u00edna bajas calor\u00edas de Mervick ayudan a bajar de peso, te permiten aportar prote\u00edna de suero de leche y dan saciedad, puedes evitar el \u00abpicoteo\u00bb antes de las comidas y calmar la ansiedad.<\/p>\n<p>Son excelentes para la dieta o para recuperaci\u00f3n muscular luego del entrenamiento.<\/p>\n<figure id=\"attachment_3915\" aria-describedby=\"caption-attachment-3915\" style=\"width: 1080px\" class=\"wp-caption alignnone\"><img decoding=\"async\" class=\"wp-image-3915 size-full\" title=\"Infomaci\u00f3n nutricional de las barras de prote\u00edna de Mervick, versi\u00f3n Low Carb\" src=\"https:\/\/www.demusculos.com\/web\/wp-content\/uploads\/2024\/03\/low-carb-de-mervick-barras-x12-03.jpg\" alt=\"Informaci\u00f3n Nutricional de las barras Low Carb de Mervick. Ideal para dieta y entrenamiento.\" width=\"1080\" height=\"1080\" srcset=\"https:\/\/www.demusculos.com\/web\/wp-content\/uploads\/2024\/03\/low-carb-de-mervick-barras-x12-03.jpg 1080w, https:\/\/www.demusculos.com\/web\/wp-content\/uploads\/2024\/03\/low-carb-de-mervick-barras-x12-03-300x300.jpg 300w, https:\/\/www.demusculos.com\/web\/wp-content\/uploads\/2024\/03\/low-carb-de-mervick-barras-x12-03-150x150.jpg 150w, https:\/\/www.demusculos.com\/web\/wp-content\/uploads\/2024\/03\/low-carb-de-mervick-barras-x12-03-800x800.jpg 800w, https:\/\/www.demusculos.com\/web\/wp-content\/uploads\/2024\/03\/low-carb-de-mervick-barras-x12-03-1024x1024.jpg 1024w, https:\/\/www.demusculos.com\/web\/wp-content\/uploads\/2024\/03\/low-carb-de-mervick-barras-x12-03-768x768.jpg 768w\" sizes=\"(max-width: 1080px) 100vw, 1080px\" \/><figcaption id=\"caption-attachment-3915\" class=\"wp-caption-text\">Informaci\u00f3n Nutricional de las barras Low Carb de Mervick. Ideal para dieta y entrenamiento.<\/figcaption><\/figure>\n<p>Tambi\u00e9n tenemos el sabor Chocoalte \/ Caf\u00e9 \u00a1Verdaderamente Rico!<br \/>\nEsta dentro de nuestras barras favoritas por el gran aporte de prote\u00edna (15 grs) y sus bajo contenido de carbohidratos 2,8 grs en solo una porci\u00f3n o barrita.<\/p>\n<figure id=\"attachment_6497\" aria-describedby=\"caption-attachment-6497\" style=\"width: 1080px\" class=\"wp-caption alignnone\"><img loading=\"lazy\" decoding=\"async\" class=\"size-full wp-image-6497\" src=\"https:\/\/www.demusculos.com\/web\/wp-content\/uploads\/2024\/03\/barras-proteinas-mervick-low-carb-x12-1.jpg\" alt=\"Low Carb x12 Frutos Rojos Mervick\" width=\"1080\" height=\"1080\" srcset=\"https:\/\/www.demusculos.com\/web\/wp-content\/uploads\/2024\/03\/barras-proteinas-mervick-low-carb-x12-1.jpg 1080w, https:\/\/www.demusculos.com\/web\/wp-content\/uploads\/2024\/03\/barras-proteinas-mervick-low-carb-x12-1-300x300.jpg 300w, https:\/\/www.demusculos.com\/web\/wp-content\/uploads\/2024\/03\/barras-proteinas-mervick-low-carb-x12-1-150x150.jpg 150w, https:\/\/www.demusculos.com\/web\/wp-content\/uploads\/2024\/03\/barras-proteinas-mervick-low-carb-x12-1-800x800.jpg 800w, https:\/\/www.demusculos.com\/web\/wp-content\/uploads\/2024\/03\/barras-proteinas-mervick-low-carb-x12-1-1024x1024.jpg 1024w, https:\/\/www.demusculos.com\/web\/wp-content\/uploads\/2024\/03\/barras-proteinas-mervick-low-carb-x12-1-768x768.jpg 768w\" sizes=\"(max-width: 1080px) 100vw, 1080px\" \/><figcaption id=\"caption-attachment-6497\" class=\"wp-caption-text\">Frutos Rojos<\/figcaption><\/figure>\n<figure id=\"attachment_6500\" aria-describedby=\"caption-attachment-6500\" style=\"width: 1080px\" class=\"wp-caption alignnone\"><img loading=\"lazy\" decoding=\"async\" class=\"size-full wp-image-6500\" src=\"https:\/\/www.demusculos.com\/web\/wp-content\/uploads\/2024\/03\/barras-proteinas-mervick-low-carb-x12-4.jpg\" alt=\"Barras de prote\u00edna Low Carb x12 de Mervick\" width=\"1080\" height=\"1080\" srcset=\"https:\/\/www.demusculos.com\/web\/wp-content\/uploads\/2024\/03\/barras-proteinas-mervick-low-carb-x12-4.jpg 1080w, https:\/\/www.demusculos.com\/web\/wp-content\/uploads\/2024\/03\/barras-proteinas-mervick-low-carb-x12-4-300x300.jpg 300w, https:\/\/www.demusculos.com\/web\/wp-content\/uploads\/2024\/03\/barras-proteinas-mervick-low-carb-x12-4-150x150.jpg 150w, https:\/\/www.demusculos.com\/web\/wp-content\/uploads\/2024\/03\/barras-proteinas-mervick-low-carb-x12-4-800x800.jpg 800w, https:\/\/www.demusculos.com\/web\/wp-content\/uploads\/2024\/03\/barras-proteinas-mervick-low-carb-x12-4-1024x1024.jpg 1024w, https:\/\/www.demusculos.com\/web\/wp-content\/uploads\/2024\/03\/barras-proteinas-mervick-low-carb-x12-4-768x768.jpg 768w\" sizes=\"(max-width: 1080px) 100vw, 1080px\" \/><figcaption id=\"caption-attachment-6500\" class=\"wp-caption-text\">Barras de prote\u00edna ideales para&#8230;<\/figcaption><\/figure>\n<figure id=\"attachment_6501\" aria-describedby=\"caption-attachment-6501\" style=\"width: 1080px\" class=\"wp-caption alignnone\"><img loading=\"lazy\" decoding=\"async\" class=\"size-full wp-image-6501\" src=\"https:\/\/www.demusculos.com\/web\/wp-content\/uploads\/2024\/03\/barras-proteinas-mervick-low-carb-x12-5.jpg\" alt=\"Low Carb x12 de Mervick\" width=\"1080\" height=\"1080\" srcset=\"https:\/\/www.demusculos.com\/web\/wp-content\/uploads\/2024\/03\/barras-proteinas-mervick-low-carb-x12-5.jpg 1080w, https:\/\/www.demusculos.com\/web\/wp-content\/uploads\/2024\/03\/barras-proteinas-mervick-low-carb-x12-5-300x300.jpg 300w, https:\/\/www.demusculos.com\/web\/wp-content\/uploads\/2024\/03\/barras-proteinas-mervick-low-carb-x12-5-150x150.jpg 150w, https:\/\/www.demusculos.com\/web\/wp-content\/uploads\/2024\/03\/barras-proteinas-mervick-low-carb-x12-5-800x800.jpg 800w, https:\/\/www.demusculos.com\/web\/wp-content\/uploads\/2024\/03\/barras-proteinas-mervick-low-carb-x12-5-1024x1024.jpg 1024w, https:\/\/www.demusculos.com\/web\/wp-content\/uploads\/2024\/03\/barras-proteinas-mervick-low-carb-x12-5-768x768.jpg 768w\" sizes=\"(max-width: 1080px) 100vw, 1080px\" \/><figcaption id=\"caption-attachment-6501\" class=\"wp-caption-text\">Datos a destacar<\/figcaption><\/figure>\n<figure id=\"attachment_6502\" aria-describedby=\"caption-attachment-6502\" style=\"width: 1080px\" class=\"wp-caption alignnone\"><img loading=\"lazy\" decoding=\"async\" class=\"size-full wp-image-6502\" src=\"https:\/\/www.demusculos.com\/web\/wp-content\/uploads\/2024\/03\/barras-proteinas-mervick-low-carb-x12-6.jpg\" alt=\"Low Carb x12 de Mervick\" width=\"1080\" height=\"1080\" srcset=\"https:\/\/www.demusculos.com\/web\/wp-content\/uploads\/2024\/03\/barras-proteinas-mervick-low-carb-x12-6.jpg 1080w, https:\/\/www.demusculos.com\/web\/wp-content\/uploads\/2024\/03\/barras-proteinas-mervick-low-carb-x12-6-300x300.jpg 300w, https:\/\/www.demusculos.com\/web\/wp-content\/uploads\/2024\/03\/barras-proteinas-mervick-low-carb-x12-6-150x150.jpg 150w, https:\/\/www.demusculos.com\/web\/wp-content\/uploads\/2024\/03\/barras-proteinas-mervick-low-carb-x12-6-800x800.jpg 800w, https:\/\/www.demusculos.com\/web\/wp-content\/uploads\/2024\/03\/barras-proteinas-mervick-low-carb-x12-6-1024x1024.jpg 1024w, https:\/\/www.demusculos.com\/web\/wp-content\/uploads\/2024\/03\/barras-proteinas-mervick-low-carb-x12-6-768x768.jpg 768w\" sizes=\"(max-width: 1080px) 100vw, 1080px\" \/><figcaption id=\"caption-attachment-6502\" class=\"wp-caption-text\">N\u00famero 1 en ventas. Para ambos sexos. Para todos los deportes.<\/figcaption><\/figure>\n","protected":false},"excerpt":{"rendered":"<p>Barras bajas en carbohidratos y az\u00facar. Low Carb de Mervick. 12 barras.<\/p>\n","protected":false},"featured_media":3911,"comment_status":"closed","ping_status":"closed","template":"","meta":[],"product_brand":[],"product_cat":[55],"product_tag":[21],"class_list":{"0":"post-3901","1":"product","2":"type-product","3":"status-publish","4":"has-post-thumbnail","6":"product_cat-barras-de-proteina","7":"product_tag-gentech","9":"first","10":"instock","11":"sale","12":"shipping-taxable","13":"purchasable","14":"product-type-variable"},"yoast_head":"<!-- This site is optimized with the Yoast SEO plugin v27.5 - https:\/\/yoast.com\/product\/yoast-seo-wordpress\/ -->\n<title>Barras Low Carb Mervick | Barras de prote\u00edna | DeMusculos.com<\/title>\n<meta name=\"description\" content=\"Una de las mejores barras de prote\u00edna del mercado, Barras Low Carb Mervick x12 unidades es ideal como colaci\u00f3n, para dieta o para aportar proteinas.\" \/>\n<meta name=\"robots\" content=\"index, follow, max-snippet:-1, max-image-preview:large, max-video-preview:-1\" \/>\n<link rel=\"canonical\" href=\"https:\/\/www.demusculos.com\/web\/producto\/barras-x12-low-carb-de-mervick\/\" \/>\n<meta property=\"og:locale\" content=\"es_ES\" \/>\n<meta property=\"og:type\" content=\"article\" \/>\n<meta property=\"og:title\" content=\"Barras Low Carb Mervick | Barras de prote\u00edna | DeMusculos.com\" \/>\n<meta property=\"og:description\" content=\"Una de las mejores barras de prote\u00edna del mercado, Barras Low Carb Mervick x12 unidades es ideal como colaci\u00f3n, para dieta o para aportar proteinas.\" \/>\n<meta property=\"og:url\" content=\"https:\/\/www.demusculos.com\/web\/producto\/barras-x12-low-carb-de-mervick\/\" \/>\n<meta property=\"og:site_name\" content=\"DeMusculos\" \/>\n<meta property=\"article:publisher\" content=\"https:\/\/www.facebook.com\/demusculos\" \/>\n<meta property=\"article:modified_time\" content=\"2026-04-22T00:13:24+00:00\" \/>\n<meta property=\"og:image\" content=\"https:\/\/www.demusculos.com\/web\/wp-content\/uploads\/2024\/03\/mervick-caja-de-barras-x12-low-carb-mervick-chocolate-cafe-01.jpg\" \/>\n\t<meta property=\"og:image:width\" content=\"1200\" \/>\n\t<meta property=\"og:image:height\" content=\"1200\" \/>\n\t<meta property=\"og:image:type\" content=\"image\/jpeg\" \/>\n<meta name=\"twitter:card\" content=\"summary_large_image\" \/>\n<meta name=\"twitter:site\" content=\"@demusculos\" \/>\n<meta name=\"twitter:label1\" content=\"Tiempo de lectura\" \/>\n\t<meta name=\"twitter:data1\" content=\"3 minutos\" \/>\n<script type=\"application\/ld+json\" class=\"yoast-schema-graph\">{\"@context\":\"https:\\\/\\\/schema.org\",\"@graph\":[{\"@type\":\"WebPage\",\"@id\":\"https:\\\/\\\/www.demusculos.com\\\/web\\\/producto\\\/barras-x12-low-carb-de-mervick\\\/\",\"url\":\"https:\\\/\\\/www.demusculos.com\\\/web\\\/producto\\\/barras-x12-low-carb-de-mervick\\\/\",\"name\":\"Barras Low Carb Mervick | Barras de prote\u00edna | DeMusculos.com\",\"isPartOf\":{\"@id\":\"https:\\\/\\\/www.demusculos.com\\\/web\\\/#website\"},\"primaryImageOfPage\":{\"@id\":\"https:\\\/\\\/www.demusculos.com\\\/web\\\/producto\\\/barras-x12-low-carb-de-mervick\\\/#primaryimage\"},\"image\":{\"@id\":\"https:\\\/\\\/www.demusculos.com\\\/web\\\/producto\\\/barras-x12-low-carb-de-mervick\\\/#primaryimage\"},\"thumbnailUrl\":\"https:\\\/\\\/www.demusculos.com\\\/web\\\/wp-content\\\/uploads\\\/2024\\\/03\\\/mervick-caja-de-barras-x12-low-carb-mervick-chocolate-cafe-01.jpg\",\"datePublished\":\"2024-03-25T13:55:45+00:00\",\"dateModified\":\"2026-04-22T00:13:24+00:00\",\"description\":\"Una de las mejores barras de prote\u00edna del mercado, Barras Low Carb Mervick x12 unidades es ideal como colaci\u00f3n, para dieta o para aportar proteinas.\",\"breadcrumb\":{\"@id\":\"https:\\\/\\\/www.demusculos.com\\\/web\\\/producto\\\/barras-x12-low-carb-de-mervick\\\/#breadcrumb\"},\"inLanguage\":\"es\",\"potentialAction\":[{\"@type\":\"ReadAction\",\"target\":[\"https:\\\/\\\/www.demusculos.com\\\/web\\\/producto\\\/barras-x12-low-carb-de-mervick\\\/\"]}]},{\"@type\":\"ImageObject\",\"inLanguage\":\"es\",\"@id\":\"https:\\\/\\\/www.demusculos.com\\\/web\\\/producto\\\/barras-x12-low-carb-de-mervick\\\/#primaryimage\",\"url\":\"https:\\\/\\\/www.demusculos.com\\\/web\\\/wp-content\\\/uploads\\\/2024\\\/03\\\/mervick-caja-de-barras-x12-low-carb-mervick-chocolate-cafe-01.jpg\",\"contentUrl\":\"https:\\\/\\\/www.demusculos.com\\\/web\\\/wp-content\\\/uploads\\\/2024\\\/03\\\/mervick-caja-de-barras-x12-low-carb-mervick-chocolate-cafe-01.jpg\",\"width\":1200,\"height\":1200,\"caption\":\"Whey Bar Low Carb x 12 de Mervick - Frutos Rojos\"},{\"@type\":\"BreadcrumbList\",\"@id\":\"https:\\\/\\\/www.demusculos.com\\\/web\\\/producto\\\/barras-x12-low-carb-de-mervick\\\/#breadcrumb\",\"itemListElement\":[{\"@type\":\"ListItem\",\"position\":1,\"name\":\"Inicio\",\"item\":\"https:\\\/\\\/www.demusculos.com\\\/web\\\/\"},{\"@type\":\"ListItem\",\"position\":2,\"name\":\"Suplementos\",\"item\":\"https:\\\/\\\/www.demusculos.com\\\/web\\\/tienda\\\/\"},{\"@type\":\"ListItem\",\"position\":3,\"name\":\"Barras x12 Low Carb de Mervick\"}]},{\"@type\":\"WebSite\",\"@id\":\"https:\\\/\\\/www.demusculos.com\\\/web\\\/#website\",\"url\":\"https:\\\/\\\/www.demusculos.com\\\/web\\\/\",\"name\":\"DeMusculos.com\",\"description\":\"Suplementos Naturales\",\"publisher\":{\"@id\":\"https:\\\/\\\/www.demusculos.com\\\/web\\\/#organization\"},\"alternateName\":\"Suplementos Naturales\",\"potentialAction\":[{\"@type\":\"SearchAction\",\"target\":{\"@type\":\"EntryPoint\",\"urlTemplate\":\"https:\\\/\\\/www.demusculos.com\\\/web\\\/?s={search_term_string}\"},\"query-input\":{\"@type\":\"PropertyValueSpecification\",\"valueRequired\":true,\"valueName\":\"search_term_string\"}}],\"inLanguage\":\"es\"},{\"@type\":\"Organization\",\"@id\":\"https:\\\/\\\/www.demusculos.com\\\/web\\\/#organization\",\"name\":\"DeMusculos.com\",\"alternateName\":\"DeMusculos\",\"url\":\"https:\\\/\\\/www.demusculos.com\\\/web\\\/\",\"logo\":{\"@type\":\"ImageObject\",\"inLanguage\":\"es\",\"@id\":\"https:\\\/\\\/www.demusculos.com\\\/web\\\/#\\\/schema\\\/logo\\\/image\\\/\",\"url\":\"https:\\\/\\\/www.demusculos.com\\\/web\\\/wp-content\\\/uploads\\\/2024\\\/02\\\/logo-demusculos-prestashop-usuario.png\",\"contentUrl\":\"https:\\\/\\\/www.demusculos.com\\\/web\\\/wp-content\\\/uploads\\\/2024\\\/02\\\/logo-demusculos-prestashop-usuario.png\",\"width\":150,\"height\":150,\"caption\":\"DeMusculos.com\"},\"image\":{\"@id\":\"https:\\\/\\\/www.demusculos.com\\\/web\\\/#\\\/schema\\\/logo\\\/image\\\/\"},\"sameAs\":[\"https:\\\/\\\/www.facebook.com\\\/demusculos\",\"https:\\\/\\\/x.com\\\/demusculos\",\"https:\\\/\\\/www.instagram.com\\\/demusculos\",\"https:\\\/\\\/www.tiktok.com\\\/@demusculos.com\"]}]}<\/script>\n<!-- \/ Yoast SEO plugin. -->","yoast_head_json":{"title":"Barras Low Carb Mervick | Barras de prote\u00edna | DeMusculos.com","description":"Una de las mejores barras de prote\u00edna del mercado, Barras Low Carb Mervick x12 unidades es ideal como colaci\u00f3n, para dieta o para aportar proteinas.","robots":{"index":"index","follow":"follow","max-snippet":"max-snippet:-1","max-image-preview":"max-image-preview:large","max-video-preview":"max-video-preview:-1"},"canonical":"https:\/\/www.demusculos.com\/web\/producto\/barras-x12-low-carb-de-mervick\/","og_locale":"es_ES","og_type":"article","og_title":"Barras Low Carb Mervick | Barras de prote\u00edna | DeMusculos.com","og_description":"Una de las mejores barras de prote\u00edna del mercado, Barras Low Carb Mervick x12 unidades es ideal como colaci\u00f3n, para dieta o para aportar proteinas.","og_url":"https:\/\/www.demusculos.com\/web\/producto\/barras-x12-low-carb-de-mervick\/","og_site_name":"DeMusculos","article_publisher":"https:\/\/www.facebook.com\/demusculos","article_modified_time":"2026-04-22T00:13:24+00:00","og_image":[{"width":1200,"height":1200,"url":"https:\/\/www.demusculos.com\/web\/wp-content\/uploads\/2024\/03\/mervick-caja-de-barras-x12-low-carb-mervick-chocolate-cafe-01.jpg","type":"image\/jpeg"}],"twitter_card":"summary_large_image","twitter_site":"@demusculos","twitter_misc":{"Tiempo de lectura":"3 minutos"},"schema":{"@context":"https:\/\/schema.org","@graph":[{"@type":"WebPage","@id":"https:\/\/www.demusculos.com\/web\/producto\/barras-x12-low-carb-de-mervick\/","url":"https:\/\/www.demusculos.com\/web\/producto\/barras-x12-low-carb-de-mervick\/","name":"Barras Low Carb Mervick | Barras de prote\u00edna | DeMusculos.com","isPartOf":{"@id":"https:\/\/www.demusculos.com\/web\/#website"},"primaryImageOfPage":{"@id":"https:\/\/www.demusculos.com\/web\/producto\/barras-x12-low-carb-de-mervick\/#primaryimage"},"image":{"@id":"https:\/\/www.demusculos.com\/web\/producto\/barras-x12-low-carb-de-mervick\/#primaryimage"},"thumbnailUrl":"https:\/\/www.demusculos.com\/web\/wp-content\/uploads\/2024\/03\/mervick-caja-de-barras-x12-low-carb-mervick-chocolate-cafe-01.jpg","datePublished":"2024-03-25T13:55:45+00:00","dateModified":"2026-04-22T00:13:24+00:00","description":"Una de las mejores barras de prote\u00edna del mercado, Barras Low Carb Mervick x12 unidades es ideal como colaci\u00f3n, para dieta o para aportar proteinas.","breadcrumb":{"@id":"https:\/\/www.demusculos.com\/web\/producto\/barras-x12-low-carb-de-mervick\/#breadcrumb"},"inLanguage":"es","potentialAction":[{"@type":"ReadAction","target":["https:\/\/www.demusculos.com\/web\/producto\/barras-x12-low-carb-de-mervick\/"]}]},{"@type":"ImageObject","inLanguage":"es","@id":"https:\/\/www.demusculos.com\/web\/producto\/barras-x12-low-carb-de-mervick\/#primaryimage","url":"https:\/\/www.demusculos.com\/web\/wp-content\/uploads\/2024\/03\/mervick-caja-de-barras-x12-low-carb-mervick-chocolate-cafe-01.jpg","contentUrl":"https:\/\/www.demusculos.com\/web\/wp-content\/uploads\/2024\/03\/mervick-caja-de-barras-x12-low-carb-mervick-chocolate-cafe-01.jpg","width":1200,"height":1200,"caption":"Whey Bar Low Carb x 12 de Mervick - Frutos Rojos"},{"@type":"BreadcrumbList","@id":"https:\/\/www.demusculos.com\/web\/producto\/barras-x12-low-carb-de-mervick\/#breadcrumb","itemListElement":[{"@type":"ListItem","position":1,"name":"Inicio","item":"https:\/\/www.demusculos.com\/web\/"},{"@type":"ListItem","position":2,"name":"Suplementos","item":"https:\/\/www.demusculos.com\/web\/tienda\/"},{"@type":"ListItem","position":3,"name":"Barras x12 Low Carb de Mervick"}]},{"@type":"WebSite","@id":"https:\/\/www.demusculos.com\/web\/#website","url":"https:\/\/www.demusculos.com\/web\/","name":"DeMusculos.com","description":"Suplementos Naturales","publisher":{"@id":"https:\/\/www.demusculos.com\/web\/#organization"},"alternateName":"Suplementos Naturales","potentialAction":[{"@type":"SearchAction","target":{"@type":"EntryPoint","urlTemplate":"https:\/\/www.demusculos.com\/web\/?s={search_term_string}"},"query-input":{"@type":"PropertyValueSpecification","valueRequired":true,"valueName":"search_term_string"}}],"inLanguage":"es"},{"@type":"Organization","@id":"https:\/\/www.demusculos.com\/web\/#organization","name":"DeMusculos.com","alternateName":"DeMusculos","url":"https:\/\/www.demusculos.com\/web\/","logo":{"@type":"ImageObject","inLanguage":"es","@id":"https:\/\/www.demusculos.com\/web\/#\/schema\/logo\/image\/","url":"https:\/\/www.demusculos.com\/web\/wp-content\/uploads\/2024\/02\/logo-demusculos-prestashop-usuario.png","contentUrl":"https:\/\/www.demusculos.com\/web\/wp-content\/uploads\/2024\/02\/logo-demusculos-prestashop-usuario.png","width":150,"height":150,"caption":"DeMusculos.com"},"image":{"@id":"https:\/\/www.demusculos.com\/web\/#\/schema\/logo\/image\/"},"sameAs":["https:\/\/www.facebook.com\/demusculos","https:\/\/x.com\/demusculos","https:\/\/www.instagram.com\/demusculos","https:\/\/www.tiktok.com\/@demusculos.com"]}]}},"_links":{"self":[{"href":"https:\/\/www.demusculos.com\/web\/wp-json\/wp\/v2\/product\/3901","targetHints":{"allow":["GET"]}}],"collection":[{"href":"https:\/\/www.demusculos.com\/web\/wp-json\/wp\/v2\/product"}],"about":[{"href":"https:\/\/www.demusculos.com\/web\/wp-json\/wp\/v2\/types\/product"}],"replies":[{"embeddable":true,"href":"https:\/\/www.demusculos.com\/web\/wp-json\/wp\/v2\/comments?post=3901"}],"wp:featuredmedia":[{"embeddable":true,"href":"https:\/\/www.demusculos.com\/web\/wp-json\/wp\/v2\/media\/3911"}],"wp:attachment":[{"href":"https:\/\/www.demusculos.com\/web\/wp-json\/wp\/v2\/media?parent=3901"}],"wp:term":[{"taxonomy":"product_brand","embeddable":true,"href":"https:\/\/www.demusculos.com\/web\/wp-json\/wp\/v2\/product_brand?post=3901"},{"taxonomy":"product_cat","embeddable":true,"href":"https:\/\/www.demusculos.com\/web\/wp-json\/wp\/v2\/product_cat?post=3901"},{"taxonomy":"product_tag","embeddable":true,"href":"https:\/\/www.demusculos.com\/web\/wp-json\/wp\/v2\/product_tag?post=3901"}],"curies":[{"name":"wp","href":"https:\/\/api.w.org\/{rel}","templated":true}]}}