{"id":4015,"date":"2024-03-27T12:48:11","date_gmt":"2024-03-27T15:48:11","guid":{"rendered":"https:\/\/www.demusculos.com\/web\/?post_type=product&#038;p=4015"},"modified":"2026-02-01T20:02:27","modified_gmt":"2026-02-01T23:02:27","slug":"creatina-powder-de-300-grs-optimum-nutrition","status":"publish","type":"product","link":"https:\/\/www.demusculos.com\/web\/producto\/creatina-powder-de-300-grs-optimum-nutrition\/","title":{"rendered":"Creatina Powder de 300 grs Optimum Nutrition"},"content":{"rendered":"<h2>Creatina Powder Optimum Nutrition x 300 grs<\/h2>\n<p>Creatina Powder Optimum Nutrition es una creatina sin sabor, monohidratada, 60 tomas en total. Es un suplemento de la m\u00e1s alta calidad, que aporta tama\u00f1o, fuerza y rendimiento de los m\u00fasculos.<\/p>\n<figure id=\"attachment_3485\" aria-describedby=\"caption-attachment-3485\" style=\"width: 446px\" class=\"wp-caption alignnone\"><img decoding=\"async\" class=\"size-full wp-image-3485\" src=\"https:\/\/www.demusculos.com\/web\/wp-content\/uploads\/2024\/03\/logo-optimum-nutrition.png\" alt=\"Logo de Optiumum Nutrition. Suplementos Naturales importados de Estados Unidos.\" width=\"446\" height=\"103\" srcset=\"https:\/\/www.demusculos.com\/web\/wp-content\/uploads\/2024\/03\/logo-optimum-nutrition.png 446w, https:\/\/www.demusculos.com\/web\/wp-content\/uploads\/2024\/03\/logo-optimum-nutrition-300x69.png 300w, https:\/\/www.demusculos.com\/web\/wp-content\/uploads\/2024\/03\/logo-optimum-nutrition-150x35.png 150w, https:\/\/www.demusculos.com\/web\/wp-content\/uploads\/2024\/03\/logo-optimum-nutrition-416x96.png 416w\" sizes=\"(max-width: 446px) 100vw, 446px\" \/><figcaption id=\"caption-attachment-3485\" class=\"wp-caption-text\">Logo de Optiumum Nutrition. Suplementos Naturales importados de Estados Unidos.<\/figcaption><\/figure>\n<p><strong>Los beneficios principales son:<\/strong><br \/>\n&#8211; Facilita la recuperaci\u00f3n muscular y previene lesiones<br \/>\n&#8211; Mejora el rendimiento del ejercicio<br \/>\n&#8211; Aumenta el volumen muscular<br \/>\n&#8211; Promueve la ganancia de masa muscular libre de grasa<br \/>\nAporta 5 gr. de creatina pura por servicio. Se mezcla f\u00e1cilmente.<\/p>\n<p><strong>Modo de Uso:<\/strong><br \/>\nMezclar una cucharadita de t\u00e9 con 250 ml. de agua o jugo de frutas. Revolver con una cuchara.<br \/>\nTomar dos veces al d\u00eda, antes y despu\u00e9s del entrenamiento, como recuperador muscular.<br \/>\nLos d\u00edas de descanso pod\u00e9s consumirlo a media ma\u00f1ana como mantenimiento.<\/p>\n<p><strong>Presentaci\u00f3n:<\/strong><br \/>\n&#8211; Contenido: 300 gr., en polvo.<br \/>\n&#8211; Porci\u00f3n: una cucharadita de t\u00e9 (5 gr.), dos veces al d\u00eda.<br \/>\n&#8211; Servicios (porciones) por envase: 60 servicios.<\/p>\n","protected":false},"excerpt":{"rendered":"<p>Creatina de monohidrato importada de USA. Marca Optimum Nutrition. 5 grs de creatina por toma. 60 tomas en total.<\/p>\n","protected":false},"featured_media":4016,"comment_status":"closed","ping_status":"closed","template":"","meta":[],"product_brand":[246],"product_cat":[50],"product_tag":[144],"class_list":{"0":"post-4015","1":"product","2":"type-product","3":"status-publish","4":"has-post-thumbnail","6":"product_brand-optimum-nutrition","7":"product_cat-creatina","8":"product_tag-optimum-nutrition","10":"first","11":"outofstock","12":"sale","13":"shipping-taxable","14":"purchasable","15":"product-type-simple"},"yoast_head":"<!-- This site is optimized with the Yoast SEO plugin v27.5 - https:\/\/yoast.com\/product\/yoast-seo-wordpress\/ -->\n<title>Creatina Powder Optimum Nutrition | 300 grs | DeMusculos.com<\/title>\n<meta name=\"description\" content=\"Te presentamos la Creatina Powder Optimum Nutrition x 300 grs, sin sabor, ideal para prevenir la fatiga muscular, recuperaci\u00f3n y masa muscular.\" \/>\n<meta name=\"robots\" content=\"index, follow, max-snippet:-1, max-image-preview:large, max-video-preview:-1\" \/>\n<link rel=\"canonical\" href=\"https:\/\/www.demusculos.com\/web\/producto\/creatina-powder-de-300-grs-optimum-nutrition\/\" \/>\n<meta property=\"og:locale\" content=\"es_ES\" \/>\n<meta property=\"og:type\" content=\"article\" \/>\n<meta property=\"og:title\" content=\"Creatina Powder Optimum Nutrition | 300 grs | DeMusculos.com\" \/>\n<meta property=\"og:description\" content=\"Te presentamos la Creatina Powder Optimum Nutrition x 300 grs, sin sabor, ideal para prevenir la fatiga muscular, recuperaci\u00f3n y masa muscular.\" \/>\n<meta property=\"og:url\" content=\"https:\/\/www.demusculos.com\/web\/producto\/creatina-powder-de-300-grs-optimum-nutrition\/\" \/>\n<meta property=\"og:site_name\" content=\"DeMusculos\" \/>\n<meta property=\"article:publisher\" content=\"https:\/\/www.facebook.com\/demusculos\" \/>\n<meta property=\"article:modified_time\" content=\"2026-02-01T23:02:27+00:00\" \/>\n<meta property=\"og:image\" content=\"https:\/\/www.demusculos.com\/web\/wp-content\/uploads\/2024\/03\/creatina-powder-300-grs.jpg\" \/>\n\t<meta property=\"og:image:width\" content=\"1200\" \/>\n\t<meta property=\"og:image:height\" content=\"1200\" \/>\n\t<meta property=\"og:image:type\" content=\"image\/jpeg\" \/>\n<meta name=\"twitter:card\" content=\"summary_large_image\" \/>\n<meta name=\"twitter:site\" content=\"@demusculos\" \/>\n<meta name=\"twitter:label1\" content=\"Tiempo de lectura\" \/>\n\t<meta name=\"twitter:data1\" content=\"2 minutos\" \/>\n<script type=\"application\/ld+json\" class=\"yoast-schema-graph\">{\"@context\":\"https:\\\/\\\/schema.org\",\"@graph\":[{\"@type\":\"WebPage\",\"@id\":\"https:\\\/\\\/www.demusculos.com\\\/web\\\/producto\\\/creatina-powder-de-300-grs-optimum-nutrition\\\/\",\"url\":\"https:\\\/\\\/www.demusculos.com\\\/web\\\/producto\\\/creatina-powder-de-300-grs-optimum-nutrition\\\/\",\"name\":\"Creatina Powder Optimum Nutrition | 300 grs | DeMusculos.com\",\"isPartOf\":{\"@id\":\"https:\\\/\\\/www.demusculos.com\\\/web\\\/#website\"},\"primaryImageOfPage\":{\"@id\":\"https:\\\/\\\/www.demusculos.com\\\/web\\\/producto\\\/creatina-powder-de-300-grs-optimum-nutrition\\\/#primaryimage\"},\"image\":{\"@id\":\"https:\\\/\\\/www.demusculos.com\\\/web\\\/producto\\\/creatina-powder-de-300-grs-optimum-nutrition\\\/#primaryimage\"},\"thumbnailUrl\":\"https:\\\/\\\/www.demusculos.com\\\/web\\\/wp-content\\\/uploads\\\/2024\\\/03\\\/creatina-powder-300-grs.jpg\",\"datePublished\":\"2024-03-27T15:48:11+00:00\",\"dateModified\":\"2026-02-01T23:02:27+00:00\",\"description\":\"Te presentamos la Creatina Powder Optimum Nutrition x 300 grs, sin sabor, ideal para prevenir la fatiga muscular, recuperaci\u00f3n y masa muscular.\",\"breadcrumb\":{\"@id\":\"https:\\\/\\\/www.demusculos.com\\\/web\\\/producto\\\/creatina-powder-de-300-grs-optimum-nutrition\\\/#breadcrumb\"},\"inLanguage\":\"es\",\"potentialAction\":[{\"@type\":\"ReadAction\",\"target\":[\"https:\\\/\\\/www.demusculos.com\\\/web\\\/producto\\\/creatina-powder-de-300-grs-optimum-nutrition\\\/\"]}]},{\"@type\":\"ImageObject\",\"inLanguage\":\"es\",\"@id\":\"https:\\\/\\\/www.demusculos.com\\\/web\\\/producto\\\/creatina-powder-de-300-grs-optimum-nutrition\\\/#primaryimage\",\"url\":\"https:\\\/\\\/www.demusculos.com\\\/web\\\/wp-content\\\/uploads\\\/2024\\\/03\\\/creatina-powder-300-grs.jpg\",\"contentUrl\":\"https:\\\/\\\/www.demusculos.com\\\/web\\\/wp-content\\\/uploads\\\/2024\\\/03\\\/creatina-powder-300-grs.jpg\",\"width\":1200,\"height\":1200,\"caption\":\"Creatina Optimuim 300 grs de O.N. versi\u00f3n Powder Monohidrato\"},{\"@type\":\"BreadcrumbList\",\"@id\":\"https:\\\/\\\/www.demusculos.com\\\/web\\\/producto\\\/creatina-powder-de-300-grs-optimum-nutrition\\\/#breadcrumb\",\"itemListElement\":[{\"@type\":\"ListItem\",\"position\":1,\"name\":\"Inicio\",\"item\":\"https:\\\/\\\/www.demusculos.com\\\/web\\\/\"},{\"@type\":\"ListItem\",\"position\":2,\"name\":\"Suplementos\",\"item\":\"https:\\\/\\\/www.demusculos.com\\\/web\\\/tienda\\\/\"},{\"@type\":\"ListItem\",\"position\":3,\"name\":\"Creatina Powder de 300 grs Optimum Nutrition\"}]},{\"@type\":\"WebSite\",\"@id\":\"https:\\\/\\\/www.demusculos.com\\\/web\\\/#website\",\"url\":\"https:\\\/\\\/www.demusculos.com\\\/web\\\/\",\"name\":\"DeMusculos.com\",\"description\":\"Suplementos Naturales\",\"publisher\":{\"@id\":\"https:\\\/\\\/www.demusculos.com\\\/web\\\/#organization\"},\"alternateName\":\"Suplementos Naturales\",\"potentialAction\":[{\"@type\":\"SearchAction\",\"target\":{\"@type\":\"EntryPoint\",\"urlTemplate\":\"https:\\\/\\\/www.demusculos.com\\\/web\\\/?s={search_term_string}\"},\"query-input\":{\"@type\":\"PropertyValueSpecification\",\"valueRequired\":true,\"valueName\":\"search_term_string\"}}],\"inLanguage\":\"es\"},{\"@type\":\"Organization\",\"@id\":\"https:\\\/\\\/www.demusculos.com\\\/web\\\/#organization\",\"name\":\"DeMusculos.com\",\"alternateName\":\"DeMusculos\",\"url\":\"https:\\\/\\\/www.demusculos.com\\\/web\\\/\",\"logo\":{\"@type\":\"ImageObject\",\"inLanguage\":\"es\",\"@id\":\"https:\\\/\\\/www.demusculos.com\\\/web\\\/#\\\/schema\\\/logo\\\/image\\\/\",\"url\":\"https:\\\/\\\/www.demusculos.com\\\/web\\\/wp-content\\\/uploads\\\/2024\\\/02\\\/logo-demusculos-prestashop-usuario.png\",\"contentUrl\":\"https:\\\/\\\/www.demusculos.com\\\/web\\\/wp-content\\\/uploads\\\/2024\\\/02\\\/logo-demusculos-prestashop-usuario.png\",\"width\":150,\"height\":150,\"caption\":\"DeMusculos.com\"},\"image\":{\"@id\":\"https:\\\/\\\/www.demusculos.com\\\/web\\\/#\\\/schema\\\/logo\\\/image\\\/\"},\"sameAs\":[\"https:\\\/\\\/www.facebook.com\\\/demusculos\",\"https:\\\/\\\/x.com\\\/demusculos\",\"https:\\\/\\\/www.instagram.com\\\/demusculos\",\"https:\\\/\\\/www.tiktok.com\\\/@demusculos.com\"]}]}<\/script>\n<!-- \/ Yoast SEO plugin. -->","yoast_head_json":{"title":"Creatina Powder Optimum Nutrition | 300 grs | DeMusculos.com","description":"Te presentamos la Creatina Powder Optimum Nutrition x 300 grs, sin sabor, ideal para prevenir la fatiga muscular, recuperaci\u00f3n y masa muscular.","robots":{"index":"index","follow":"follow","max-snippet":"max-snippet:-1","max-image-preview":"max-image-preview:large","max-video-preview":"max-video-preview:-1"},"canonical":"https:\/\/www.demusculos.com\/web\/producto\/creatina-powder-de-300-grs-optimum-nutrition\/","og_locale":"es_ES","og_type":"article","og_title":"Creatina Powder Optimum Nutrition | 300 grs | DeMusculos.com","og_description":"Te presentamos la Creatina Powder Optimum Nutrition x 300 grs, sin sabor, ideal para prevenir la fatiga muscular, recuperaci\u00f3n y masa muscular.","og_url":"https:\/\/www.demusculos.com\/web\/producto\/creatina-powder-de-300-grs-optimum-nutrition\/","og_site_name":"DeMusculos","article_publisher":"https:\/\/www.facebook.com\/demusculos","article_modified_time":"2026-02-01T23:02:27+00:00","og_image":[{"width":1200,"height":1200,"url":"https:\/\/www.demusculos.com\/web\/wp-content\/uploads\/2024\/03\/creatina-powder-300-grs.jpg","type":"image\/jpeg"}],"twitter_card":"summary_large_image","twitter_site":"@demusculos","twitter_misc":{"Tiempo de lectura":"2 minutos"},"schema":{"@context":"https:\/\/schema.org","@graph":[{"@type":"WebPage","@id":"https:\/\/www.demusculos.com\/web\/producto\/creatina-powder-de-300-grs-optimum-nutrition\/","url":"https:\/\/www.demusculos.com\/web\/producto\/creatina-powder-de-300-grs-optimum-nutrition\/","name":"Creatina Powder Optimum Nutrition | 300 grs | DeMusculos.com","isPartOf":{"@id":"https:\/\/www.demusculos.com\/web\/#website"},"primaryImageOfPage":{"@id":"https:\/\/www.demusculos.com\/web\/producto\/creatina-powder-de-300-grs-optimum-nutrition\/#primaryimage"},"image":{"@id":"https:\/\/www.demusculos.com\/web\/producto\/creatina-powder-de-300-grs-optimum-nutrition\/#primaryimage"},"thumbnailUrl":"https:\/\/www.demusculos.com\/web\/wp-content\/uploads\/2024\/03\/creatina-powder-300-grs.jpg","datePublished":"2024-03-27T15:48:11+00:00","dateModified":"2026-02-01T23:02:27+00:00","description":"Te presentamos la Creatina Powder Optimum Nutrition x 300 grs, sin sabor, ideal para prevenir la fatiga muscular, recuperaci\u00f3n y masa muscular.","breadcrumb":{"@id":"https:\/\/www.demusculos.com\/web\/producto\/creatina-powder-de-300-grs-optimum-nutrition\/#breadcrumb"},"inLanguage":"es","potentialAction":[{"@type":"ReadAction","target":["https:\/\/www.demusculos.com\/web\/producto\/creatina-powder-de-300-grs-optimum-nutrition\/"]}]},{"@type":"ImageObject","inLanguage":"es","@id":"https:\/\/www.demusculos.com\/web\/producto\/creatina-powder-de-300-grs-optimum-nutrition\/#primaryimage","url":"https:\/\/www.demusculos.com\/web\/wp-content\/uploads\/2024\/03\/creatina-powder-300-grs.jpg","contentUrl":"https:\/\/www.demusculos.com\/web\/wp-content\/uploads\/2024\/03\/creatina-powder-300-grs.jpg","width":1200,"height":1200,"caption":"Creatina Optimuim 300 grs de O.N. versi\u00f3n Powder Monohidrato"},{"@type":"BreadcrumbList","@id":"https:\/\/www.demusculos.com\/web\/producto\/creatina-powder-de-300-grs-optimum-nutrition\/#breadcrumb","itemListElement":[{"@type":"ListItem","position":1,"name":"Inicio","item":"https:\/\/www.demusculos.com\/web\/"},{"@type":"ListItem","position":2,"name":"Suplementos","item":"https:\/\/www.demusculos.com\/web\/tienda\/"},{"@type":"ListItem","position":3,"name":"Creatina Powder de 300 grs Optimum Nutrition"}]},{"@type":"WebSite","@id":"https:\/\/www.demusculos.com\/web\/#website","url":"https:\/\/www.demusculos.com\/web\/","name":"DeMusculos.com","description":"Suplementos Naturales","publisher":{"@id":"https:\/\/www.demusculos.com\/web\/#organization"},"alternateName":"Suplementos Naturales","potentialAction":[{"@type":"SearchAction","target":{"@type":"EntryPoint","urlTemplate":"https:\/\/www.demusculos.com\/web\/?s={search_term_string}"},"query-input":{"@type":"PropertyValueSpecification","valueRequired":true,"valueName":"search_term_string"}}],"inLanguage":"es"},{"@type":"Organization","@id":"https:\/\/www.demusculos.com\/web\/#organization","name":"DeMusculos.com","alternateName":"DeMusculos","url":"https:\/\/www.demusculos.com\/web\/","logo":{"@type":"ImageObject","inLanguage":"es","@id":"https:\/\/www.demusculos.com\/web\/#\/schema\/logo\/image\/","url":"https:\/\/www.demusculos.com\/web\/wp-content\/uploads\/2024\/02\/logo-demusculos-prestashop-usuario.png","contentUrl":"https:\/\/www.demusculos.com\/web\/wp-content\/uploads\/2024\/02\/logo-demusculos-prestashop-usuario.png","width":150,"height":150,"caption":"DeMusculos.com"},"image":{"@id":"https:\/\/www.demusculos.com\/web\/#\/schema\/logo\/image\/"},"sameAs":["https:\/\/www.facebook.com\/demusculos","https:\/\/x.com\/demusculos","https:\/\/www.instagram.com\/demusculos","https:\/\/www.tiktok.com\/@demusculos.com"]}]}},"_links":{"self":[{"href":"https:\/\/www.demusculos.com\/web\/wp-json\/wp\/v2\/product\/4015","targetHints":{"allow":["GET"]}}],"collection":[{"href":"https:\/\/www.demusculos.com\/web\/wp-json\/wp\/v2\/product"}],"about":[{"href":"https:\/\/www.demusculos.com\/web\/wp-json\/wp\/v2\/types\/product"}],"replies":[{"embeddable":true,"href":"https:\/\/www.demusculos.com\/web\/wp-json\/wp\/v2\/comments?post=4015"}],"wp:featuredmedia":[{"embeddable":true,"href":"https:\/\/www.demusculos.com\/web\/wp-json\/wp\/v2\/media\/4016"}],"wp:attachment":[{"href":"https:\/\/www.demusculos.com\/web\/wp-json\/wp\/v2\/media?parent=4015"}],"wp:term":[{"taxonomy":"product_brand","embeddable":true,"href":"https:\/\/www.demusculos.com\/web\/wp-json\/wp\/v2\/product_brand?post=4015"},{"taxonomy":"product_cat","embeddable":true,"href":"https:\/\/www.demusculos.com\/web\/wp-json\/wp\/v2\/product_cat?post=4015"},{"taxonomy":"product_tag","embeddable":true,"href":"https:\/\/www.demusculos.com\/web\/wp-json\/wp\/v2\/product_tag?post=4015"}],"curies":[{"name":"wp","href":"https:\/\/api.w.org\/{rel}","templated":true}]}}