{"id":4297,"date":"2024-04-09T12:23:35","date_gmt":"2024-04-09T15:23:35","guid":{"rendered":"https:\/\/www.demusculos.com\/web\/?post_type=product&#038;p=4297"},"modified":"2026-02-01T20:02:56","modified_gmt":"2026-02-01T23:02:56","slug":"tnt-dynamite-star-nutrition-creatina-growth-300-grs","status":"publish","type":"product","link":"https:\/\/www.demusculos.com\/web\/producto\/tnt-dynamite-star-nutrition-creatina-growth-300-grs\/","title":{"rendered":"TNT Dynamite Star Nutrition + Creatina XXL 300 grs"},"content":{"rendered":"<p>Combo ideal para aumento de <em><strong>energ\u00eda<\/strong><\/em>, <em><strong>rendimiento<\/strong><\/em>\u00a0y <em><strong>masa muscular<\/strong><\/em>.<\/p>\n<p>TNT Dynamite es un poderoso pre entrenamiento. Se toma antes de entrenar. Te ayuda a afrontar el entrenamiento, tendr\u00e1s m\u00e1s energ\u00eda. Entrenar\u00e1s mucho mejor.<\/p>\n<p>La creatina XXL PRO Nutrici\u00f3n te ayuda a prevenir la fatiga muscular durante el entrenamiento y maximizar la recuperaci\u00f3n del m\u00fasculo.<\/p>\n<p>Combo ideal para hombres y mujeres. Se puede utilizar en cualquier deporte.<\/p>\n<p>Los dos productos son en polvo y se preparan con agua. Se pueden combinar (los dos juntos) o tomar por separados.<\/p>\n<p>A mayor recuperaci\u00f3n, mejor entrenamiento, m\u00e1s tama\u00f1o muscular.<\/p>\n","protected":false},"excerpt":{"rendered":"<p>Pre Entrenamiento + Creatina 300 grs. Previene la fatiga muscular, aumenta el rendimiento y aumenta la energ\u00eda antes, durante y luego del entrenamiento.<\/p>\n","protected":false},"featured_media":15525,"comment_status":"closed","ping_status":"closed","template":"","meta":[],"product_brand":[254],"product_cat":[71],"product_tag":[73],"class_list":{"0":"post-4297","1":"product","2":"type-product","3":"status-publish","4":"has-post-thumbnail","6":"product_brand-combos-multimarca","7":"product_cat-combos-masa-muscular","8":"product_tag-combos","10":"first","11":"instock","12":"sale","13":"shipping-taxable","14":"purchasable","15":"product-type-simple"},"yoast_head":"<!-- This site is optimized with the Yoast SEO plugin v27.4 - https:\/\/yoast.com\/product\/yoast-seo-wordpress\/ -->\n<title>TNT Dynamite Star Nutrition + Creatina XXL 300 grs | DeMusculos<\/title>\n<meta name=\"robots\" content=\"index, follow, max-snippet:-1, max-image-preview:large, max-video-preview:-1\" \/>\n<link rel=\"canonical\" href=\"https:\/\/www.demusculos.com\/web\/producto\/tnt-dynamite-star-nutrition-creatina-growth-300-grs\/\" \/>\n<meta property=\"og:locale\" content=\"es_ES\" \/>\n<meta property=\"og:type\" content=\"article\" \/>\n<meta property=\"og:title\" content=\"TNT Dynamite Star Nutrition + Creatina XXL 300 grs | DeMusculos\" \/>\n<meta property=\"og:description\" content=\"Pre Entrenamiento + Creatina 300 grs. Previene la fatiga muscular, aumenta el rendimiento y aumenta la energ\u00eda antes, durante y luego del entrenamiento.\" \/>\n<meta property=\"og:url\" content=\"https:\/\/www.demusculos.com\/web\/producto\/tnt-dynamite-star-nutrition-creatina-growth-300-grs\/\" \/>\n<meta property=\"og:site_name\" content=\"DeMusculos\" \/>\n<meta property=\"article:publisher\" content=\"https:\/\/www.facebook.com\/demusculos\" \/>\n<meta property=\"article:modified_time\" content=\"2026-02-01T23:02:56+00:00\" \/>\n<meta property=\"og:image\" content=\"https:\/\/www.demusculos.com\/web\/wp-content\/uploads\/2024\/04\/creatina-xxl-300-tnt-dynamite-star-300.webp\" \/>\n\t<meta property=\"og:image:width\" content=\"1200\" \/>\n\t<meta property=\"og:image:height\" content=\"1200\" \/>\n\t<meta property=\"og:image:type\" content=\"image\/webp\" \/>\n<meta name=\"twitter:card\" content=\"summary_large_image\" \/>\n<meta name=\"twitter:site\" content=\"@demusculos\" \/>\n<meta name=\"twitter:label1\" content=\"Tiempo de lectura\" \/>\n\t<meta name=\"twitter:data1\" content=\"1 minuto\" \/>\n<script type=\"application\/ld+json\" class=\"yoast-schema-graph\">{\"@context\":\"https:\\\/\\\/schema.org\",\"@graph\":[{\"@type\":\"WebPage\",\"@id\":\"https:\\\/\\\/www.demusculos.com\\\/web\\\/producto\\\/tnt-dynamite-star-nutrition-creatina-growth-300-grs\\\/\",\"url\":\"https:\\\/\\\/www.demusculos.com\\\/web\\\/producto\\\/tnt-dynamite-star-nutrition-creatina-growth-300-grs\\\/\",\"name\":\"TNT Dynamite Star Nutrition + Creatina XXL 300 grs | DeMusculos\",\"isPartOf\":{\"@id\":\"https:\\\/\\\/www.demusculos.com\\\/web\\\/#website\"},\"primaryImageOfPage\":{\"@id\":\"https:\\\/\\\/www.demusculos.com\\\/web\\\/producto\\\/tnt-dynamite-star-nutrition-creatina-growth-300-grs\\\/#primaryimage\"},\"image\":{\"@id\":\"https:\\\/\\\/www.demusculos.com\\\/web\\\/producto\\\/tnt-dynamite-star-nutrition-creatina-growth-300-grs\\\/#primaryimage\"},\"thumbnailUrl\":\"https:\\\/\\\/www.demusculos.com\\\/web\\\/wp-content\\\/uploads\\\/2024\\\/04\\\/creatina-xxl-300-tnt-dynamite-star-300.webp\",\"datePublished\":\"2024-04-09T15:23:35+00:00\",\"dateModified\":\"2026-02-01T23:02:56+00:00\",\"breadcrumb\":{\"@id\":\"https:\\\/\\\/www.demusculos.com\\\/web\\\/producto\\\/tnt-dynamite-star-nutrition-creatina-growth-300-grs\\\/#breadcrumb\"},\"inLanguage\":\"es\",\"potentialAction\":[{\"@type\":\"ReadAction\",\"target\":[\"https:\\\/\\\/www.demusculos.com\\\/web\\\/producto\\\/tnt-dynamite-star-nutrition-creatina-growth-300-grs\\\/\"]}]},{\"@type\":\"ImageObject\",\"inLanguage\":\"es\",\"@id\":\"https:\\\/\\\/www.demusculos.com\\\/web\\\/producto\\\/tnt-dynamite-star-nutrition-creatina-growth-300-grs\\\/#primaryimage\",\"url\":\"https:\\\/\\\/www.demusculos.com\\\/web\\\/wp-content\\\/uploads\\\/2024\\\/04\\\/creatina-xxl-300-tnt-dynamite-star-300.webp\",\"contentUrl\":\"https:\\\/\\\/www.demusculos.com\\\/web\\\/wp-content\\\/uploads\\\/2024\\\/04\\\/creatina-xxl-300-tnt-dynamite-star-300.webp\",\"width\":1200,\"height\":1200,\"caption\":\"TNT Dynamite y Creatina XXL\"},{\"@type\":\"BreadcrumbList\",\"@id\":\"https:\\\/\\\/www.demusculos.com\\\/web\\\/producto\\\/tnt-dynamite-star-nutrition-creatina-growth-300-grs\\\/#breadcrumb\",\"itemListElement\":[{\"@type\":\"ListItem\",\"position\":1,\"name\":\"Inicio\",\"item\":\"https:\\\/\\\/www.demusculos.com\\\/web\\\/\"},{\"@type\":\"ListItem\",\"position\":2,\"name\":\"Suplementos\",\"item\":\"https:\\\/\\\/www.demusculos.com\\\/web\\\/tienda\\\/\"},{\"@type\":\"ListItem\",\"position\":3,\"name\":\"TNT Dynamite Star Nutrition + Creatina XXL 300 grs\"}]},{\"@type\":\"WebSite\",\"@id\":\"https:\\\/\\\/www.demusculos.com\\\/web\\\/#website\",\"url\":\"https:\\\/\\\/www.demusculos.com\\\/web\\\/\",\"name\":\"DeMusculos.com\",\"description\":\"Suplementos Naturales\",\"publisher\":{\"@id\":\"https:\\\/\\\/www.demusculos.com\\\/web\\\/#organization\"},\"alternateName\":\"Suplementos Naturales\",\"potentialAction\":[{\"@type\":\"SearchAction\",\"target\":{\"@type\":\"EntryPoint\",\"urlTemplate\":\"https:\\\/\\\/www.demusculos.com\\\/web\\\/?s={search_term_string}\"},\"query-input\":{\"@type\":\"PropertyValueSpecification\",\"valueRequired\":true,\"valueName\":\"search_term_string\"}}],\"inLanguage\":\"es\"},{\"@type\":\"Organization\",\"@id\":\"https:\\\/\\\/www.demusculos.com\\\/web\\\/#organization\",\"name\":\"DeMusculos.com\",\"alternateName\":\"DeMusculos\",\"url\":\"https:\\\/\\\/www.demusculos.com\\\/web\\\/\",\"logo\":{\"@type\":\"ImageObject\",\"inLanguage\":\"es\",\"@id\":\"https:\\\/\\\/www.demusculos.com\\\/web\\\/#\\\/schema\\\/logo\\\/image\\\/\",\"url\":\"https:\\\/\\\/www.demusculos.com\\\/web\\\/wp-content\\\/uploads\\\/2024\\\/02\\\/logo-demusculos-prestashop-usuario.png\",\"contentUrl\":\"https:\\\/\\\/www.demusculos.com\\\/web\\\/wp-content\\\/uploads\\\/2024\\\/02\\\/logo-demusculos-prestashop-usuario.png\",\"width\":150,\"height\":150,\"caption\":\"DeMusculos.com\"},\"image\":{\"@id\":\"https:\\\/\\\/www.demusculos.com\\\/web\\\/#\\\/schema\\\/logo\\\/image\\\/\"},\"sameAs\":[\"https:\\\/\\\/www.facebook.com\\\/demusculos\",\"https:\\\/\\\/x.com\\\/demusculos\",\"https:\\\/\\\/www.instagram.com\\\/demusculos\",\"https:\\\/\\\/www.tiktok.com\\\/@demusculos.com\"]}]}<\/script>\n<!-- \/ Yoast SEO plugin. -->","yoast_head_json":{"title":"TNT Dynamite Star Nutrition + Creatina XXL 300 grs | DeMusculos","robots":{"index":"index","follow":"follow","max-snippet":"max-snippet:-1","max-image-preview":"max-image-preview:large","max-video-preview":"max-video-preview:-1"},"canonical":"https:\/\/www.demusculos.com\/web\/producto\/tnt-dynamite-star-nutrition-creatina-growth-300-grs\/","og_locale":"es_ES","og_type":"article","og_title":"TNT Dynamite Star Nutrition + Creatina XXL 300 grs | DeMusculos","og_description":"Pre Entrenamiento + Creatina 300 grs. Previene la fatiga muscular, aumenta el rendimiento y aumenta la energ\u00eda antes, durante y luego del entrenamiento.","og_url":"https:\/\/www.demusculos.com\/web\/producto\/tnt-dynamite-star-nutrition-creatina-growth-300-grs\/","og_site_name":"DeMusculos","article_publisher":"https:\/\/www.facebook.com\/demusculos","article_modified_time":"2026-02-01T23:02:56+00:00","og_image":[{"width":1200,"height":1200,"url":"https:\/\/www.demusculos.com\/web\/wp-content\/uploads\/2024\/04\/creatina-xxl-300-tnt-dynamite-star-300.webp","type":"image\/webp"}],"twitter_card":"summary_large_image","twitter_site":"@demusculos","twitter_misc":{"Tiempo de lectura":"1 minuto"},"schema":{"@context":"https:\/\/schema.org","@graph":[{"@type":"WebPage","@id":"https:\/\/www.demusculos.com\/web\/producto\/tnt-dynamite-star-nutrition-creatina-growth-300-grs\/","url":"https:\/\/www.demusculos.com\/web\/producto\/tnt-dynamite-star-nutrition-creatina-growth-300-grs\/","name":"TNT Dynamite Star Nutrition + Creatina XXL 300 grs | DeMusculos","isPartOf":{"@id":"https:\/\/www.demusculos.com\/web\/#website"},"primaryImageOfPage":{"@id":"https:\/\/www.demusculos.com\/web\/producto\/tnt-dynamite-star-nutrition-creatina-growth-300-grs\/#primaryimage"},"image":{"@id":"https:\/\/www.demusculos.com\/web\/producto\/tnt-dynamite-star-nutrition-creatina-growth-300-grs\/#primaryimage"},"thumbnailUrl":"https:\/\/www.demusculos.com\/web\/wp-content\/uploads\/2024\/04\/creatina-xxl-300-tnt-dynamite-star-300.webp","datePublished":"2024-04-09T15:23:35+00:00","dateModified":"2026-02-01T23:02:56+00:00","breadcrumb":{"@id":"https:\/\/www.demusculos.com\/web\/producto\/tnt-dynamite-star-nutrition-creatina-growth-300-grs\/#breadcrumb"},"inLanguage":"es","potentialAction":[{"@type":"ReadAction","target":["https:\/\/www.demusculos.com\/web\/producto\/tnt-dynamite-star-nutrition-creatina-growth-300-grs\/"]}]},{"@type":"ImageObject","inLanguage":"es","@id":"https:\/\/www.demusculos.com\/web\/producto\/tnt-dynamite-star-nutrition-creatina-growth-300-grs\/#primaryimage","url":"https:\/\/www.demusculos.com\/web\/wp-content\/uploads\/2024\/04\/creatina-xxl-300-tnt-dynamite-star-300.webp","contentUrl":"https:\/\/www.demusculos.com\/web\/wp-content\/uploads\/2024\/04\/creatina-xxl-300-tnt-dynamite-star-300.webp","width":1200,"height":1200,"caption":"TNT Dynamite y Creatina XXL"},{"@type":"BreadcrumbList","@id":"https:\/\/www.demusculos.com\/web\/producto\/tnt-dynamite-star-nutrition-creatina-growth-300-grs\/#breadcrumb","itemListElement":[{"@type":"ListItem","position":1,"name":"Inicio","item":"https:\/\/www.demusculos.com\/web\/"},{"@type":"ListItem","position":2,"name":"Suplementos","item":"https:\/\/www.demusculos.com\/web\/tienda\/"},{"@type":"ListItem","position":3,"name":"TNT Dynamite Star Nutrition + Creatina XXL 300 grs"}]},{"@type":"WebSite","@id":"https:\/\/www.demusculos.com\/web\/#website","url":"https:\/\/www.demusculos.com\/web\/","name":"DeMusculos.com","description":"Suplementos Naturales","publisher":{"@id":"https:\/\/www.demusculos.com\/web\/#organization"},"alternateName":"Suplementos Naturales","potentialAction":[{"@type":"SearchAction","target":{"@type":"EntryPoint","urlTemplate":"https:\/\/www.demusculos.com\/web\/?s={search_term_string}"},"query-input":{"@type":"PropertyValueSpecification","valueRequired":true,"valueName":"search_term_string"}}],"inLanguage":"es"},{"@type":"Organization","@id":"https:\/\/www.demusculos.com\/web\/#organization","name":"DeMusculos.com","alternateName":"DeMusculos","url":"https:\/\/www.demusculos.com\/web\/","logo":{"@type":"ImageObject","inLanguage":"es","@id":"https:\/\/www.demusculos.com\/web\/#\/schema\/logo\/image\/","url":"https:\/\/www.demusculos.com\/web\/wp-content\/uploads\/2024\/02\/logo-demusculos-prestashop-usuario.png","contentUrl":"https:\/\/www.demusculos.com\/web\/wp-content\/uploads\/2024\/02\/logo-demusculos-prestashop-usuario.png","width":150,"height":150,"caption":"DeMusculos.com"},"image":{"@id":"https:\/\/www.demusculos.com\/web\/#\/schema\/logo\/image\/"},"sameAs":["https:\/\/www.facebook.com\/demusculos","https:\/\/x.com\/demusculos","https:\/\/www.instagram.com\/demusculos","https:\/\/www.tiktok.com\/@demusculos.com"]}]}},"_links":{"self":[{"href":"https:\/\/www.demusculos.com\/web\/wp-json\/wp\/v2\/product\/4297","targetHints":{"allow":["GET"]}}],"collection":[{"href":"https:\/\/www.demusculos.com\/web\/wp-json\/wp\/v2\/product"}],"about":[{"href":"https:\/\/www.demusculos.com\/web\/wp-json\/wp\/v2\/types\/product"}],"replies":[{"embeddable":true,"href":"https:\/\/www.demusculos.com\/web\/wp-json\/wp\/v2\/comments?post=4297"}],"wp:featuredmedia":[{"embeddable":true,"href":"https:\/\/www.demusculos.com\/web\/wp-json\/wp\/v2\/media\/15525"}],"wp:attachment":[{"href":"https:\/\/www.demusculos.com\/web\/wp-json\/wp\/v2\/media?parent=4297"}],"wp:term":[{"taxonomy":"product_brand","embeddable":true,"href":"https:\/\/www.demusculos.com\/web\/wp-json\/wp\/v2\/product_brand?post=4297"},{"taxonomy":"product_cat","embeddable":true,"href":"https:\/\/www.demusculos.com\/web\/wp-json\/wp\/v2\/product_cat?post=4297"},{"taxonomy":"product_tag","embeddable":true,"href":"https:\/\/www.demusculos.com\/web\/wp-json\/wp\/v2\/product_tag?post=4297"}],"curies":[{"name":"wp","href":"https:\/\/api.w.org\/{rel}","templated":true}]}}