{"id":4859,"date":"2024-05-04T22:11:46","date_gmt":"2024-05-05T01:11:46","guid":{"rendered":"https:\/\/www.demusculos.com\/web\/?post_type=product&#038;p=4859"},"modified":"2026-02-01T20:02:29","modified_gmt":"2026-02-01T23:02:29","slug":"daily-formula-x100-de-universal-nutrition-vitaminas-y-minerales","status":"publish","type":"product","link":"https:\/\/www.demusculos.com\/web\/producto\/daily-formula-x100-de-universal-nutrition-vitaminas-y-minerales\/","title":{"rendered":"Daily Formula x100 de Universal Nutrition Vitaminas y Minerales"},"content":{"rendered":"<h2>Daily Formula Universal<\/h2>\n<p>Daily Formula Universal es el multi vitam\u00ednico m\u00e1s reconocido en el deporte<\/p>\n<figure id=\"attachment_1382\" aria-describedby=\"caption-attachment-1382\" style=\"width: 446px\" class=\"wp-caption alignnone\"><img decoding=\"async\" class=\"size-full wp-image-1382\" src=\"https:\/\/www.demusculos.com\/web\/wp-content\/uploads\/2024\/03\/logo-universal-nutrition.png\" alt=\"Suplemento naturales y deportivos de marca Universal Nutrition. Fabricados en Estados Unidos\" width=\"446\" height=\"103\" srcset=\"https:\/\/www.demusculos.com\/web\/wp-content\/uploads\/2024\/03\/logo-universal-nutrition.png 446w, https:\/\/www.demusculos.com\/web\/wp-content\/uploads\/2024\/03\/logo-universal-nutrition-300x69.png 300w, https:\/\/www.demusculos.com\/web\/wp-content\/uploads\/2024\/03\/logo-universal-nutrition-150x35.png 150w, https:\/\/www.demusculos.com\/web\/wp-content\/uploads\/2024\/03\/logo-universal-nutrition-416x96.png 416w\" sizes=\"(max-width: 446px) 100vw, 446px\" \/><figcaption id=\"caption-attachment-1382\" class=\"wp-caption-text\">Suplemento naturales y deportivos de marca Universal Nutrition. Fabricados en Estados Unidos<\/figcaption><\/figure>\n<p>Las vitaminas ayudan en el proceso de la digesti\u00f3n, permiti\u00e9ndole a tu cuerpo gastar menos tiempo utilizando a la prote\u00edna como fuente de estas sustancias, y menos tiempo tratando de encontrarla. Debido a que los requerimientos de vitaminas y minerales de una persona que realiza actividad f\u00edsica son altos, se recomienda la utilizaci\u00f3n de un suplemento vitam\u00ednico.<\/p>\n<p>Con un multivitaminico le aseguras a tu cuerpo gran parte de los nutrientes que este necesita, de esta forma tu cuerpo no intentar\u00e1 encontrarlos en la prote\u00edna debido a que ya se lo has administrado, y la prote\u00edna que ingieras estar\u00e1 disponible en mayor cantidad para generar el crecimiento muscular.<\/p>\n<p><strong>\u00bfCOMO SE TOMA?<\/strong><\/p>\n<p>&#8211; Tomar 1 comprimido al d\u00eda o seg\u00fan prescripci\u00f3n m\u00e9dica.<\/p>\n<p><strong>PRESENTACION:<\/strong><\/p>\n<p>&#8211; Envase de 100 comprimidos.<\/p>\n<h2>Beneficios de las vitaminas y minerales<\/h2>\n<ul>\n<li><strong>Activan el metabolismo energ\u00e9tico<\/strong>: Son fundamentales para convertir los alimentos en energ\u00eda.<\/li>\n<li><strong>Mejoran la absorci\u00f3n de nutrientes<\/strong>: Ayudan a absorber y utilizar otros nutrientes como carbohidratos y prote\u00ednas.<\/li>\n<li><strong>Contribuyen a la recuperaci\u00f3n<\/strong>: Intervienen en la reparaci\u00f3n y regeneraci\u00f3n del tejido muscular despu\u00e9s del ejercicio.<\/li>\n<li><strong>Fortalecen el sistema inmunitario<\/strong>: Son clave para mantener las defensas del cuerpo, especialmente importante para quienes realizan actividad f\u00edsica intensa.<\/li>\n<li><strong>Mantienen la salud \u00f3sea<\/strong>: Algunas vitaminas, como la D, son cruciales para la salud de los huesos, lo que es vital para deportistas que realizan actividades de impacto.<\/li>\n<li><strong>Previenen el estr\u00e9s oxidativo<\/strong>: Algunas vitaminas tienen propiedades antioxidantes que protegen al cuerpo del da\u00f1o causado por los radicales libres generados durante el ejercicio intenso.<\/li>\n<\/ul>\n","protected":false},"excerpt":{"rendered":"<p>Vitaminas y minerales.<\/p>\n","protected":false},"featured_media":4860,"comment_status":"closed","ping_status":"closed","template":"","meta":[],"product_brand":[241],"product_cat":[37],"product_tag":[102],"class_list":{"0":"post-4859","1":"product","2":"type-product","3":"status-publish","4":"has-post-thumbnail","6":"product_brand-universal-nutrition","7":"product_cat-vitaminas-y-minierales","8":"product_tag-universal-nutrition","10":"first","11":"outofstock","12":"sale","13":"shipping-taxable","14":"purchasable","15":"product-type-simple"},"yoast_head":"<!-- This site is optimized with the Yoast SEO plugin v27.5 - https:\/\/yoast.com\/product\/yoast-seo-wordpress\/ -->\n<title>Daily Formula Universal | Vitaminas | Minerales | DeMusculos.com<\/title>\n<meta name=\"description\" content=\"Daily Formula Universal. x100. Ideal para mejorar la calidad de vida. Fortalece el sistema inmune. Para hombres y mujeres. Todos los deportes.\" \/>\n<meta name=\"robots\" content=\"index, follow, max-snippet:-1, max-image-preview:large, max-video-preview:-1\" \/>\n<link rel=\"canonical\" href=\"https:\/\/www.demusculos.com\/web\/producto\/daily-formula-x100-de-universal-nutrition-vitaminas-y-minerales\/\" \/>\n<meta property=\"og:locale\" content=\"es_ES\" \/>\n<meta property=\"og:type\" content=\"article\" \/>\n<meta property=\"og:title\" content=\"Daily Formula Universal | Vitaminas | Minerales | DeMusculos.com\" \/>\n<meta property=\"og:description\" content=\"Daily Formula Universal. x100. Ideal para mejorar la calidad de vida. Fortalece el sistema inmune. Para hombres y mujeres. Todos los deportes.\" \/>\n<meta property=\"og:url\" content=\"https:\/\/www.demusculos.com\/web\/producto\/daily-formula-x100-de-universal-nutrition-vitaminas-y-minerales\/\" \/>\n<meta property=\"og:site_name\" content=\"DeMusculos\" \/>\n<meta property=\"article:publisher\" content=\"https:\/\/www.facebook.com\/demusculos\" \/>\n<meta property=\"article:modified_time\" content=\"2026-02-01T23:02:29+00:00\" \/>\n<meta property=\"og:image\" content=\"https:\/\/www.demusculos.com\/web\/wp-content\/uploads\/2024\/05\/dailyx11.jpg\" \/>\n\t<meta property=\"og:image:width\" content=\"1200\" \/>\n\t<meta property=\"og:image:height\" content=\"1200\" \/>\n\t<meta property=\"og:image:type\" content=\"image\/jpeg\" \/>\n<meta name=\"twitter:card\" content=\"summary_large_image\" \/>\n<meta name=\"twitter:site\" content=\"@demusculos\" \/>\n<meta name=\"twitter:label1\" content=\"Tiempo de lectura\" \/>\n\t<meta name=\"twitter:data1\" content=\"2 minutos\" \/>\n<script type=\"application\/ld+json\" class=\"yoast-schema-graph\">{\"@context\":\"https:\\\/\\\/schema.org\",\"@graph\":[{\"@type\":\"WebPage\",\"@id\":\"https:\\\/\\\/www.demusculos.com\\\/web\\\/producto\\\/daily-formula-x100-de-universal-nutrition-vitaminas-y-minerales\\\/\",\"url\":\"https:\\\/\\\/www.demusculos.com\\\/web\\\/producto\\\/daily-formula-x100-de-universal-nutrition-vitaminas-y-minerales\\\/\",\"name\":\"Daily Formula Universal | Vitaminas | Minerales | DeMusculos.com\",\"isPartOf\":{\"@id\":\"https:\\\/\\\/www.demusculos.com\\\/web\\\/#website\"},\"primaryImageOfPage\":{\"@id\":\"https:\\\/\\\/www.demusculos.com\\\/web\\\/producto\\\/daily-formula-x100-de-universal-nutrition-vitaminas-y-minerales\\\/#primaryimage\"},\"image\":{\"@id\":\"https:\\\/\\\/www.demusculos.com\\\/web\\\/producto\\\/daily-formula-x100-de-universal-nutrition-vitaminas-y-minerales\\\/#primaryimage\"},\"thumbnailUrl\":\"https:\\\/\\\/www.demusculos.com\\\/web\\\/wp-content\\\/uploads\\\/2024\\\/05\\\/dailyx11.jpg\",\"datePublished\":\"2024-05-05T01:11:46+00:00\",\"dateModified\":\"2026-02-01T23:02:29+00:00\",\"description\":\"Daily Formula Universal. x100. Ideal para mejorar la calidad de vida. Fortalece el sistema inmune. Para hombres y mujeres. Todos los deportes.\",\"breadcrumb\":{\"@id\":\"https:\\\/\\\/www.demusculos.com\\\/web\\\/producto\\\/daily-formula-x100-de-universal-nutrition-vitaminas-y-minerales\\\/#breadcrumb\"},\"inLanguage\":\"es\",\"potentialAction\":[{\"@type\":\"ReadAction\",\"target\":[\"https:\\\/\\\/www.demusculos.com\\\/web\\\/producto\\\/daily-formula-x100-de-universal-nutrition-vitaminas-y-minerales\\\/\"]}]},{\"@type\":\"ImageObject\",\"inLanguage\":\"es\",\"@id\":\"https:\\\/\\\/www.demusculos.com\\\/web\\\/producto\\\/daily-formula-x100-de-universal-nutrition-vitaminas-y-minerales\\\/#primaryimage\",\"url\":\"https:\\\/\\\/www.demusculos.com\\\/web\\\/wp-content\\\/uploads\\\/2024\\\/05\\\/dailyx11.jpg\",\"contentUrl\":\"https:\\\/\\\/www.demusculos.com\\\/web\\\/wp-content\\\/uploads\\\/2024\\\/05\\\/dailyx11.jpg\",\"width\":1200,\"height\":1200},{\"@type\":\"BreadcrumbList\",\"@id\":\"https:\\\/\\\/www.demusculos.com\\\/web\\\/producto\\\/daily-formula-x100-de-universal-nutrition-vitaminas-y-minerales\\\/#breadcrumb\",\"itemListElement\":[{\"@type\":\"ListItem\",\"position\":1,\"name\":\"Inicio\",\"item\":\"https:\\\/\\\/www.demusculos.com\\\/web\\\/\"},{\"@type\":\"ListItem\",\"position\":2,\"name\":\"Suplementos\",\"item\":\"https:\\\/\\\/www.demusculos.com\\\/web\\\/tienda\\\/\"},{\"@type\":\"ListItem\",\"position\":3,\"name\":\"Daily Formula x100 de Universal Nutrition Vitaminas y Minerales\"}]},{\"@type\":\"WebSite\",\"@id\":\"https:\\\/\\\/www.demusculos.com\\\/web\\\/#website\",\"url\":\"https:\\\/\\\/www.demusculos.com\\\/web\\\/\",\"name\":\"DeMusculos.com\",\"description\":\"Suplementos Naturales\",\"publisher\":{\"@id\":\"https:\\\/\\\/www.demusculos.com\\\/web\\\/#organization\"},\"alternateName\":\"Suplementos Naturales\",\"potentialAction\":[{\"@type\":\"SearchAction\",\"target\":{\"@type\":\"EntryPoint\",\"urlTemplate\":\"https:\\\/\\\/www.demusculos.com\\\/web\\\/?s={search_term_string}\"},\"query-input\":{\"@type\":\"PropertyValueSpecification\",\"valueRequired\":true,\"valueName\":\"search_term_string\"}}],\"inLanguage\":\"es\"},{\"@type\":\"Organization\",\"@id\":\"https:\\\/\\\/www.demusculos.com\\\/web\\\/#organization\",\"name\":\"DeMusculos.com\",\"alternateName\":\"DeMusculos\",\"url\":\"https:\\\/\\\/www.demusculos.com\\\/web\\\/\",\"logo\":{\"@type\":\"ImageObject\",\"inLanguage\":\"es\",\"@id\":\"https:\\\/\\\/www.demusculos.com\\\/web\\\/#\\\/schema\\\/logo\\\/image\\\/\",\"url\":\"https:\\\/\\\/www.demusculos.com\\\/web\\\/wp-content\\\/uploads\\\/2024\\\/02\\\/logo-demusculos-prestashop-usuario.png\",\"contentUrl\":\"https:\\\/\\\/www.demusculos.com\\\/web\\\/wp-content\\\/uploads\\\/2024\\\/02\\\/logo-demusculos-prestashop-usuario.png\",\"width\":150,\"height\":150,\"caption\":\"DeMusculos.com\"},\"image\":{\"@id\":\"https:\\\/\\\/www.demusculos.com\\\/web\\\/#\\\/schema\\\/logo\\\/image\\\/\"},\"sameAs\":[\"https:\\\/\\\/www.facebook.com\\\/demusculos\",\"https:\\\/\\\/x.com\\\/demusculos\",\"https:\\\/\\\/www.instagram.com\\\/demusculos\",\"https:\\\/\\\/www.tiktok.com\\\/@demusculos.com\"]}]}<\/script>\n<!-- \/ Yoast SEO plugin. -->","yoast_head_json":{"title":"Daily Formula Universal | Vitaminas | Minerales | DeMusculos.com","description":"Daily Formula Universal. x100. Ideal para mejorar la calidad de vida. Fortalece el sistema inmune. Para hombres y mujeres. Todos los deportes.","robots":{"index":"index","follow":"follow","max-snippet":"max-snippet:-1","max-image-preview":"max-image-preview:large","max-video-preview":"max-video-preview:-1"},"canonical":"https:\/\/www.demusculos.com\/web\/producto\/daily-formula-x100-de-universal-nutrition-vitaminas-y-minerales\/","og_locale":"es_ES","og_type":"article","og_title":"Daily Formula Universal | Vitaminas | Minerales | DeMusculos.com","og_description":"Daily Formula Universal. x100. Ideal para mejorar la calidad de vida. Fortalece el sistema inmune. Para hombres y mujeres. Todos los deportes.","og_url":"https:\/\/www.demusculos.com\/web\/producto\/daily-formula-x100-de-universal-nutrition-vitaminas-y-minerales\/","og_site_name":"DeMusculos","article_publisher":"https:\/\/www.facebook.com\/demusculos","article_modified_time":"2026-02-01T23:02:29+00:00","og_image":[{"width":1200,"height":1200,"url":"https:\/\/www.demusculos.com\/web\/wp-content\/uploads\/2024\/05\/dailyx11.jpg","type":"image\/jpeg"}],"twitter_card":"summary_large_image","twitter_site":"@demusculos","twitter_misc":{"Tiempo de lectura":"2 minutos"},"schema":{"@context":"https:\/\/schema.org","@graph":[{"@type":"WebPage","@id":"https:\/\/www.demusculos.com\/web\/producto\/daily-formula-x100-de-universal-nutrition-vitaminas-y-minerales\/","url":"https:\/\/www.demusculos.com\/web\/producto\/daily-formula-x100-de-universal-nutrition-vitaminas-y-minerales\/","name":"Daily Formula Universal | Vitaminas | Minerales | DeMusculos.com","isPartOf":{"@id":"https:\/\/www.demusculos.com\/web\/#website"},"primaryImageOfPage":{"@id":"https:\/\/www.demusculos.com\/web\/producto\/daily-formula-x100-de-universal-nutrition-vitaminas-y-minerales\/#primaryimage"},"image":{"@id":"https:\/\/www.demusculos.com\/web\/producto\/daily-formula-x100-de-universal-nutrition-vitaminas-y-minerales\/#primaryimage"},"thumbnailUrl":"https:\/\/www.demusculos.com\/web\/wp-content\/uploads\/2024\/05\/dailyx11.jpg","datePublished":"2024-05-05T01:11:46+00:00","dateModified":"2026-02-01T23:02:29+00:00","description":"Daily Formula Universal. x100. Ideal para mejorar la calidad de vida. Fortalece el sistema inmune. Para hombres y mujeres. Todos los deportes.","breadcrumb":{"@id":"https:\/\/www.demusculos.com\/web\/producto\/daily-formula-x100-de-universal-nutrition-vitaminas-y-minerales\/#breadcrumb"},"inLanguage":"es","potentialAction":[{"@type":"ReadAction","target":["https:\/\/www.demusculos.com\/web\/producto\/daily-formula-x100-de-universal-nutrition-vitaminas-y-minerales\/"]}]},{"@type":"ImageObject","inLanguage":"es","@id":"https:\/\/www.demusculos.com\/web\/producto\/daily-formula-x100-de-universal-nutrition-vitaminas-y-minerales\/#primaryimage","url":"https:\/\/www.demusculos.com\/web\/wp-content\/uploads\/2024\/05\/dailyx11.jpg","contentUrl":"https:\/\/www.demusculos.com\/web\/wp-content\/uploads\/2024\/05\/dailyx11.jpg","width":1200,"height":1200},{"@type":"BreadcrumbList","@id":"https:\/\/www.demusculos.com\/web\/producto\/daily-formula-x100-de-universal-nutrition-vitaminas-y-minerales\/#breadcrumb","itemListElement":[{"@type":"ListItem","position":1,"name":"Inicio","item":"https:\/\/www.demusculos.com\/web\/"},{"@type":"ListItem","position":2,"name":"Suplementos","item":"https:\/\/www.demusculos.com\/web\/tienda\/"},{"@type":"ListItem","position":3,"name":"Daily Formula x100 de Universal Nutrition Vitaminas y Minerales"}]},{"@type":"WebSite","@id":"https:\/\/www.demusculos.com\/web\/#website","url":"https:\/\/www.demusculos.com\/web\/","name":"DeMusculos.com","description":"Suplementos Naturales","publisher":{"@id":"https:\/\/www.demusculos.com\/web\/#organization"},"alternateName":"Suplementos Naturales","potentialAction":[{"@type":"SearchAction","target":{"@type":"EntryPoint","urlTemplate":"https:\/\/www.demusculos.com\/web\/?s={search_term_string}"},"query-input":{"@type":"PropertyValueSpecification","valueRequired":true,"valueName":"search_term_string"}}],"inLanguage":"es"},{"@type":"Organization","@id":"https:\/\/www.demusculos.com\/web\/#organization","name":"DeMusculos.com","alternateName":"DeMusculos","url":"https:\/\/www.demusculos.com\/web\/","logo":{"@type":"ImageObject","inLanguage":"es","@id":"https:\/\/www.demusculos.com\/web\/#\/schema\/logo\/image\/","url":"https:\/\/www.demusculos.com\/web\/wp-content\/uploads\/2024\/02\/logo-demusculos-prestashop-usuario.png","contentUrl":"https:\/\/www.demusculos.com\/web\/wp-content\/uploads\/2024\/02\/logo-demusculos-prestashop-usuario.png","width":150,"height":150,"caption":"DeMusculos.com"},"image":{"@id":"https:\/\/www.demusculos.com\/web\/#\/schema\/logo\/image\/"},"sameAs":["https:\/\/www.facebook.com\/demusculos","https:\/\/x.com\/demusculos","https:\/\/www.instagram.com\/demusculos","https:\/\/www.tiktok.com\/@demusculos.com"]}]}},"_links":{"self":[{"href":"https:\/\/www.demusculos.com\/web\/wp-json\/wp\/v2\/product\/4859","targetHints":{"allow":["GET"]}}],"collection":[{"href":"https:\/\/www.demusculos.com\/web\/wp-json\/wp\/v2\/product"}],"about":[{"href":"https:\/\/www.demusculos.com\/web\/wp-json\/wp\/v2\/types\/product"}],"replies":[{"embeddable":true,"href":"https:\/\/www.demusculos.com\/web\/wp-json\/wp\/v2\/comments?post=4859"}],"wp:featuredmedia":[{"embeddable":true,"href":"https:\/\/www.demusculos.com\/web\/wp-json\/wp\/v2\/media\/4860"}],"wp:attachment":[{"href":"https:\/\/www.demusculos.com\/web\/wp-json\/wp\/v2\/media?parent=4859"}],"wp:term":[{"taxonomy":"product_brand","embeddable":true,"href":"https:\/\/www.demusculos.com\/web\/wp-json\/wp\/v2\/product_brand?post=4859"},{"taxonomy":"product_cat","embeddable":true,"href":"https:\/\/www.demusculos.com\/web\/wp-json\/wp\/v2\/product_cat?post=4859"},{"taxonomy":"product_tag","embeddable":true,"href":"https:\/\/www.demusculos.com\/web\/wp-json\/wp\/v2\/product_tag?post=4859"}],"curies":[{"name":"wp","href":"https:\/\/api.w.org\/{rel}","templated":true}]}}