{"id":497,"date":"2024-02-23T13:23:50","date_gmt":"2024-02-23T16:23:50","guid":{"rendered":"https:\/\/www.demusculos.com\/web\/?post_type=product&#038;p=497"},"modified":"2026-03-17T06:05:21","modified_gmt":"2026-03-17T09:05:21","slug":"pump-3d-ripped-de-star-nutrition-pre-entreno-quemador-de-grasas","status":"publish","type":"product","link":"https:\/\/www.demusculos.com\/web\/producto\/pump-3d-ripped-de-star-nutrition-pre-entreno-quemador-de-grasas\/","title":{"rendered":"Pump 3D Ripped de Star Nutrition Pre Entreno + Quemador de grasas"},"content":{"rendered":"<h2>Pump 3D Ripped<\/h2>\n<p>Pump 3D Ripped es una formula ideal para poder elevar la energ\u00eda antes, durante y luego del entrenamiento. Tambi\u00e9n es excelente para poder quemar grasas.<\/p>\n<p><img decoding=\"async\" class=\"alignnone size-medium wp-image-246\" src=\"https:\/\/www.demusculos.com\/web\/wp-content\/uploads\/2024\/02\/logo-star-nutrition-300x69.png\" alt=\"\" width=\"300\" height=\"69\" srcset=\"https:\/\/www.demusculos.com\/web\/wp-content\/uploads\/2024\/02\/logo-star-nutrition-300x69.png 300w, https:\/\/www.demusculos.com\/web\/wp-content\/uploads\/2024\/02\/logo-star-nutrition-150x35.png 150w, https:\/\/www.demusculos.com\/web\/wp-content\/uploads\/2024\/02\/logo-star-nutrition-416x96.png 416w, https:\/\/www.demusculos.com\/web\/wp-content\/uploads\/2024\/02\/logo-star-nutrition.png 446w\" sizes=\"(max-width: 300px) 100vw, 300px\" \/><\/p>\n<figure id=\"attachment_6377\" aria-describedby=\"caption-attachment-6377\" style=\"width: 1080px\" class=\"wp-caption alignnone\"><img fetchpriority=\"high\" decoding=\"async\" class=\"wp-image-6377 size-full\" title=\"Pump 3D Ripped de Star Nutrition\" src=\"https:\/\/www.demusculos.com\/web\/wp-content\/uploads\/2024\/02\/pump-ripped-315grs-star-banner01.jpg\" alt=\"Pump 3D Ripped 315 grs Star Nutrition\" width=\"1080\" height=\"1080\" srcset=\"https:\/\/www.demusculos.com\/web\/wp-content\/uploads\/2024\/02\/pump-ripped-315grs-star-banner01.jpg 1080w, https:\/\/www.demusculos.com\/web\/wp-content\/uploads\/2024\/02\/pump-ripped-315grs-star-banner01-300x300.jpg 300w, https:\/\/www.demusculos.com\/web\/wp-content\/uploads\/2024\/02\/pump-ripped-315grs-star-banner01-150x150.jpg 150w, https:\/\/www.demusculos.com\/web\/wp-content\/uploads\/2024\/02\/pump-ripped-315grs-star-banner01-800x800.jpg 800w, https:\/\/www.demusculos.com\/web\/wp-content\/uploads\/2024\/02\/pump-ripped-315grs-star-banner01-1024x1024.jpg 1024w, https:\/\/www.demusculos.com\/web\/wp-content\/uploads\/2024\/02\/pump-ripped-315grs-star-banner01-768x768.jpg 768w\" sizes=\"(max-width: 1080px) 100vw, 1080px\" \/><figcaption id=\"caption-attachment-6377\" class=\"wp-caption-text\">Un excelente pre entrenamiento<\/figcaption><\/figure>\n<h2 class=\"\" data-sourcepos=\"1:1-1:43\">\u00a1Desata tu potencial con Pump 3D Ripped!<\/h2>\n<p data-sourcepos=\"3:1-3:78\"><strong>El pre-entrenamiento m\u00e1s avanzado con quemador de grasa de Star Nutrition.<\/strong><\/p>\n<p data-sourcepos=\"5:1-5:65\"><strong>\u00bfEst\u00e1s listo para llevar tu entrenamiento al siguiente nivel?<\/strong><\/p>\n<p data-sourcepos=\"7:1-7:77\">Pump 3D Ripped es la f\u00f3rmula explosiva que necesitas para superar tus l\u00edmites y alcanzar tus objetivos de fitness m\u00e1s r\u00e1pido que nunca.<\/p>\n<p data-sourcepos=\"9:1-9:40\"><strong>M\u00e1s que un simple pre-entrenamiento:<\/strong><\/p>\n<ul data-sourcepos=\"11:1-11:41\">\n<li data-sourcepos=\"11:1-11:41\"><strong>Potencia extrema:<\/strong>\u00a0Entrena con mayor intensidad y explosividad gracias a su f\u00f3rmula energizante.<\/li>\n<li data-sourcepos=\"12:1-12:89\"><strong>M\u00e1xima concentraci\u00f3n:<\/strong>\u00a0Mant\u00e9n el foco y la motivaci\u00f3n durante todo tu entrenamiento.<\/li>\n<li data-sourcepos=\"13:1-13:114\"><strong>Bombeo muscular sin igual:<\/strong>\u00a0Experimenta una vasodilataci\u00f3n incre\u00edble y un volumen muscular nunca antes visto.<\/li>\n<li data-sourcepos=\"14:1-15:0\"><strong>Quema grasa efectiva:<\/strong>\u00a0Elimina el exceso de grasa y define tu musculatura.<\/li>\n<\/ul>\n<figure id=\"attachment_6378\" aria-describedby=\"caption-attachment-6378\" style=\"width: 1080px\" class=\"wp-caption alignnone\"><img decoding=\"async\" class=\"wp-image-6378 size-full\" title=\"Beneficios de Pump 3D Ripped de Star Nutrition\" src=\"https:\/\/www.demusculos.com\/web\/wp-content\/uploads\/2024\/02\/pump-ripped-315grs-star-banner02.jpg\" alt=\"Pump 3D Ripped 315 grs Star Nutrition\" width=\"1080\" height=\"1080\" srcset=\"https:\/\/www.demusculos.com\/web\/wp-content\/uploads\/2024\/02\/pump-ripped-315grs-star-banner02.jpg 1080w, https:\/\/www.demusculos.com\/web\/wp-content\/uploads\/2024\/02\/pump-ripped-315grs-star-banner02-300x300.jpg 300w, https:\/\/www.demusculos.com\/web\/wp-content\/uploads\/2024\/02\/pump-ripped-315grs-star-banner02-150x150.jpg 150w, https:\/\/www.demusculos.com\/web\/wp-content\/uploads\/2024\/02\/pump-ripped-315grs-star-banner02-800x800.jpg 800w, https:\/\/www.demusculos.com\/web\/wp-content\/uploads\/2024\/02\/pump-ripped-315grs-star-banner02-1024x1024.jpg 1024w, https:\/\/www.demusculos.com\/web\/wp-content\/uploads\/2024\/02\/pump-ripped-315grs-star-banner02-768x768.jpg 768w\" sizes=\"(max-width: 1080px) 100vw, 1080px\" \/><figcaption id=\"caption-attachment-6378\" class=\"wp-caption-text\">Beneficios<\/figcaption><\/figure>\n<p data-sourcepos=\"16:1-16:24\"><strong>La f\u00f3rmula perfecta:<\/strong><\/p>\n<ul data-sourcepos=\"18:1-21:0\">\n<li data-sourcepos=\"18:1-18:120\"><strong>Combinaci\u00f3n sin\u00e9rgica de ingredientes:<\/strong>\u00a0Creada por expertos en nutrici\u00f3n deportiva para obtener resultados m\u00e1ximos.<\/li>\n<li data-sourcepos=\"19:1-19:105\"><strong>Enriquecido con vitaminas y minerales:<\/strong>\u00a0Aporta los nutrientes esenciales para un rendimiento \u00f3ptimo.<\/li>\n<li data-sourcepos=\"20:1-21:0\"><strong>Sin az\u00facar ni calor\u00edas:<\/strong>\u00a0Disfruta de sus beneficios sin culpa.<\/li>\n<\/ul>\n<p data-sourcepos=\"22:1-22:29\"><strong>Resultados incomparables:<\/strong><\/p>\n<ul data-sourcepos=\"24:1-24:33\">\n<li data-sourcepos=\"24:1-24:33\"><strong>Mayor fuerza y resistencia:<\/strong>\u00a0Desarrolla tu potencial muscular al m\u00e1ximo.<\/li>\n<li data-sourcepos=\"25:1-25:74\"><strong>Entrenamientos m\u00e1s intensos:<\/strong>\u00a0Quema m\u00e1s calor\u00edas y esculpe tu cuerpo.<\/li>\n<li data-sourcepos=\"26:1-26:84\"><strong>Definici\u00f3n muscular superior:<\/strong>\u00a0Consigue la musculatura que siempre has deseado.<\/li>\n<li data-sourcepos=\"27:1-28:0\"><strong>P\u00e9rdida de grasa efectiva:<\/strong>\u00a0Elimina los michelines y luce un cuerpo m\u00e1s definido.<\/li>\n<\/ul>\n<figure id=\"attachment_6380\" aria-describedby=\"caption-attachment-6380\" style=\"width: 1080px\" class=\"wp-caption alignnone\"><img loading=\"lazy\" decoding=\"async\" class=\"wp-image-6380 size-full\" title=\"Informaci\u00f3n Nutricional de Pump 3D Ripped de Star Nutrition\" src=\"https:\/\/www.demusculos.com\/web\/wp-content\/uploads\/2024\/02\/pump-ripped-315grs-star-banner03.jpg\" alt=\"Pump 3D Ripped 315 grs Star Nutrition - La f\u00f3rmula\" width=\"1080\" height=\"1080\" srcset=\"https:\/\/www.demusculos.com\/web\/wp-content\/uploads\/2024\/02\/pump-ripped-315grs-star-banner03.jpg 1080w, https:\/\/www.demusculos.com\/web\/wp-content\/uploads\/2024\/02\/pump-ripped-315grs-star-banner03-300x300.jpg 300w, https:\/\/www.demusculos.com\/web\/wp-content\/uploads\/2024\/02\/pump-ripped-315grs-star-banner03-150x150.jpg 150w, https:\/\/www.demusculos.com\/web\/wp-content\/uploads\/2024\/02\/pump-ripped-315grs-star-banner03-800x800.jpg 800w, https:\/\/www.demusculos.com\/web\/wp-content\/uploads\/2024\/02\/pump-ripped-315grs-star-banner03-1024x1024.jpg 1024w, https:\/\/www.demusculos.com\/web\/wp-content\/uploads\/2024\/02\/pump-ripped-315grs-star-banner03-768x768.jpg 768w\" sizes=\"(max-width: 1080px) 100vw, 1080px\" \/><figcaption id=\"caption-attachment-6380\" class=\"wp-caption-text\">Informaci\u00f3n Nutricional<\/figcaption><\/figure>\n<p data-sourcepos=\"29:1-29:71\">Este pre work es tu aliado perfecto para alcanzar tus metas fitness.<\/p>\n<p data-sourcepos=\"31:1-31:49\"><strong>\u00a1Pru\u00e9balo hoy mismo y descubre la diferencia!<\/strong><\/p>\n<p data-sourcepos=\"33:1-33:57\"><strong>Compra ahora y aprovecha nuestras ofertas exclusivas.<\/strong><\/p>\n<p data-sourcepos=\"35:1-35:51\"><strong>Visita nuestra p\u00e1gina web para m\u00e1s informaci\u00f3n.<\/strong><\/p>\n<p data-sourcepos=\"37:1-37:164\"><strong>#Pump3DRipped #StarNutrition #PreEntrenamiento #QuemadorDeGrasa #Fitness #Entrenamiento #Resultados #Potencia #Concentraci\u00f3n #BombeoMuscular #Definici\u00f3nMuscular<\/strong><\/p>\n<p data-sourcepos=\"39:1-39:13\"><strong>Recuerda:<\/strong><\/p>\n<ul data-sourcepos=\"41:1-45:0\">\n<li data-sourcepos=\"41:1-41:100\"><strong>Consulta con tu m\u00e9dico antes de comenzar cualquier programa de entrenamiento o suplementaci\u00f3n.<\/strong><\/li>\n<li data-sourcepos=\"42:1-42:80\"><strong>Lee las instrucciones de uso cuidadosamente antes de consumir el producto.<\/strong><\/li>\n<li data-sourcepos=\"43:1-43:45\"><strong>No superar la dosis diaria recomendada.<\/strong><\/li>\n<li data-sourcepos=\"44:1-45:0\"><strong>Mantener fuera del alcance de los ni\u00f1os.<\/strong><\/li>\n<\/ul>\n<p data-sourcepos=\"46:1-46:60\"><strong>\u00a1Empieza tu transformaci\u00f3n hoy mismo con Pump 3D Ripped!<\/strong><\/p>\n<figure id=\"attachment_6381\" aria-describedby=\"caption-attachment-6381\" style=\"width: 1080px\" class=\"wp-caption alignnone\"><img loading=\"lazy\" decoding=\"async\" class=\"wp-image-6381 size-full\" title=\"Datos destacados de la formula de Pump 3D Ripped de Star Nutrition\" src=\"https:\/\/www.demusculos.com\/web\/wp-content\/uploads\/2024\/02\/pump-ripped-315grs-star-banner04.jpg\" alt=\"Lo m\u00e1s destacado de Pump 3D Ripped 315 grs Star Nutrition\" width=\"1080\" height=\"1080\" srcset=\"https:\/\/www.demusculos.com\/web\/wp-content\/uploads\/2024\/02\/pump-ripped-315grs-star-banner04.jpg 1080w, https:\/\/www.demusculos.com\/web\/wp-content\/uploads\/2024\/02\/pump-ripped-315grs-star-banner04-300x300.jpg 300w, https:\/\/www.demusculos.com\/web\/wp-content\/uploads\/2024\/02\/pump-ripped-315grs-star-banner04-150x150.jpg 150w, https:\/\/www.demusculos.com\/web\/wp-content\/uploads\/2024\/02\/pump-ripped-315grs-star-banner04-800x800.jpg 800w, https:\/\/www.demusculos.com\/web\/wp-content\/uploads\/2024\/02\/pump-ripped-315grs-star-banner04-1024x1024.jpg 1024w, https:\/\/www.demusculos.com\/web\/wp-content\/uploads\/2024\/02\/pump-ripped-315grs-star-banner04-768x768.jpg 768w\" sizes=\"(max-width: 1080px) 100vw, 1080px\" \/><figcaption id=\"caption-attachment-6381\" class=\"wp-caption-text\">Datos relevantes del suplemento natural<\/figcaption><\/figure>\n<figure id=\"attachment_6382\" aria-describedby=\"caption-attachment-6382\" style=\"width: 1080px\" class=\"wp-caption alignnone\"><img loading=\"lazy\" decoding=\"async\" class=\"wp-image-6382 size-full\" title=\"Sabores de Pump 3D Ripped de Star Nutrition\" src=\"https:\/\/www.demusculos.com\/web\/wp-content\/uploads\/2024\/02\/pump-ripped-315grs-star-banner05-sabores.jpg\" alt=\"Sabores de Pump 3D Ripped 315 grs Star Nutrition\" width=\"1080\" height=\"1080\" srcset=\"https:\/\/www.demusculos.com\/web\/wp-content\/uploads\/2024\/02\/pump-ripped-315grs-star-banner05-sabores.jpg 1080w, https:\/\/www.demusculos.com\/web\/wp-content\/uploads\/2024\/02\/pump-ripped-315grs-star-banner05-sabores-300x300.jpg 300w, https:\/\/www.demusculos.com\/web\/wp-content\/uploads\/2024\/02\/pump-ripped-315grs-star-banner05-sabores-150x150.jpg 150w, https:\/\/www.demusculos.com\/web\/wp-content\/uploads\/2024\/02\/pump-ripped-315grs-star-banner05-sabores-800x800.jpg 800w, https:\/\/www.demusculos.com\/web\/wp-content\/uploads\/2024\/02\/pump-ripped-315grs-star-banner05-sabores-1024x1024.jpg 1024w, https:\/\/www.demusculos.com\/web\/wp-content\/uploads\/2024\/02\/pump-ripped-315grs-star-banner05-sabores-768x768.jpg 768w\" sizes=\"(max-width: 1080px) 100vw, 1080px\" \/><figcaption id=\"caption-attachment-6382\" class=\"wp-caption-text\">Sabores disponibles<\/figcaption><\/figure>\n","protected":false},"excerpt":{"rendered":"<p>Pre entrenamiento. Ideal para aumentar la energ\u00eda antes, durante y luego del entrenamiento. Se prepara con agua. Fabricado por Star Nutrition.<\/p>\n","protected":false},"featured_media":498,"comment_status":"closed","ping_status":"closed","template":"","meta":[],"product_brand":[220],"product_cat":[39],"product_tag":[86,96,89,92,26],"class_list":{"0":"post-497","1":"product","2":"type-product","3":"status-publish","4":"has-post-thumbnail","6":"product_brand-star-nutrition","7":"product_cat-pre-entrenamiento","8":"product_tag-energia","9":"product_tag-pre-work","10":"product_tag-quemador","11":"product_tag-ripped-fast","12":"product_tag-star-nutrition","14":"first","15":"instock","16":"sale","17":"shipping-taxable","18":"purchasable","19":"product-type-simple"},"yoast_head":"<!-- This site is optimized with the Yoast SEO plugin v27.3 - https:\/\/yoast.com\/product\/yoast-seo-wordpress\/ -->\n<title>Pump 3D Ripped | 315 grs | Pre Work | Star Nutrition | DeMusculos<\/title>\n<meta name=\"description\" content=\"Pump 3D Ripped de Star es el pre entrenamiento elegido, adem\u00e1s de aumentar la energ\u00eda tiene componentes que queman la grasa corporal. Env\u00edo. Cuotas.\" \/>\n<meta name=\"robots\" content=\"index, follow, max-snippet:-1, max-image-preview:large, max-video-preview:-1\" \/>\n<link rel=\"canonical\" href=\"https:\/\/www.demusculos.com\/web\/producto\/pump-3d-ripped-de-star-nutrition-pre-entreno-quemador-de-grasas\/\" \/>\n<meta property=\"og:locale\" content=\"es_ES\" \/>\n<meta property=\"og:type\" content=\"article\" \/>\n<meta property=\"og:title\" content=\"Pump 3D Ripped | 315 grs | Pre Work | Star Nutrition | DeMusculos\" \/>\n<meta property=\"og:description\" content=\"Pump 3D Ripped de Star es el pre entrenamiento elegido, adem\u00e1s de aumentar la energ\u00eda tiene componentes que queman la grasa corporal. Env\u00edo. Cuotas.\" \/>\n<meta property=\"og:url\" content=\"https:\/\/www.demusculos.com\/web\/producto\/pump-3d-ripped-de-star-nutrition-pre-entreno-quemador-de-grasas\/\" \/>\n<meta property=\"og:site_name\" content=\"DeMusculos\" \/>\n<meta property=\"article:publisher\" content=\"https:\/\/www.facebook.com\/demusculos\" \/>\n<meta property=\"article:modified_time\" content=\"2026-03-17T09:05:21+00:00\" \/>\n<meta property=\"og:image\" content=\"https:\/\/www.demusculos.com\/web\/wp-content\/uploads\/2024\/02\/nuevo-pump-3d-ripped.jpg\" \/>\n\t<meta property=\"og:image:width\" content=\"1200\" \/>\n\t<meta property=\"og:image:height\" content=\"1200\" \/>\n\t<meta property=\"og:image:type\" content=\"image\/jpeg\" \/>\n<meta name=\"twitter:card\" content=\"summary_large_image\" \/>\n<meta name=\"twitter:site\" content=\"@demusculos\" \/>\n<meta name=\"twitter:label1\" content=\"Tiempo de lectura\" \/>\n\t<meta name=\"twitter:data1\" content=\"3 minutos\" \/>\n<script type=\"application\/ld+json\" class=\"yoast-schema-graph\">{\"@context\":\"https:\\\/\\\/schema.org\",\"@graph\":[{\"@type\":\"WebPage\",\"@id\":\"https:\\\/\\\/www.demusculos.com\\\/web\\\/producto\\\/pump-3d-ripped-de-star-nutrition-pre-entreno-quemador-de-grasas\\\/\",\"url\":\"https:\\\/\\\/www.demusculos.com\\\/web\\\/producto\\\/pump-3d-ripped-de-star-nutrition-pre-entreno-quemador-de-grasas\\\/\",\"name\":\"Pump 3D Ripped | 315 grs | Pre Work | Star Nutrition | DeMusculos\",\"isPartOf\":{\"@id\":\"https:\\\/\\\/www.demusculos.com\\\/web\\\/#website\"},\"primaryImageOfPage\":{\"@id\":\"https:\\\/\\\/www.demusculos.com\\\/web\\\/producto\\\/pump-3d-ripped-de-star-nutrition-pre-entreno-quemador-de-grasas\\\/#primaryimage\"},\"image\":{\"@id\":\"https:\\\/\\\/www.demusculos.com\\\/web\\\/producto\\\/pump-3d-ripped-de-star-nutrition-pre-entreno-quemador-de-grasas\\\/#primaryimage\"},\"thumbnailUrl\":\"https:\\\/\\\/www.demusculos.com\\\/web\\\/wp-content\\\/uploads\\\/2024\\\/02\\\/nuevo-pump-3d-ripped.jpg\",\"datePublished\":\"2024-02-23T16:23:50+00:00\",\"dateModified\":\"2026-03-17T09:05:21+00:00\",\"description\":\"Pump 3D Ripped de Star es el pre entrenamiento elegido, adem\u00e1s de aumentar la energ\u00eda tiene componentes que queman la grasa corporal. Env\u00edo. Cuotas.\",\"breadcrumb\":{\"@id\":\"https:\\\/\\\/www.demusculos.com\\\/web\\\/producto\\\/pump-3d-ripped-de-star-nutrition-pre-entreno-quemador-de-grasas\\\/#breadcrumb\"},\"inLanguage\":\"es\",\"potentialAction\":[{\"@type\":\"ReadAction\",\"target\":[\"https:\\\/\\\/www.demusculos.com\\\/web\\\/producto\\\/pump-3d-ripped-de-star-nutrition-pre-entreno-quemador-de-grasas\\\/\"]}]},{\"@type\":\"ImageObject\",\"inLanguage\":\"es\",\"@id\":\"https:\\\/\\\/www.demusculos.com\\\/web\\\/producto\\\/pump-3d-ripped-de-star-nutrition-pre-entreno-quemador-de-grasas\\\/#primaryimage\",\"url\":\"https:\\\/\\\/www.demusculos.com\\\/web\\\/wp-content\\\/uploads\\\/2024\\\/02\\\/nuevo-pump-3d-ripped.jpg\",\"contentUrl\":\"https:\\\/\\\/www.demusculos.com\\\/web\\\/wp-content\\\/uploads\\\/2024\\\/02\\\/nuevo-pump-3d-ripped.jpg\",\"width\":1200,\"height\":1200},{\"@type\":\"BreadcrumbList\",\"@id\":\"https:\\\/\\\/www.demusculos.com\\\/web\\\/producto\\\/pump-3d-ripped-de-star-nutrition-pre-entreno-quemador-de-grasas\\\/#breadcrumb\",\"itemListElement\":[{\"@type\":\"ListItem\",\"position\":1,\"name\":\"Inicio\",\"item\":\"https:\\\/\\\/www.demusculos.com\\\/web\\\/\"},{\"@type\":\"ListItem\",\"position\":2,\"name\":\"Suplementos\",\"item\":\"https:\\\/\\\/www.demusculos.com\\\/web\\\/tienda\\\/\"},{\"@type\":\"ListItem\",\"position\":3,\"name\":\"Pump 3D Ripped de Star Nutrition Pre Entreno + Quemador de grasas\"}]},{\"@type\":\"WebSite\",\"@id\":\"https:\\\/\\\/www.demusculos.com\\\/web\\\/#website\",\"url\":\"https:\\\/\\\/www.demusculos.com\\\/web\\\/\",\"name\":\"DeMusculos.com\",\"description\":\"Suplementos Naturales\",\"publisher\":{\"@id\":\"https:\\\/\\\/www.demusculos.com\\\/web\\\/#organization\"},\"alternateName\":\"Suplementos Naturales\",\"potentialAction\":[{\"@type\":\"SearchAction\",\"target\":{\"@type\":\"EntryPoint\",\"urlTemplate\":\"https:\\\/\\\/www.demusculos.com\\\/web\\\/?s={search_term_string}\"},\"query-input\":{\"@type\":\"PropertyValueSpecification\",\"valueRequired\":true,\"valueName\":\"search_term_string\"}}],\"inLanguage\":\"es\"},{\"@type\":\"Organization\",\"@id\":\"https:\\\/\\\/www.demusculos.com\\\/web\\\/#organization\",\"name\":\"DeMusculos.com\",\"alternateName\":\"DeMusculos\",\"url\":\"https:\\\/\\\/www.demusculos.com\\\/web\\\/\",\"logo\":{\"@type\":\"ImageObject\",\"inLanguage\":\"es\",\"@id\":\"https:\\\/\\\/www.demusculos.com\\\/web\\\/#\\\/schema\\\/logo\\\/image\\\/\",\"url\":\"https:\\\/\\\/www.demusculos.com\\\/web\\\/wp-content\\\/uploads\\\/2024\\\/02\\\/logo-demusculos-prestashop-usuario.png\",\"contentUrl\":\"https:\\\/\\\/www.demusculos.com\\\/web\\\/wp-content\\\/uploads\\\/2024\\\/02\\\/logo-demusculos-prestashop-usuario.png\",\"width\":150,\"height\":150,\"caption\":\"DeMusculos.com\"},\"image\":{\"@id\":\"https:\\\/\\\/www.demusculos.com\\\/web\\\/#\\\/schema\\\/logo\\\/image\\\/\"},\"sameAs\":[\"https:\\\/\\\/www.facebook.com\\\/demusculos\",\"https:\\\/\\\/x.com\\\/demusculos\",\"https:\\\/\\\/www.instagram.com\\\/demusculos\",\"https:\\\/\\\/www.tiktok.com\\\/@demusculos.com\"]}]}<\/script>\n<!-- \/ Yoast SEO plugin. -->","yoast_head_json":{"title":"Pump 3D Ripped | 315 grs | Pre Work | Star Nutrition | DeMusculos","description":"Pump 3D Ripped de Star es el pre entrenamiento elegido, adem\u00e1s de aumentar la energ\u00eda tiene componentes que queman la grasa corporal. Env\u00edo. Cuotas.","robots":{"index":"index","follow":"follow","max-snippet":"max-snippet:-1","max-image-preview":"max-image-preview:large","max-video-preview":"max-video-preview:-1"},"canonical":"https:\/\/www.demusculos.com\/web\/producto\/pump-3d-ripped-de-star-nutrition-pre-entreno-quemador-de-grasas\/","og_locale":"es_ES","og_type":"article","og_title":"Pump 3D Ripped | 315 grs | Pre Work | Star Nutrition | DeMusculos","og_description":"Pump 3D Ripped de Star es el pre entrenamiento elegido, adem\u00e1s de aumentar la energ\u00eda tiene componentes que queman la grasa corporal. Env\u00edo. Cuotas.","og_url":"https:\/\/www.demusculos.com\/web\/producto\/pump-3d-ripped-de-star-nutrition-pre-entreno-quemador-de-grasas\/","og_site_name":"DeMusculos","article_publisher":"https:\/\/www.facebook.com\/demusculos","article_modified_time":"2026-03-17T09:05:21+00:00","og_image":[{"width":1200,"height":1200,"url":"https:\/\/www.demusculos.com\/web\/wp-content\/uploads\/2024\/02\/nuevo-pump-3d-ripped.jpg","type":"image\/jpeg"}],"twitter_card":"summary_large_image","twitter_site":"@demusculos","twitter_misc":{"Tiempo de lectura":"3 minutos"},"schema":{"@context":"https:\/\/schema.org","@graph":[{"@type":"WebPage","@id":"https:\/\/www.demusculos.com\/web\/producto\/pump-3d-ripped-de-star-nutrition-pre-entreno-quemador-de-grasas\/","url":"https:\/\/www.demusculos.com\/web\/producto\/pump-3d-ripped-de-star-nutrition-pre-entreno-quemador-de-grasas\/","name":"Pump 3D Ripped | 315 grs | Pre Work | Star Nutrition | DeMusculos","isPartOf":{"@id":"https:\/\/www.demusculos.com\/web\/#website"},"primaryImageOfPage":{"@id":"https:\/\/www.demusculos.com\/web\/producto\/pump-3d-ripped-de-star-nutrition-pre-entreno-quemador-de-grasas\/#primaryimage"},"image":{"@id":"https:\/\/www.demusculos.com\/web\/producto\/pump-3d-ripped-de-star-nutrition-pre-entreno-quemador-de-grasas\/#primaryimage"},"thumbnailUrl":"https:\/\/www.demusculos.com\/web\/wp-content\/uploads\/2024\/02\/nuevo-pump-3d-ripped.jpg","datePublished":"2024-02-23T16:23:50+00:00","dateModified":"2026-03-17T09:05:21+00:00","description":"Pump 3D Ripped de Star es el pre entrenamiento elegido, adem\u00e1s de aumentar la energ\u00eda tiene componentes que queman la grasa corporal. Env\u00edo. Cuotas.","breadcrumb":{"@id":"https:\/\/www.demusculos.com\/web\/producto\/pump-3d-ripped-de-star-nutrition-pre-entreno-quemador-de-grasas\/#breadcrumb"},"inLanguage":"es","potentialAction":[{"@type":"ReadAction","target":["https:\/\/www.demusculos.com\/web\/producto\/pump-3d-ripped-de-star-nutrition-pre-entreno-quemador-de-grasas\/"]}]},{"@type":"ImageObject","inLanguage":"es","@id":"https:\/\/www.demusculos.com\/web\/producto\/pump-3d-ripped-de-star-nutrition-pre-entreno-quemador-de-grasas\/#primaryimage","url":"https:\/\/www.demusculos.com\/web\/wp-content\/uploads\/2024\/02\/nuevo-pump-3d-ripped.jpg","contentUrl":"https:\/\/www.demusculos.com\/web\/wp-content\/uploads\/2024\/02\/nuevo-pump-3d-ripped.jpg","width":1200,"height":1200},{"@type":"BreadcrumbList","@id":"https:\/\/www.demusculos.com\/web\/producto\/pump-3d-ripped-de-star-nutrition-pre-entreno-quemador-de-grasas\/#breadcrumb","itemListElement":[{"@type":"ListItem","position":1,"name":"Inicio","item":"https:\/\/www.demusculos.com\/web\/"},{"@type":"ListItem","position":2,"name":"Suplementos","item":"https:\/\/www.demusculos.com\/web\/tienda\/"},{"@type":"ListItem","position":3,"name":"Pump 3D Ripped de Star Nutrition Pre Entreno + Quemador de grasas"}]},{"@type":"WebSite","@id":"https:\/\/www.demusculos.com\/web\/#website","url":"https:\/\/www.demusculos.com\/web\/","name":"DeMusculos.com","description":"Suplementos Naturales","publisher":{"@id":"https:\/\/www.demusculos.com\/web\/#organization"},"alternateName":"Suplementos Naturales","potentialAction":[{"@type":"SearchAction","target":{"@type":"EntryPoint","urlTemplate":"https:\/\/www.demusculos.com\/web\/?s={search_term_string}"},"query-input":{"@type":"PropertyValueSpecification","valueRequired":true,"valueName":"search_term_string"}}],"inLanguage":"es"},{"@type":"Organization","@id":"https:\/\/www.demusculos.com\/web\/#organization","name":"DeMusculos.com","alternateName":"DeMusculos","url":"https:\/\/www.demusculos.com\/web\/","logo":{"@type":"ImageObject","inLanguage":"es","@id":"https:\/\/www.demusculos.com\/web\/#\/schema\/logo\/image\/","url":"https:\/\/www.demusculos.com\/web\/wp-content\/uploads\/2024\/02\/logo-demusculos-prestashop-usuario.png","contentUrl":"https:\/\/www.demusculos.com\/web\/wp-content\/uploads\/2024\/02\/logo-demusculos-prestashop-usuario.png","width":150,"height":150,"caption":"DeMusculos.com"},"image":{"@id":"https:\/\/www.demusculos.com\/web\/#\/schema\/logo\/image\/"},"sameAs":["https:\/\/www.facebook.com\/demusculos","https:\/\/x.com\/demusculos","https:\/\/www.instagram.com\/demusculos","https:\/\/www.tiktok.com\/@demusculos.com"]}]}},"_links":{"self":[{"href":"https:\/\/www.demusculos.com\/web\/wp-json\/wp\/v2\/product\/497","targetHints":{"allow":["GET"]}}],"collection":[{"href":"https:\/\/www.demusculos.com\/web\/wp-json\/wp\/v2\/product"}],"about":[{"href":"https:\/\/www.demusculos.com\/web\/wp-json\/wp\/v2\/types\/product"}],"replies":[{"embeddable":true,"href":"https:\/\/www.demusculos.com\/web\/wp-json\/wp\/v2\/comments?post=497"}],"wp:featuredmedia":[{"embeddable":true,"href":"https:\/\/www.demusculos.com\/web\/wp-json\/wp\/v2\/media\/498"}],"wp:attachment":[{"href":"https:\/\/www.demusculos.com\/web\/wp-json\/wp\/v2\/media?parent=497"}],"wp:term":[{"taxonomy":"product_brand","embeddable":true,"href":"https:\/\/www.demusculos.com\/web\/wp-json\/wp\/v2\/product_brand?post=497"},{"taxonomy":"product_cat","embeddable":true,"href":"https:\/\/www.demusculos.com\/web\/wp-json\/wp\/v2\/product_cat?post=497"},{"taxonomy":"product_tag","embeddable":true,"href":"https:\/\/www.demusculos.com\/web\/wp-json\/wp\/v2\/product_tag?post=497"}],"curies":[{"name":"wp","href":"https:\/\/api.w.org\/{rel}","templated":true}]}}