{"id":6074,"date":"2024-08-11T21:03:22","date_gmt":"2024-08-12T00:03:22","guid":{"rendered":"https:\/\/www.demusculos.com\/web\/?post_type=product&#038;p=6074"},"modified":"2026-02-06T19:59:10","modified_gmt":"2026-02-06T22:59:10","slug":"advanced-whey-creatuba-250-xtrenght","status":"publish","type":"product","link":"https:\/\/www.demusculos.com\/web\/producto\/advanced-whey-creatuba-250-xtrenght\/","title":{"rendered":"Advanced Whey 2 lbs Xtrenght + Creatina 250 grs Xtrenght"},"content":{"rendered":"<figure id=\"attachment_128\" aria-describedby=\"caption-attachment-128\" style=\"width: 300px\" class=\"wp-caption alignnone\"><img decoding=\"async\" class=\"size-full wp-image-128\" src=\"https:\/\/www.demusculos.com\/web\/wp-content\/uploads\/2024\/02\/logo-xtrenght-nutrition.png\" alt=\"Los mejores suplementos naturales son Xtrenght Nutrition: Ganadores de peso, amino\u00e1cidos, glutamina, creatina y amino\u00e1cidos BCAA\" width=\"300\" height=\"60\" srcset=\"https:\/\/www.demusculos.com\/web\/wp-content\/uploads\/2024\/02\/logo-xtrenght-nutrition.png 300w, https:\/\/www.demusculos.com\/web\/wp-content\/uploads\/2024\/02\/logo-xtrenght-nutrition-150x30.png 150w\" sizes=\"(max-width: 300px) 100vw, 300px\" \/><figcaption id=\"caption-attachment-128\" class=\"wp-caption-text\">Fabricado por Xtrenght Nutrition. Una de las empresas de nutrici\u00f3n con m\u00e1s trayectoria de toda la Argentina.<\/figcaption><\/figure>\n<p><strong>Caracter\u00edsticas principales de la prote\u00edna Advanced Whey de Xtrenght Nutrition: <\/strong><\/p>\n<p>Esta prote\u00edna contiene una mezcla de tres tipos de prote\u00edna: Prote\u00edna ISOLATE de alta calidad + Prote\u00edna Hidrolizada + Prote\u00edna Concentrada.<\/p>\n<p><strong>Combo compuesto por prote\u00edna + creatina.<\/strong><\/p>\n<p>Prote\u00edna de suero de leche Advanced Whey Protein de 2 lbs (907 grs) + Creatina 250 grs de Xtrenght Protein. Calidad superior en prote\u00ednas y creatina.<\/p>\n<p>Combo idea para aumento de masa muscular, rendimiento y recuperaci\u00f3n. La Creatina es ideal para poder maximizar la recuperaci\u00f3n del m\u00fasculo y prevenir la fatiga.<\/p>\n<p><strong>\u00bfComo debo tomar este combo?<\/strong><\/p>\n<p>Se puede tomar de varias formas. La mejor forma de potenciar los resultados es:<br \/>\nAntes de entrenar podemos tomar la creatina. Esto permite que no nos fatiguemos durante el entrenamiento.<br \/>\nSe puede preparar con agua o jugos.<br \/>\nSe puede tomar antes o durante el entrenamiento.<\/p>\n<p>Luego de entrenar tomar una medida de Advanced Whey.<br \/>\nEsto nos permite maximizar la recuperaci\u00f3n luego del entrenamiento.<br \/>\nA m\u00e1s recuperaci\u00f3n, m\u00e1s rendimiento y masa muscular.<br \/>\nSe puede preparar la prote\u00edna con agua o leche de tipo descremada.<\/p>\n<p>Plan para un total de 1 mes de entrenamiento.<\/p>\n<p>&nbsp;<\/p>\n","protected":false},"excerpt":{"rendered":"<p>Combo para aumento de masa muscular y aumento de rendimiento, incluye una creatina 250 grs de la misma marca para una recuperaci\u00f3n y aumento de masa muscular m\u00e1s r\u00e1pida.<\/p>\n","protected":false},"featured_media":6079,"comment_status":"closed","ping_status":"closed","template":"","meta":[],"product_brand":[233],"product_cat":[71,208],"product_tag":[36],"class_list":{"0":"post-6074","1":"product","2":"type-product","3":"status-publish","4":"has-post-thumbnail","6":"product_brand-xtrenght-nutrition","7":"product_cat-combos-masa-muscular","8":"product_cat-combos-proteina-y-creatina","9":"product_tag-xtrenght","11":"first","12":"instock","13":"sale","14":"shipping-taxable","15":"purchasable","16":"product-type-variable"},"yoast_head":"<!-- This site is optimized with the Yoast SEO plugin v27.4 - https:\/\/yoast.com\/product\/yoast-seo-wordpress\/ -->\n<title>Combos | Advanced Whey y Creatina | Masa Muscular<\/title>\n<meta name=\"description\" content=\"Advanced Whey y Creatina. Combo ideal para aumento de masa muscular, rendimiento, prevenir fatiga y mejorar tono muscular. Env\u00edo. Cuotas. Entrenamiento.\" \/>\n<meta name=\"robots\" content=\"index, follow, max-snippet:-1, max-image-preview:large, max-video-preview:-1\" \/>\n<link rel=\"canonical\" href=\"https:\/\/www.demusculos.com\/web\/producto\/advanced-whey-creatuba-250-xtrenght\/\" \/>\n<meta property=\"og:locale\" content=\"es_ES\" \/>\n<meta property=\"og:type\" content=\"article\" \/>\n<meta property=\"og:title\" content=\"Combos | Advanced Whey y Creatina | Masa Muscular\" \/>\n<meta property=\"og:description\" content=\"Advanced Whey y Creatina. Combo ideal para aumento de masa muscular, rendimiento, prevenir fatiga y mejorar tono muscular. Env\u00edo. Cuotas. Entrenamiento.\" \/>\n<meta property=\"og:url\" content=\"https:\/\/www.demusculos.com\/web\/producto\/advanced-whey-creatuba-250-xtrenght\/\" \/>\n<meta property=\"og:site_name\" content=\"DeMusculos\" \/>\n<meta property=\"article:publisher\" content=\"https:\/\/www.facebook.com\/demusculos\" \/>\n<meta property=\"article:modified_time\" content=\"2026-02-06T22:59:10+00:00\" \/>\n<meta property=\"og:image\" content=\"https:\/\/www.demusculos.com\/web\/wp-content\/uploads\/2024\/08\/advanced-whey-creatina-250.jpg\" \/>\n\t<meta property=\"og:image:width\" content=\"1200\" \/>\n\t<meta property=\"og:image:height\" content=\"1200\" \/>\n\t<meta property=\"og:image:type\" content=\"image\/jpeg\" \/>\n<meta name=\"twitter:card\" content=\"summary_large_image\" \/>\n<meta name=\"twitter:site\" content=\"@demusculos\" \/>\n<meta name=\"twitter:label1\" content=\"Tiempo de lectura\" \/>\n\t<meta name=\"twitter:data1\" content=\"2 minutos\" \/>\n<script type=\"application\/ld+json\" class=\"yoast-schema-graph\">{\"@context\":\"https:\\\/\\\/schema.org\",\"@graph\":[{\"@type\":\"WebPage\",\"@id\":\"https:\\\/\\\/www.demusculos.com\\\/web\\\/producto\\\/advanced-whey-creatuba-250-xtrenght\\\/\",\"url\":\"https:\\\/\\\/www.demusculos.com\\\/web\\\/producto\\\/advanced-whey-creatuba-250-xtrenght\\\/\",\"name\":\"Combos | Advanced Whey y Creatina | Masa Muscular\",\"isPartOf\":{\"@id\":\"https:\\\/\\\/www.demusculos.com\\\/web\\\/#website\"},\"primaryImageOfPage\":{\"@id\":\"https:\\\/\\\/www.demusculos.com\\\/web\\\/producto\\\/advanced-whey-creatuba-250-xtrenght\\\/#primaryimage\"},\"image\":{\"@id\":\"https:\\\/\\\/www.demusculos.com\\\/web\\\/producto\\\/advanced-whey-creatuba-250-xtrenght\\\/#primaryimage\"},\"thumbnailUrl\":\"https:\\\/\\\/www.demusculos.com\\\/web\\\/wp-content\\\/uploads\\\/2024\\\/08\\\/advanced-whey-creatina-250.jpg\",\"datePublished\":\"2024-08-12T00:03:22+00:00\",\"dateModified\":\"2026-02-06T22:59:10+00:00\",\"description\":\"Advanced Whey y Creatina. Combo ideal para aumento de masa muscular, rendimiento, prevenir fatiga y mejorar tono muscular. Env\u00edo. Cuotas. Entrenamiento.\",\"breadcrumb\":{\"@id\":\"https:\\\/\\\/www.demusculos.com\\\/web\\\/producto\\\/advanced-whey-creatuba-250-xtrenght\\\/#breadcrumb\"},\"inLanguage\":\"es\",\"potentialAction\":[{\"@type\":\"ReadAction\",\"target\":[\"https:\\\/\\\/www.demusculos.com\\\/web\\\/producto\\\/advanced-whey-creatuba-250-xtrenght\\\/\"]}]},{\"@type\":\"ImageObject\",\"inLanguage\":\"es\",\"@id\":\"https:\\\/\\\/www.demusculos.com\\\/web\\\/producto\\\/advanced-whey-creatuba-250-xtrenght\\\/#primaryimage\",\"url\":\"https:\\\/\\\/www.demusculos.com\\\/web\\\/wp-content\\\/uploads\\\/2024\\\/08\\\/advanced-whey-creatina-250.jpg\",\"contentUrl\":\"https:\\\/\\\/www.demusculos.com\\\/web\\\/wp-content\\\/uploads\\\/2024\\\/08\\\/advanced-whey-creatina-250.jpg\",\"width\":1200,\"height\":1200,\"caption\":\"Advanced Whey 2 lbs + Creatina 250 grs de Xtrenght\"},{\"@type\":\"BreadcrumbList\",\"@id\":\"https:\\\/\\\/www.demusculos.com\\\/web\\\/producto\\\/advanced-whey-creatuba-250-xtrenght\\\/#breadcrumb\",\"itemListElement\":[{\"@type\":\"ListItem\",\"position\":1,\"name\":\"Inicio\",\"item\":\"https:\\\/\\\/www.demusculos.com\\\/web\\\/\"},{\"@type\":\"ListItem\",\"position\":2,\"name\":\"Suplementos\",\"item\":\"https:\\\/\\\/www.demusculos.com\\\/web\\\/tienda\\\/\"},{\"@type\":\"ListItem\",\"position\":3,\"name\":\"Advanced Whey 2 lbs Xtrenght + Creatina 250 grs Xtrenght\"}]},{\"@type\":\"WebSite\",\"@id\":\"https:\\\/\\\/www.demusculos.com\\\/web\\\/#website\",\"url\":\"https:\\\/\\\/www.demusculos.com\\\/web\\\/\",\"name\":\"DeMusculos.com\",\"description\":\"Suplementos Naturales\",\"publisher\":{\"@id\":\"https:\\\/\\\/www.demusculos.com\\\/web\\\/#organization\"},\"alternateName\":\"Suplementos Naturales\",\"potentialAction\":[{\"@type\":\"SearchAction\",\"target\":{\"@type\":\"EntryPoint\",\"urlTemplate\":\"https:\\\/\\\/www.demusculos.com\\\/web\\\/?s={search_term_string}\"},\"query-input\":{\"@type\":\"PropertyValueSpecification\",\"valueRequired\":true,\"valueName\":\"search_term_string\"}}],\"inLanguage\":\"es\"},{\"@type\":\"Organization\",\"@id\":\"https:\\\/\\\/www.demusculos.com\\\/web\\\/#organization\",\"name\":\"DeMusculos.com\",\"alternateName\":\"DeMusculos\",\"url\":\"https:\\\/\\\/www.demusculos.com\\\/web\\\/\",\"logo\":{\"@type\":\"ImageObject\",\"inLanguage\":\"es\",\"@id\":\"https:\\\/\\\/www.demusculos.com\\\/web\\\/#\\\/schema\\\/logo\\\/image\\\/\",\"url\":\"https:\\\/\\\/www.demusculos.com\\\/web\\\/wp-content\\\/uploads\\\/2024\\\/02\\\/logo-demusculos-prestashop-usuario.png\",\"contentUrl\":\"https:\\\/\\\/www.demusculos.com\\\/web\\\/wp-content\\\/uploads\\\/2024\\\/02\\\/logo-demusculos-prestashop-usuario.png\",\"width\":150,\"height\":150,\"caption\":\"DeMusculos.com\"},\"image\":{\"@id\":\"https:\\\/\\\/www.demusculos.com\\\/web\\\/#\\\/schema\\\/logo\\\/image\\\/\"},\"sameAs\":[\"https:\\\/\\\/www.facebook.com\\\/demusculos\",\"https:\\\/\\\/x.com\\\/demusculos\",\"https:\\\/\\\/www.instagram.com\\\/demusculos\",\"https:\\\/\\\/www.tiktok.com\\\/@demusculos.com\"]}]}<\/script>\n<!-- \/ Yoast SEO plugin. -->","yoast_head_json":{"title":"Combos | Advanced Whey y Creatina | Masa Muscular","description":"Advanced Whey y Creatina. Combo ideal para aumento de masa muscular, rendimiento, prevenir fatiga y mejorar tono muscular. Env\u00edo. Cuotas. Entrenamiento.","robots":{"index":"index","follow":"follow","max-snippet":"max-snippet:-1","max-image-preview":"max-image-preview:large","max-video-preview":"max-video-preview:-1"},"canonical":"https:\/\/www.demusculos.com\/web\/producto\/advanced-whey-creatuba-250-xtrenght\/","og_locale":"es_ES","og_type":"article","og_title":"Combos | Advanced Whey y Creatina | Masa Muscular","og_description":"Advanced Whey y Creatina. Combo ideal para aumento de masa muscular, rendimiento, prevenir fatiga y mejorar tono muscular. Env\u00edo. Cuotas. Entrenamiento.","og_url":"https:\/\/www.demusculos.com\/web\/producto\/advanced-whey-creatuba-250-xtrenght\/","og_site_name":"DeMusculos","article_publisher":"https:\/\/www.facebook.com\/demusculos","article_modified_time":"2026-02-06T22:59:10+00:00","og_image":[{"width":1200,"height":1200,"url":"https:\/\/www.demusculos.com\/web\/wp-content\/uploads\/2024\/08\/advanced-whey-creatina-250.jpg","type":"image\/jpeg"}],"twitter_card":"summary_large_image","twitter_site":"@demusculos","twitter_misc":{"Tiempo de lectura":"2 minutos"},"schema":{"@context":"https:\/\/schema.org","@graph":[{"@type":"WebPage","@id":"https:\/\/www.demusculos.com\/web\/producto\/advanced-whey-creatuba-250-xtrenght\/","url":"https:\/\/www.demusculos.com\/web\/producto\/advanced-whey-creatuba-250-xtrenght\/","name":"Combos | Advanced Whey y Creatina | Masa Muscular","isPartOf":{"@id":"https:\/\/www.demusculos.com\/web\/#website"},"primaryImageOfPage":{"@id":"https:\/\/www.demusculos.com\/web\/producto\/advanced-whey-creatuba-250-xtrenght\/#primaryimage"},"image":{"@id":"https:\/\/www.demusculos.com\/web\/producto\/advanced-whey-creatuba-250-xtrenght\/#primaryimage"},"thumbnailUrl":"https:\/\/www.demusculos.com\/web\/wp-content\/uploads\/2024\/08\/advanced-whey-creatina-250.jpg","datePublished":"2024-08-12T00:03:22+00:00","dateModified":"2026-02-06T22:59:10+00:00","description":"Advanced Whey y Creatina. Combo ideal para aumento de masa muscular, rendimiento, prevenir fatiga y mejorar tono muscular. Env\u00edo. Cuotas. Entrenamiento.","breadcrumb":{"@id":"https:\/\/www.demusculos.com\/web\/producto\/advanced-whey-creatuba-250-xtrenght\/#breadcrumb"},"inLanguage":"es","potentialAction":[{"@type":"ReadAction","target":["https:\/\/www.demusculos.com\/web\/producto\/advanced-whey-creatuba-250-xtrenght\/"]}]},{"@type":"ImageObject","inLanguage":"es","@id":"https:\/\/www.demusculos.com\/web\/producto\/advanced-whey-creatuba-250-xtrenght\/#primaryimage","url":"https:\/\/www.demusculos.com\/web\/wp-content\/uploads\/2024\/08\/advanced-whey-creatina-250.jpg","contentUrl":"https:\/\/www.demusculos.com\/web\/wp-content\/uploads\/2024\/08\/advanced-whey-creatina-250.jpg","width":1200,"height":1200,"caption":"Advanced Whey 2 lbs + Creatina 250 grs de Xtrenght"},{"@type":"BreadcrumbList","@id":"https:\/\/www.demusculos.com\/web\/producto\/advanced-whey-creatuba-250-xtrenght\/#breadcrumb","itemListElement":[{"@type":"ListItem","position":1,"name":"Inicio","item":"https:\/\/www.demusculos.com\/web\/"},{"@type":"ListItem","position":2,"name":"Suplementos","item":"https:\/\/www.demusculos.com\/web\/tienda\/"},{"@type":"ListItem","position":3,"name":"Advanced Whey 2 lbs Xtrenght + Creatina 250 grs Xtrenght"}]},{"@type":"WebSite","@id":"https:\/\/www.demusculos.com\/web\/#website","url":"https:\/\/www.demusculos.com\/web\/","name":"DeMusculos.com","description":"Suplementos Naturales","publisher":{"@id":"https:\/\/www.demusculos.com\/web\/#organization"},"alternateName":"Suplementos Naturales","potentialAction":[{"@type":"SearchAction","target":{"@type":"EntryPoint","urlTemplate":"https:\/\/www.demusculos.com\/web\/?s={search_term_string}"},"query-input":{"@type":"PropertyValueSpecification","valueRequired":true,"valueName":"search_term_string"}}],"inLanguage":"es"},{"@type":"Organization","@id":"https:\/\/www.demusculos.com\/web\/#organization","name":"DeMusculos.com","alternateName":"DeMusculos","url":"https:\/\/www.demusculos.com\/web\/","logo":{"@type":"ImageObject","inLanguage":"es","@id":"https:\/\/www.demusculos.com\/web\/#\/schema\/logo\/image\/","url":"https:\/\/www.demusculos.com\/web\/wp-content\/uploads\/2024\/02\/logo-demusculos-prestashop-usuario.png","contentUrl":"https:\/\/www.demusculos.com\/web\/wp-content\/uploads\/2024\/02\/logo-demusculos-prestashop-usuario.png","width":150,"height":150,"caption":"DeMusculos.com"},"image":{"@id":"https:\/\/www.demusculos.com\/web\/#\/schema\/logo\/image\/"},"sameAs":["https:\/\/www.facebook.com\/demusculos","https:\/\/x.com\/demusculos","https:\/\/www.instagram.com\/demusculos","https:\/\/www.tiktok.com\/@demusculos.com"]}]}},"_links":{"self":[{"href":"https:\/\/www.demusculos.com\/web\/wp-json\/wp\/v2\/product\/6074","targetHints":{"allow":["GET"]}}],"collection":[{"href":"https:\/\/www.demusculos.com\/web\/wp-json\/wp\/v2\/product"}],"about":[{"href":"https:\/\/www.demusculos.com\/web\/wp-json\/wp\/v2\/types\/product"}],"replies":[{"embeddable":true,"href":"https:\/\/www.demusculos.com\/web\/wp-json\/wp\/v2\/comments?post=6074"}],"wp:featuredmedia":[{"embeddable":true,"href":"https:\/\/www.demusculos.com\/web\/wp-json\/wp\/v2\/media\/6079"}],"wp:attachment":[{"href":"https:\/\/www.demusculos.com\/web\/wp-json\/wp\/v2\/media?parent=6074"}],"wp:term":[{"taxonomy":"product_brand","embeddable":true,"href":"https:\/\/www.demusculos.com\/web\/wp-json\/wp\/v2\/product_brand?post=6074"},{"taxonomy":"product_cat","embeddable":true,"href":"https:\/\/www.demusculos.com\/web\/wp-json\/wp\/v2\/product_cat?post=6074"},{"taxonomy":"product_tag","embeddable":true,"href":"https:\/\/www.demusculos.com\/web\/wp-json\/wp\/v2\/product_tag?post=6074"}],"curies":[{"name":"wp","href":"https:\/\/api.w.org\/{rel}","templated":true}]}}