{"id":758,"date":"2024-02-24T12:31:09","date_gmt":"2024-02-24T15:31:09","guid":{"rendered":"https:\/\/www.demusculos.com\/web\/?post_type=product&#038;p=758"},"modified":"2026-03-04T13:53:41","modified_gmt":"2026-03-04T16:53:41","slug":"shake-mix-550-grs-de-genetic-sport","status":"publish","type":"product","link":"https:\/\/www.demusculos.com\/web\/producto\/shake-mix-550-grs-de-genetic-sport\/","title":{"rendered":"Shake Mix 550 grs de Genetic Sport"},"content":{"rendered":"<h1><strong>Shake Mix 550 grs de Genetic Sport: Tu aliado perfecto para la nutrici\u00f3n deportiva<\/strong><\/h1>\n<p><strong>Shake Mix 550 grs de Genetic Sport <\/strong>es m\u00e1s que un simple suplemento deportivo. Es una revoluci\u00f3n en la nutrici\u00f3n deportiva, dise\u00f1ado para atletas serios que buscan maximizar su rendimiento y recuperaci\u00f3n.<\/p>\n<figure id=\"attachment_255\" aria-describedby=\"caption-attachment-255\" style=\"width: 446px\" class=\"wp-caption alignnone\"><img decoding=\"async\" class=\"size-full wp-image-255\" src=\"https:\/\/www.demusculos.com\/web\/wp-content\/uploads\/2024\/02\/logo-genetic-sport-nutrition.png\" alt=\"Genetic Sport Nutrition: Suplementos Naturales\" width=\"446\" height=\"103\" srcset=\"https:\/\/www.demusculos.com\/web\/wp-content\/uploads\/2024\/02\/logo-genetic-sport-nutrition.png 446w, https:\/\/www.demusculos.com\/web\/wp-content\/uploads\/2024\/02\/logo-genetic-sport-nutrition-300x69.png 300w, https:\/\/www.demusculos.com\/web\/wp-content\/uploads\/2024\/02\/logo-genetic-sport-nutrition-150x35.png 150w, https:\/\/www.demusculos.com\/web\/wp-content\/uploads\/2024\/02\/logo-genetic-sport-nutrition-416x96.png 416w\" sizes=\"(max-width: 446px) 100vw, 446px\" \/><figcaption id=\"caption-attachment-255\" class=\"wp-caption-text\">Suplementaci\u00f3n natural deportva: Genetic Sport Nutrition<\/figcaption><\/figure>\n<h2><strong>Beneficios del Shake Mix x550 grs de Genetic Sport<\/strong><\/h2>\n<p>Este producto viene en un formato de polvo f\u00e1cil de mezclar y est\u00e1 cargado con beneficios que te ayudar\u00e1n a llevar tu entrenamiento al siguiente nivel:<\/p>\n<ol>\n<li><strong>Remplazo de comida<\/strong>: Muchas personas utilizan este producto como un reemplazo de comida. Es una forma conveniente y eficiente de obtener los nutrientes que tu cuerpo necesita para mantenerse fuerte y saludable.<\/li>\n<li><strong>Recuperaci\u00f3n muscular<\/strong>: Contiene amino\u00e1cidos esenciales que ayudan a maximizar la recuperaci\u00f3n muscular despu\u00e9s de un entrenamiento intenso. Los amino\u00e1cidos son los componentes b\u00e1sicos de las prote\u00ednas y son cruciales para la reparaci\u00f3n y el crecimiento muscular.<\/li>\n<li><strong>Saciedad<\/strong>: Al igual que todas las prote\u00ednas, este shake te proporcionar\u00e1 una sensaci\u00f3n de saciedad, lo que puede ayudarte a controlar tu apetito y mantener tu plan de alimentaci\u00f3n en el camino correcto.<\/li>\n<\/ol>\n<p><img fetchpriority=\"high\" decoding=\"async\" class=\"alignnone size-large wp-image-765\" src=\"https:\/\/www.demusculos.com\/web\/wp-content\/uploads\/2024\/02\/banner-1-1024x1024.jpg\" alt=\"Shake Mix de Genetic Sport ayuda a bajar de peso y aportar prote\u00ednas.\" width=\"980\" height=\"980\" srcset=\"https:\/\/www.demusculos.com\/web\/wp-content\/uploads\/2024\/02\/banner-1-1024x1024.jpg 1024w, https:\/\/www.demusculos.com\/web\/wp-content\/uploads\/2024\/02\/banner-1-300x300.jpg 300w, https:\/\/www.demusculos.com\/web\/wp-content\/uploads\/2024\/02\/banner-1-150x150.jpg 150w, https:\/\/www.demusculos.com\/web\/wp-content\/uploads\/2024\/02\/banner-1-800x800.jpg 800w, https:\/\/www.demusculos.com\/web\/wp-content\/uploads\/2024\/02\/banner-1-768x768.jpg 768w, https:\/\/www.demusculos.com\/web\/wp-content\/uploads\/2024\/02\/banner-1.jpg 1200w\" sizes=\"(max-width: 980px) 100vw, 980px\" \/><\/p>\n<h2><strong>\u00bfPor qu\u00e9 elegir Genetic Sport?<\/strong><\/h2>\n<p><strong>Shake Mix <\/strong>es un suplemento deportivo natural de alta calidad. No solo te proporciona los nutrientes que necesitas para tu entrenamiento, sino que tambi\u00e9n se ha dise\u00f1ado pensando en tu salud general.<\/p>\n<p>Adem\u00e1s, como un eficaz\u00a0<strong>remplazo de comida<\/strong>, este producto puede ayudarte a simplificar tu plan de alimentaci\u00f3n y asegurarte de que est\u00e1s obteniendo los nutrientes que necesitas, incluso cuando est\u00e1s en movimiento.<\/p>\n<p>En resumen,\u00a0<strong>Shake Mix <\/strong>es m\u00e1s que un suplemento deportivo. Es una herramienta integral para ayudarte a alcanzar tus metas de fitness. \u00bfEst\u00e1s listo para llevar tu entrenamiento al siguiente nivel?<\/p>\n<p><img decoding=\"async\" class=\"alignnone size-full wp-image-7552\" src=\"https:\/\/www.demusculos.com\/web\/wp-content\/uploads\/2024\/02\/shake-mix-550-grs-genetic-1.jpg\" alt=\"Presentaci\u00f3n de Shake Mix\" width=\"1080\" height=\"1080\" srcset=\"https:\/\/www.demusculos.com\/web\/wp-content\/uploads\/2024\/02\/shake-mix-550-grs-genetic-1.jpg 1080w, https:\/\/www.demusculos.com\/web\/wp-content\/uploads\/2024\/02\/shake-mix-550-grs-genetic-1-300x300.jpg 300w, https:\/\/www.demusculos.com\/web\/wp-content\/uploads\/2024\/02\/shake-mix-550-grs-genetic-1-150x150.jpg 150w, https:\/\/www.demusculos.com\/web\/wp-content\/uploads\/2024\/02\/shake-mix-550-grs-genetic-1-800x800.jpg 800w, https:\/\/www.demusculos.com\/web\/wp-content\/uploads\/2024\/02\/shake-mix-550-grs-genetic-1-1024x1024.jpg 1024w, https:\/\/www.demusculos.com\/web\/wp-content\/uploads\/2024\/02\/shake-mix-550-grs-genetic-1-768x768.jpg 768w\" sizes=\"(max-width: 1080px) 100vw, 1080px\" \/><\/p>\n<p><img loading=\"lazy\" decoding=\"async\" class=\"alignnone size-full wp-image-7557\" src=\"https:\/\/www.demusculos.com\/web\/wp-content\/uploads\/2024\/02\/shake-mix-550-grs-genetic-6.jpg\" alt=\"Se puede combinar\" width=\"1080\" height=\"1080\" srcset=\"https:\/\/www.demusculos.com\/web\/wp-content\/uploads\/2024\/02\/shake-mix-550-grs-genetic-6.jpg 1080w, https:\/\/www.demusculos.com\/web\/wp-content\/uploads\/2024\/02\/shake-mix-550-grs-genetic-6-300x300.jpg 300w, https:\/\/www.demusculos.com\/web\/wp-content\/uploads\/2024\/02\/shake-mix-550-grs-genetic-6-150x150.jpg 150w, https:\/\/www.demusculos.com\/web\/wp-content\/uploads\/2024\/02\/shake-mix-550-grs-genetic-6-800x800.jpg 800w, https:\/\/www.demusculos.com\/web\/wp-content\/uploads\/2024\/02\/shake-mix-550-grs-genetic-6-1024x1024.jpg 1024w, https:\/\/www.demusculos.com\/web\/wp-content\/uploads\/2024\/02\/shake-mix-550-grs-genetic-6-768x768.jpg 768w\" sizes=\"(max-width: 1080px) 100vw, 1080px\" \/><\/p>\n<p><img loading=\"lazy\" decoding=\"async\" class=\"alignnone size-full wp-image-7556\" src=\"https:\/\/www.demusculos.com\/web\/wp-content\/uploads\/2024\/02\/shake-mix-550-grs-genetic-5.jpg\" alt=\"M\u00e1s beneficios\" width=\"1080\" height=\"1080\" srcset=\"https:\/\/www.demusculos.com\/web\/wp-content\/uploads\/2024\/02\/shake-mix-550-grs-genetic-5.jpg 1080w, https:\/\/www.demusculos.com\/web\/wp-content\/uploads\/2024\/02\/shake-mix-550-grs-genetic-5-300x300.jpg 300w, https:\/\/www.demusculos.com\/web\/wp-content\/uploads\/2024\/02\/shake-mix-550-grs-genetic-5-150x150.jpg 150w, https:\/\/www.demusculos.com\/web\/wp-content\/uploads\/2024\/02\/shake-mix-550-grs-genetic-5-800x800.jpg 800w, https:\/\/www.demusculos.com\/web\/wp-content\/uploads\/2024\/02\/shake-mix-550-grs-genetic-5-1024x1024.jpg 1024w, https:\/\/www.demusculos.com\/web\/wp-content\/uploads\/2024\/02\/shake-mix-550-grs-genetic-5-768x768.jpg 768w\" sizes=\"(max-width: 1080px) 100vw, 1080px\" \/><\/p>\n<p><img loading=\"lazy\" decoding=\"async\" class=\"alignnone size-full wp-image-7555\" src=\"https:\/\/www.demusculos.com\/web\/wp-content\/uploads\/2024\/02\/shake-mix-550-grs-genetic-4.jpg\" alt=\"Beneficios de Shake Mix\" width=\"1080\" height=\"1080\" srcset=\"https:\/\/www.demusculos.com\/web\/wp-content\/uploads\/2024\/02\/shake-mix-550-grs-genetic-4.jpg 1080w, https:\/\/www.demusculos.com\/web\/wp-content\/uploads\/2024\/02\/shake-mix-550-grs-genetic-4-300x300.jpg 300w, https:\/\/www.demusculos.com\/web\/wp-content\/uploads\/2024\/02\/shake-mix-550-grs-genetic-4-150x150.jpg 150w, https:\/\/www.demusculos.com\/web\/wp-content\/uploads\/2024\/02\/shake-mix-550-grs-genetic-4-800x800.jpg 800w, https:\/\/www.demusculos.com\/web\/wp-content\/uploads\/2024\/02\/shake-mix-550-grs-genetic-4-1024x1024.jpg 1024w, https:\/\/www.demusculos.com\/web\/wp-content\/uploads\/2024\/02\/shake-mix-550-grs-genetic-4-768x768.jpg 768w\" sizes=\"(max-width: 1080px) 100vw, 1080px\" \/><\/p>\n<p><img loading=\"lazy\" decoding=\"async\" class=\"alignnone size-full wp-image-7554\" src=\"https:\/\/www.demusculos.com\/web\/wp-content\/uploads\/2024\/02\/shake-mix-550-grs-genetic-3.jpg\" alt=\"La formula de Shake Mix\" width=\"1080\" height=\"1080\" srcset=\"https:\/\/www.demusculos.com\/web\/wp-content\/uploads\/2024\/02\/shake-mix-550-grs-genetic-3.jpg 1080w, https:\/\/www.demusculos.com\/web\/wp-content\/uploads\/2024\/02\/shake-mix-550-grs-genetic-3-300x300.jpg 300w, https:\/\/www.demusculos.com\/web\/wp-content\/uploads\/2024\/02\/shake-mix-550-grs-genetic-3-150x150.jpg 150w, https:\/\/www.demusculos.com\/web\/wp-content\/uploads\/2024\/02\/shake-mix-550-grs-genetic-3-800x800.jpg 800w, https:\/\/www.demusculos.com\/web\/wp-content\/uploads\/2024\/02\/shake-mix-550-grs-genetic-3-1024x1024.jpg 1024w, https:\/\/www.demusculos.com\/web\/wp-content\/uploads\/2024\/02\/shake-mix-550-grs-genetic-3-768x768.jpg 768w\" sizes=\"(max-width: 1080px) 100vw, 1080px\" \/><\/p>\n<p><img loading=\"lazy\" decoding=\"async\" class=\"alignnone size-full wp-image-7553\" src=\"https:\/\/www.demusculos.com\/web\/wp-content\/uploads\/2024\/02\/shake-mix-550-grs-genetic-2.jpg\" alt=\"Datos a destacar\" width=\"1080\" height=\"1080\" srcset=\"https:\/\/www.demusculos.com\/web\/wp-content\/uploads\/2024\/02\/shake-mix-550-grs-genetic-2.jpg 1080w, https:\/\/www.demusculos.com\/web\/wp-content\/uploads\/2024\/02\/shake-mix-550-grs-genetic-2-300x300.jpg 300w, https:\/\/www.demusculos.com\/web\/wp-content\/uploads\/2024\/02\/shake-mix-550-grs-genetic-2-150x150.jpg 150w, https:\/\/www.demusculos.com\/web\/wp-content\/uploads\/2024\/02\/shake-mix-550-grs-genetic-2-800x800.jpg 800w, https:\/\/www.demusculos.com\/web\/wp-content\/uploads\/2024\/02\/shake-mix-550-grs-genetic-2-1024x1024.jpg 1024w, https:\/\/www.demusculos.com\/web\/wp-content\/uploads\/2024\/02\/shake-mix-550-grs-genetic-2-768x768.jpg 768w\" sizes=\"(max-width: 1080px) 100vw, 1080px\" \/><\/p>\n","protected":false},"excerpt":{"rendered":"<p>Ideal para recuperaci\u00f3n, rendimiento y masa muscular. Tambi\u00e9n se puede utilizar en la dieta. Remplazo de comida.<\/p>\n","protected":false},"featured_media":762,"comment_status":"closed","ping_status":"closed","template":"","meta":[],"product_brand":[236],"product_cat":[16],"product_tag":[43],"class_list":{"0":"post-758","1":"product","2":"type-product","3":"status-publish","4":"has-post-thumbnail","6":"product_brand-genetic-sport","7":"product_cat-proteinas","8":"product_tag-genetic-sport","10":"first","11":"instock","12":"sale","13":"shipping-taxable","14":"purchasable","15":"product-type-variable"},"yoast_head":"<!-- This site is optimized with the Yoast SEO plugin v27.5 - https:\/\/yoast.com\/product\/yoast-seo-wordpress\/ -->\n<title>Shake Mix | 550 grs | Prote\u00edna | Genetic Sport | Reemplaza Comida<\/title>\n<meta name=\"description\" content=\"Ideal para hombres y mujeres que quieren un descenso de peso efectivo o reemplazar una comida con Shake Mix 550 grs de Genetic Sport. Env\u00edo y cuotas.\" \/>\n<meta name=\"robots\" content=\"index, follow, max-snippet:-1, max-image-preview:large, max-video-preview:-1\" \/>\n<link rel=\"canonical\" href=\"https:\/\/www.demusculos.com\/web\/producto\/shake-mix-550-grs-de-genetic-sport\/\" \/>\n<meta property=\"og:locale\" content=\"es_ES\" \/>\n<meta property=\"og:type\" content=\"article\" \/>\n<meta property=\"og:title\" content=\"Shake Mix | 550 grs | Prote\u00edna | Genetic Sport | Reemplaza Comida\" \/>\n<meta property=\"og:description\" content=\"Ideal para hombres y mujeres que quieren un descenso de peso efectivo o reemplazar una comida con Shake Mix 550 grs de Genetic Sport. Env\u00edo y cuotas.\" \/>\n<meta property=\"og:url\" content=\"https:\/\/www.demusculos.com\/web\/producto\/shake-mix-550-grs-de-genetic-sport\/\" \/>\n<meta property=\"og:site_name\" content=\"DeMusculos\" \/>\n<meta property=\"article:publisher\" content=\"https:\/\/www.facebook.com\/demusculos\" \/>\n<meta property=\"article:modified_time\" content=\"2026-03-04T16:53:41+00:00\" \/>\n<meta property=\"og:image\" content=\"https:\/\/www.demusculos.com\/web\/wp-content\/uploads\/2024\/02\/SHAKE-MIX-FRUTILLA-01.jpg\" \/>\n\t<meta property=\"og:image:width\" content=\"1200\" \/>\n\t<meta property=\"og:image:height\" content=\"1200\" \/>\n\t<meta property=\"og:image:type\" content=\"image\/jpeg\" \/>\n<meta name=\"twitter:card\" content=\"summary_large_image\" \/>\n<meta name=\"twitter:site\" content=\"@demusculos\" \/>\n<meta name=\"twitter:label1\" content=\"Tiempo de lectura\" \/>\n\t<meta name=\"twitter:data1\" content=\"4 minutos\" \/>\n<script type=\"application\/ld+json\" class=\"yoast-schema-graph\">{\"@context\":\"https:\\\/\\\/schema.org\",\"@graph\":[{\"@type\":\"WebPage\",\"@id\":\"https:\\\/\\\/www.demusculos.com\\\/web\\\/producto\\\/shake-mix-550-grs-de-genetic-sport\\\/\",\"url\":\"https:\\\/\\\/www.demusculos.com\\\/web\\\/producto\\\/shake-mix-550-grs-de-genetic-sport\\\/\",\"name\":\"Shake Mix | 550 grs | Prote\u00edna | Genetic Sport | Reemplaza Comida\",\"isPartOf\":{\"@id\":\"https:\\\/\\\/www.demusculos.com\\\/web\\\/#website\"},\"primaryImageOfPage\":{\"@id\":\"https:\\\/\\\/www.demusculos.com\\\/web\\\/producto\\\/shake-mix-550-grs-de-genetic-sport\\\/#primaryimage\"},\"image\":{\"@id\":\"https:\\\/\\\/www.demusculos.com\\\/web\\\/producto\\\/shake-mix-550-grs-de-genetic-sport\\\/#primaryimage\"},\"thumbnailUrl\":\"https:\\\/\\\/www.demusculos.com\\\/web\\\/wp-content\\\/uploads\\\/2024\\\/02\\\/SHAKE-MIX-FRUTILLA-01.jpg\",\"datePublished\":\"2024-02-24T15:31:09+00:00\",\"dateModified\":\"2026-03-04T16:53:41+00:00\",\"description\":\"Ideal para hombres y mujeres que quieren un descenso de peso efectivo o reemplazar una comida con Shake Mix 550 grs de Genetic Sport. Env\u00edo y cuotas.\",\"breadcrumb\":{\"@id\":\"https:\\\/\\\/www.demusculos.com\\\/web\\\/producto\\\/shake-mix-550-grs-de-genetic-sport\\\/#breadcrumb\"},\"inLanguage\":\"es\",\"potentialAction\":[{\"@type\":\"ReadAction\",\"target\":[\"https:\\\/\\\/www.demusculos.com\\\/web\\\/producto\\\/shake-mix-550-grs-de-genetic-sport\\\/\"]}]},{\"@type\":\"ImageObject\",\"inLanguage\":\"es\",\"@id\":\"https:\\\/\\\/www.demusculos.com\\\/web\\\/producto\\\/shake-mix-550-grs-de-genetic-sport\\\/#primaryimage\",\"url\":\"https:\\\/\\\/www.demusculos.com\\\/web\\\/wp-content\\\/uploads\\\/2024\\\/02\\\/SHAKE-MIX-FRUTILLA-01.jpg\",\"contentUrl\":\"https:\\\/\\\/www.demusculos.com\\\/web\\\/wp-content\\\/uploads\\\/2024\\\/02\\\/SHAKE-MIX-FRUTILLA-01.jpg\",\"width\":1200,\"height\":1200},{\"@type\":\"BreadcrumbList\",\"@id\":\"https:\\\/\\\/www.demusculos.com\\\/web\\\/producto\\\/shake-mix-550-grs-de-genetic-sport\\\/#breadcrumb\",\"itemListElement\":[{\"@type\":\"ListItem\",\"position\":1,\"name\":\"Inicio\",\"item\":\"https:\\\/\\\/www.demusculos.com\\\/web\\\/\"},{\"@type\":\"ListItem\",\"position\":2,\"name\":\"Suplementos\",\"item\":\"https:\\\/\\\/www.demusculos.com\\\/web\\\/tienda\\\/\"},{\"@type\":\"ListItem\",\"position\":3,\"name\":\"Shake Mix 550 grs de Genetic Sport\"}]},{\"@type\":\"WebSite\",\"@id\":\"https:\\\/\\\/www.demusculos.com\\\/web\\\/#website\",\"url\":\"https:\\\/\\\/www.demusculos.com\\\/web\\\/\",\"name\":\"DeMusculos.com\",\"description\":\"Suplementos Naturales\",\"publisher\":{\"@id\":\"https:\\\/\\\/www.demusculos.com\\\/web\\\/#organization\"},\"alternateName\":\"Suplementos Naturales\",\"potentialAction\":[{\"@type\":\"SearchAction\",\"target\":{\"@type\":\"EntryPoint\",\"urlTemplate\":\"https:\\\/\\\/www.demusculos.com\\\/web\\\/?s={search_term_string}\"},\"query-input\":{\"@type\":\"PropertyValueSpecification\",\"valueRequired\":true,\"valueName\":\"search_term_string\"}}],\"inLanguage\":\"es\"},{\"@type\":\"Organization\",\"@id\":\"https:\\\/\\\/www.demusculos.com\\\/web\\\/#organization\",\"name\":\"DeMusculos.com\",\"alternateName\":\"DeMusculos\",\"url\":\"https:\\\/\\\/www.demusculos.com\\\/web\\\/\",\"logo\":{\"@type\":\"ImageObject\",\"inLanguage\":\"es\",\"@id\":\"https:\\\/\\\/www.demusculos.com\\\/web\\\/#\\\/schema\\\/logo\\\/image\\\/\",\"url\":\"https:\\\/\\\/www.demusculos.com\\\/web\\\/wp-content\\\/uploads\\\/2024\\\/02\\\/logo-demusculos-prestashop-usuario.png\",\"contentUrl\":\"https:\\\/\\\/www.demusculos.com\\\/web\\\/wp-content\\\/uploads\\\/2024\\\/02\\\/logo-demusculos-prestashop-usuario.png\",\"width\":150,\"height\":150,\"caption\":\"DeMusculos.com\"},\"image\":{\"@id\":\"https:\\\/\\\/www.demusculos.com\\\/web\\\/#\\\/schema\\\/logo\\\/image\\\/\"},\"sameAs\":[\"https:\\\/\\\/www.facebook.com\\\/demusculos\",\"https:\\\/\\\/x.com\\\/demusculos\",\"https:\\\/\\\/www.instagram.com\\\/demusculos\",\"https:\\\/\\\/www.tiktok.com\\\/@demusculos.com\"]}]}<\/script>\n<!-- \/ Yoast SEO plugin. -->","yoast_head_json":{"title":"Shake Mix | 550 grs | Prote\u00edna | Genetic Sport | Reemplaza Comida","description":"Ideal para hombres y mujeres que quieren un descenso de peso efectivo o reemplazar una comida con Shake Mix 550 grs de Genetic Sport. Env\u00edo y cuotas.","robots":{"index":"index","follow":"follow","max-snippet":"max-snippet:-1","max-image-preview":"max-image-preview:large","max-video-preview":"max-video-preview:-1"},"canonical":"https:\/\/www.demusculos.com\/web\/producto\/shake-mix-550-grs-de-genetic-sport\/","og_locale":"es_ES","og_type":"article","og_title":"Shake Mix | 550 grs | Prote\u00edna | Genetic Sport | Reemplaza Comida","og_description":"Ideal para hombres y mujeres que quieren un descenso de peso efectivo o reemplazar una comida con Shake Mix 550 grs de Genetic Sport. Env\u00edo y cuotas.","og_url":"https:\/\/www.demusculos.com\/web\/producto\/shake-mix-550-grs-de-genetic-sport\/","og_site_name":"DeMusculos","article_publisher":"https:\/\/www.facebook.com\/demusculos","article_modified_time":"2026-03-04T16:53:41+00:00","og_image":[{"width":1200,"height":1200,"url":"https:\/\/www.demusculos.com\/web\/wp-content\/uploads\/2024\/02\/SHAKE-MIX-FRUTILLA-01.jpg","type":"image\/jpeg"}],"twitter_card":"summary_large_image","twitter_site":"@demusculos","twitter_misc":{"Tiempo de lectura":"4 minutos"},"schema":{"@context":"https:\/\/schema.org","@graph":[{"@type":"WebPage","@id":"https:\/\/www.demusculos.com\/web\/producto\/shake-mix-550-grs-de-genetic-sport\/","url":"https:\/\/www.demusculos.com\/web\/producto\/shake-mix-550-grs-de-genetic-sport\/","name":"Shake Mix | 550 grs | Prote\u00edna | Genetic Sport | Reemplaza Comida","isPartOf":{"@id":"https:\/\/www.demusculos.com\/web\/#website"},"primaryImageOfPage":{"@id":"https:\/\/www.demusculos.com\/web\/producto\/shake-mix-550-grs-de-genetic-sport\/#primaryimage"},"image":{"@id":"https:\/\/www.demusculos.com\/web\/producto\/shake-mix-550-grs-de-genetic-sport\/#primaryimage"},"thumbnailUrl":"https:\/\/www.demusculos.com\/web\/wp-content\/uploads\/2024\/02\/SHAKE-MIX-FRUTILLA-01.jpg","datePublished":"2024-02-24T15:31:09+00:00","dateModified":"2026-03-04T16:53:41+00:00","description":"Ideal para hombres y mujeres que quieren un descenso de peso efectivo o reemplazar una comida con Shake Mix 550 grs de Genetic Sport. Env\u00edo y cuotas.","breadcrumb":{"@id":"https:\/\/www.demusculos.com\/web\/producto\/shake-mix-550-grs-de-genetic-sport\/#breadcrumb"},"inLanguage":"es","potentialAction":[{"@type":"ReadAction","target":["https:\/\/www.demusculos.com\/web\/producto\/shake-mix-550-grs-de-genetic-sport\/"]}]},{"@type":"ImageObject","inLanguage":"es","@id":"https:\/\/www.demusculos.com\/web\/producto\/shake-mix-550-grs-de-genetic-sport\/#primaryimage","url":"https:\/\/www.demusculos.com\/web\/wp-content\/uploads\/2024\/02\/SHAKE-MIX-FRUTILLA-01.jpg","contentUrl":"https:\/\/www.demusculos.com\/web\/wp-content\/uploads\/2024\/02\/SHAKE-MIX-FRUTILLA-01.jpg","width":1200,"height":1200},{"@type":"BreadcrumbList","@id":"https:\/\/www.demusculos.com\/web\/producto\/shake-mix-550-grs-de-genetic-sport\/#breadcrumb","itemListElement":[{"@type":"ListItem","position":1,"name":"Inicio","item":"https:\/\/www.demusculos.com\/web\/"},{"@type":"ListItem","position":2,"name":"Suplementos","item":"https:\/\/www.demusculos.com\/web\/tienda\/"},{"@type":"ListItem","position":3,"name":"Shake Mix 550 grs de Genetic Sport"}]},{"@type":"WebSite","@id":"https:\/\/www.demusculos.com\/web\/#website","url":"https:\/\/www.demusculos.com\/web\/","name":"DeMusculos.com","description":"Suplementos Naturales","publisher":{"@id":"https:\/\/www.demusculos.com\/web\/#organization"},"alternateName":"Suplementos Naturales","potentialAction":[{"@type":"SearchAction","target":{"@type":"EntryPoint","urlTemplate":"https:\/\/www.demusculos.com\/web\/?s={search_term_string}"},"query-input":{"@type":"PropertyValueSpecification","valueRequired":true,"valueName":"search_term_string"}}],"inLanguage":"es"},{"@type":"Organization","@id":"https:\/\/www.demusculos.com\/web\/#organization","name":"DeMusculos.com","alternateName":"DeMusculos","url":"https:\/\/www.demusculos.com\/web\/","logo":{"@type":"ImageObject","inLanguage":"es","@id":"https:\/\/www.demusculos.com\/web\/#\/schema\/logo\/image\/","url":"https:\/\/www.demusculos.com\/web\/wp-content\/uploads\/2024\/02\/logo-demusculos-prestashop-usuario.png","contentUrl":"https:\/\/www.demusculos.com\/web\/wp-content\/uploads\/2024\/02\/logo-demusculos-prestashop-usuario.png","width":150,"height":150,"caption":"DeMusculos.com"},"image":{"@id":"https:\/\/www.demusculos.com\/web\/#\/schema\/logo\/image\/"},"sameAs":["https:\/\/www.facebook.com\/demusculos","https:\/\/x.com\/demusculos","https:\/\/www.instagram.com\/demusculos","https:\/\/www.tiktok.com\/@demusculos.com"]}]}},"_links":{"self":[{"href":"https:\/\/www.demusculos.com\/web\/wp-json\/wp\/v2\/product\/758","targetHints":{"allow":["GET"]}}],"collection":[{"href":"https:\/\/www.demusculos.com\/web\/wp-json\/wp\/v2\/product"}],"about":[{"href":"https:\/\/www.demusculos.com\/web\/wp-json\/wp\/v2\/types\/product"}],"replies":[{"embeddable":true,"href":"https:\/\/www.demusculos.com\/web\/wp-json\/wp\/v2\/comments?post=758"}],"wp:featuredmedia":[{"embeddable":true,"href":"https:\/\/www.demusculos.com\/web\/wp-json\/wp\/v2\/media\/762"}],"wp:attachment":[{"href":"https:\/\/www.demusculos.com\/web\/wp-json\/wp\/v2\/media?parent=758"}],"wp:term":[{"taxonomy":"product_brand","embeddable":true,"href":"https:\/\/www.demusculos.com\/web\/wp-json\/wp\/v2\/product_brand?post=758"},{"taxonomy":"product_cat","embeddable":true,"href":"https:\/\/www.demusculos.com\/web\/wp-json\/wp\/v2\/product_cat?post=758"},{"taxonomy":"product_tag","embeddable":true,"href":"https:\/\/www.demusculos.com\/web\/wp-json\/wp\/v2\/product_tag?post=758"}],"curies":[{"name":"wp","href":"https:\/\/api.w.org\/{rel}","templated":true}]}}