{"id":780,"date":"2024-02-24T13:13:04","date_gmt":"2024-02-24T16:13:04","guid":{"rendered":"https:\/\/www.demusculos.com\/web\/?post_type=product&#038;p=780"},"modified":"2026-03-04T13:25:02","modified_gmt":"2026-03-04T16:25:02","slug":"glutamina-300-grs-de-htn-nutrition","status":"publish","type":"product","link":"https:\/\/www.demusculos.com\/web\/producto\/glutamina-300-grs-de-htn-nutrition\/","title":{"rendered":"Glutamina 300 grs de HTN Nutrition"},"content":{"rendered":"<h1>Glutamina 300 grs de HTN Nutrition: El Suplemento Deportivo Natural que Necesitas<\/h1>\n<p>La\u00a0<strong>Glutamina 300 grs de HTN Nutrition<\/strong>\u00a0es el suplemento deportivo natural que te llevar\u00e1 al siguiente nivel en tu entrenamiento y rendimiento f\u00edsico.<\/p>\n<figure id=\"attachment_340\" aria-describedby=\"caption-attachment-340\" style=\"width: 446px\" class=\"wp-caption alignnone\"><img decoding=\"async\" class=\"size-full wp-image-340\" src=\"https:\/\/www.demusculos.com\/web\/wp-content\/uploads\/2024\/02\/logo-htn.png\" alt=\"Suplementos naturales deportivos HTN Nutrition\" width=\"446\" height=\"103\" srcset=\"https:\/\/www.demusculos.com\/web\/wp-content\/uploads\/2024\/02\/logo-htn.png 446w, https:\/\/www.demusculos.com\/web\/wp-content\/uploads\/2024\/02\/logo-htn-300x69.png 300w, https:\/\/www.demusculos.com\/web\/wp-content\/uploads\/2024\/02\/logo-htn-150x35.png 150w, https:\/\/www.demusculos.com\/web\/wp-content\/uploads\/2024\/02\/logo-htn-416x96.png 416w\" sizes=\"(max-width: 446px) 100vw, 446px\" \/><figcaption id=\"caption-attachment-340\" class=\"wp-caption-text\">Suplementos Naturales formulados en USA y distribuidos en Argentina por HTN<\/figcaption><\/figure>\n<h2>Beneficios de la Glutamina 300 grs de HTN Nutrition<\/h2>\n<p>La Glutamina es un amino\u00e1cido esencial que juega un papel crucial en la recuperaci\u00f3n muscular despu\u00e9s de los entrenamientos intensos. Pero eso no es todo.<\/p>\n<h1>L-Glutamina HTN: M\u00e1s que un Suplemento<\/h1>\n<p>La\u00a0<strong>L-Glutamina HTN<\/strong>\u00a0no es solo un suplemento, es una inversi\u00f3n en tu salud y bienestar. Este producto de\u00a0<strong>HTN Nutrition<\/strong>\u00a0contiene 300 grs de L-Glutamina en formato de polvo, lo que facilita su consumo y absorci\u00f3n.<\/p>\n<figure id=\"attachment_124\" aria-describedby=\"caption-attachment-124\" style=\"width: 300px\" class=\"wp-caption alignnone\"><img fetchpriority=\"high\" decoding=\"async\" class=\"size-full wp-image-124\" src=\"https:\/\/www.demusculos.com\/web\/wp-content\/uploads\/2024\/02\/masa-muscular.png\" alt=\"Este suplemento natural es ideal para aumentar la masa muscular, incrementar la recuperaci\u00f3n muscular en hombres y mujeres.\" width=\"300\" height=\"300\" srcset=\"https:\/\/www.demusculos.com\/web\/wp-content\/uploads\/2024\/02\/masa-muscular.png 300w, https:\/\/www.demusculos.com\/web\/wp-content\/uploads\/2024\/02\/masa-muscular-150x150.png 150w\" sizes=\"(max-width: 300px) 100vw, 300px\" \/><figcaption id=\"caption-attachment-124\" class=\"wp-caption-text\">Es ideal para recuperaci\u00f3n muscular. A mayor recuperaci\u00f3n m\u00e1s aumento de masa muscular y rendimiento. Tambi\u00e9n lograremos m\u00e1s tono muscular. Las prote\u00ednas nos dan saciedad y son ideales para las dietas.<\/figcaption><\/figure>\n<h2>Beneficios de la L-Glutamina HTN<\/h2>\n<p>La L-Glutamina HTN ofrece una serie de beneficios que te ayudar\u00e1n a alcanzar tus objetivos de fitness. Estos incluyen:<\/p>\n<ol>\n<li><strong>Recuperaci\u00f3n<\/strong>: La L-Glutamina ayuda a acelerar la recuperaci\u00f3n despu\u00e9s de los entrenamientos, permiti\u00e9ndote entrenar m\u00e1s duro y m\u00e1s a menudo.<\/li>\n<li><strong>Rendimiento<\/strong>: Al mejorar la recuperaci\u00f3n, la L-Glutamina tambi\u00e9n puede ayudar a mejorar tu rendimiento general en el gimnasio.<\/li>\n<li><strong>Aumento de la masa muscular<\/strong>: Al acelerar la recuperaci\u00f3n, la L-Glutamina puede ayudarte a aumentar tu masa muscular a trav\u00e9s de la recuperaci\u00f3n.<\/li>\n<li><strong>Salud intestinal<\/strong>: La L-Glutamina es beneficiosa para la salud intestinal, lo que puede mejorar tu bienestar general.<\/li>\n<\/ol>\n<figure id=\"attachment_385\" aria-describedby=\"caption-attachment-385\" style=\"width: 300px\" class=\"wp-caption alignnone\"><img decoding=\"async\" class=\"size-full wp-image-385\" src=\"https:\/\/www.demusculos.com\/web\/wp-content\/uploads\/2024\/02\/icon-recuperador-muscular.png\" alt=\"Este producto maximiza la recuperaci\u00f3n muscular. A mayor recuperaci\u00f3n muscular m\u00e1s sera el rendimiento y masa muscular magra.\" width=\"300\" height=\"300\" srcset=\"https:\/\/www.demusculos.com\/web\/wp-content\/uploads\/2024\/02\/icon-recuperador-muscular.png 300w, https:\/\/www.demusculos.com\/web\/wp-content\/uploads\/2024\/02\/icon-recuperador-muscular-150x150.png 150w\" sizes=\"(max-width: 300px) 100vw, 300px\" \/><figcaption id=\"caption-attachment-385\" class=\"wp-caption-text\">Este producto es ideal para maximizar la recuperaci\u00f3n muscular. Recuerda que a mayor recuperaci\u00f3n m\u00e1s aumento de masa muscular. No solo obtienes masa muscular, con el correr del tiempo tendr\u00e1s menos cansancio y fatiga muscular, tambi\u00e9n notaras un incremento de energ\u00eda y una mejora en el entrenamiento.<\/figcaption><\/figure>\n<h2>\u00bfPor qu\u00e9 necesitas la L-Glutamina HTN?<\/h2>\n<p>La L-Glutamina HTN es m\u00e1s que un suplemento, es una herramienta que te ayudar\u00e1 a alcanzar tus objetivos de fitness. No importa si eres un atleta profesional o un entusiasta del fitness, la L-Glutamina HTN puede ayudarte a llevar tu rendimiento al siguiente nivel.<\/p>\n<p>No pierdas la oportunidad de mejorar tu rendimiento y bienestar con la L-Glutamina HTN. Recuerda, no se trata de un gasto, sino de una inversi\u00f3n en tu salud y bienestar. \u00a1Hazte con tu L-Glutamina HTN hoy mismo!<\/p>\n","protected":false},"excerpt":{"rendered":"<p>Glutamina 300 grs de HTN Nutrition: El Suplemento Deportivo Natural que Necesitas La\u00a0Glutamina 300 grs de HTN Nutrition\u00a0es el suplemento deportivo natural que te llevar\u00e1 al siguiente nivel en tu entrenamiento y rendimiento f\u00edsico. Beneficios de la Glutamina 300 grs de HTN Nutrition La Glutamina es un amino\u00e1cido esencial que juega un papel crucial en [&hellip;]<\/p>\n","protected":false},"featured_media":781,"comment_status":"closed","ping_status":"closed","template":"","meta":[],"product_brand":[234],"product_cat":[54],"product_tag":[51],"class_list":{"0":"post-780","1":"product","2":"type-product","3":"status-publish","4":"has-post-thumbnail","6":"product_brand-htn","7":"product_cat-glutamina","8":"product_tag-htn","10":"first","11":"instock","12":"sale","13":"shipping-taxable","14":"purchasable","15":"product-type-simple"},"yoast_head":"<!-- This site is optimized with the Yoast SEO plugin v27.3 - https:\/\/yoast.com\/product\/yoast-seo-wordpress\/ -->\n<title>Glutamina 300 grs de HTN Nutrition | DeMusculos<\/title>\n<meta name=\"description\" content=\"Si estas buscando rendimiento, aumento muscular a trav\u00e9s de maximizar la recuperaci\u00f3n, no te puede faltar: Glutamina 300 grs de HTN Nutrition. Env\u00edo.\" \/>\n<meta name=\"robots\" content=\"index, follow, max-snippet:-1, max-image-preview:large, max-video-preview:-1\" \/>\n<link rel=\"canonical\" href=\"https:\/\/www.demusculos.com\/web\/producto\/glutamina-300-grs-de-htn-nutrition\/\" \/>\n<meta property=\"og:locale\" content=\"es_ES\" \/>\n<meta property=\"og:type\" content=\"article\" \/>\n<meta property=\"og:title\" content=\"Glutamina 300 grs de HTN Nutrition | DeMusculos\" \/>\n<meta property=\"og:description\" content=\"Si estas buscando rendimiento, aumento muscular a trav\u00e9s de maximizar la recuperaci\u00f3n, no te puede faltar: Glutamina 300 grs de HTN Nutrition. Env\u00edo.\" \/>\n<meta property=\"og:url\" content=\"https:\/\/www.demusculos.com\/web\/producto\/glutamina-300-grs-de-htn-nutrition\/\" \/>\n<meta property=\"og:site_name\" content=\"DeMusculos\" \/>\n<meta property=\"article:publisher\" content=\"https:\/\/www.facebook.com\/demusculos\" \/>\n<meta property=\"article:modified_time\" content=\"2026-03-04T16:25:02+00:00\" \/>\n<meta property=\"og:image\" content=\"https:\/\/www.demusculos.com\/web\/wp-content\/uploads\/2024\/02\/Glutamina300grsHTN01.jpg\" \/>\n\t<meta property=\"og:image:width\" content=\"800\" \/>\n\t<meta property=\"og:image:height\" content=\"800\" \/>\n\t<meta property=\"og:image:type\" content=\"image\/jpeg\" \/>\n<meta name=\"twitter:card\" content=\"summary_large_image\" \/>\n<meta name=\"twitter:site\" content=\"@demusculos\" \/>\n<meta name=\"twitter:label1\" content=\"Tiempo de lectura\" \/>\n\t<meta name=\"twitter:data1\" content=\"3 minutos\" \/>\n<script type=\"application\/ld+json\" class=\"yoast-schema-graph\">{\"@context\":\"https:\\\/\\\/schema.org\",\"@graph\":[{\"@type\":\"WebPage\",\"@id\":\"https:\\\/\\\/www.demusculos.com\\\/web\\\/producto\\\/glutamina-300-grs-de-htn-nutrition\\\/\",\"url\":\"https:\\\/\\\/www.demusculos.com\\\/web\\\/producto\\\/glutamina-300-grs-de-htn-nutrition\\\/\",\"name\":\"Glutamina 300 grs de HTN Nutrition | DeMusculos\",\"isPartOf\":{\"@id\":\"https:\\\/\\\/www.demusculos.com\\\/web\\\/#website\"},\"primaryImageOfPage\":{\"@id\":\"https:\\\/\\\/www.demusculos.com\\\/web\\\/producto\\\/glutamina-300-grs-de-htn-nutrition\\\/#primaryimage\"},\"image\":{\"@id\":\"https:\\\/\\\/www.demusculos.com\\\/web\\\/producto\\\/glutamina-300-grs-de-htn-nutrition\\\/#primaryimage\"},\"thumbnailUrl\":\"https:\\\/\\\/www.demusculos.com\\\/web\\\/wp-content\\\/uploads\\\/2024\\\/02\\\/Glutamina300grsHTN01.jpg\",\"datePublished\":\"2024-02-24T16:13:04+00:00\",\"dateModified\":\"2026-03-04T16:25:02+00:00\",\"description\":\"Si estas buscando rendimiento, aumento muscular a trav\u00e9s de maximizar la recuperaci\u00f3n, no te puede faltar: Glutamina 300 grs de HTN Nutrition. Env\u00edo.\",\"breadcrumb\":{\"@id\":\"https:\\\/\\\/www.demusculos.com\\\/web\\\/producto\\\/glutamina-300-grs-de-htn-nutrition\\\/#breadcrumb\"},\"inLanguage\":\"es\",\"potentialAction\":[{\"@type\":\"ReadAction\",\"target\":[\"https:\\\/\\\/www.demusculos.com\\\/web\\\/producto\\\/glutamina-300-grs-de-htn-nutrition\\\/\"]}]},{\"@type\":\"ImageObject\",\"inLanguage\":\"es\",\"@id\":\"https:\\\/\\\/www.demusculos.com\\\/web\\\/producto\\\/glutamina-300-grs-de-htn-nutrition\\\/#primaryimage\",\"url\":\"https:\\\/\\\/www.demusculos.com\\\/web\\\/wp-content\\\/uploads\\\/2024\\\/02\\\/Glutamina300grsHTN01.jpg\",\"contentUrl\":\"https:\\\/\\\/www.demusculos.com\\\/web\\\/wp-content\\\/uploads\\\/2024\\\/02\\\/Glutamina300grsHTN01.jpg\",\"width\":800,\"height\":800},{\"@type\":\"BreadcrumbList\",\"@id\":\"https:\\\/\\\/www.demusculos.com\\\/web\\\/producto\\\/glutamina-300-grs-de-htn-nutrition\\\/#breadcrumb\",\"itemListElement\":[{\"@type\":\"ListItem\",\"position\":1,\"name\":\"Inicio\",\"item\":\"https:\\\/\\\/www.demusculos.com\\\/web\\\/\"},{\"@type\":\"ListItem\",\"position\":2,\"name\":\"Suplementos\",\"item\":\"https:\\\/\\\/www.demusculos.com\\\/web\\\/tienda\\\/\"},{\"@type\":\"ListItem\",\"position\":3,\"name\":\"Glutamina 300 grs de HTN Nutrition\"}]},{\"@type\":\"WebSite\",\"@id\":\"https:\\\/\\\/www.demusculos.com\\\/web\\\/#website\",\"url\":\"https:\\\/\\\/www.demusculos.com\\\/web\\\/\",\"name\":\"DeMusculos.com\",\"description\":\"Suplementos Naturales\",\"publisher\":{\"@id\":\"https:\\\/\\\/www.demusculos.com\\\/web\\\/#organization\"},\"alternateName\":\"Suplementos Naturales\",\"potentialAction\":[{\"@type\":\"SearchAction\",\"target\":{\"@type\":\"EntryPoint\",\"urlTemplate\":\"https:\\\/\\\/www.demusculos.com\\\/web\\\/?s={search_term_string}\"},\"query-input\":{\"@type\":\"PropertyValueSpecification\",\"valueRequired\":true,\"valueName\":\"search_term_string\"}}],\"inLanguage\":\"es\"},{\"@type\":\"Organization\",\"@id\":\"https:\\\/\\\/www.demusculos.com\\\/web\\\/#organization\",\"name\":\"DeMusculos.com\",\"alternateName\":\"DeMusculos\",\"url\":\"https:\\\/\\\/www.demusculos.com\\\/web\\\/\",\"logo\":{\"@type\":\"ImageObject\",\"inLanguage\":\"es\",\"@id\":\"https:\\\/\\\/www.demusculos.com\\\/web\\\/#\\\/schema\\\/logo\\\/image\\\/\",\"url\":\"https:\\\/\\\/www.demusculos.com\\\/web\\\/wp-content\\\/uploads\\\/2024\\\/02\\\/logo-demusculos-prestashop-usuario.png\",\"contentUrl\":\"https:\\\/\\\/www.demusculos.com\\\/web\\\/wp-content\\\/uploads\\\/2024\\\/02\\\/logo-demusculos-prestashop-usuario.png\",\"width\":150,\"height\":150,\"caption\":\"DeMusculos.com\"},\"image\":{\"@id\":\"https:\\\/\\\/www.demusculos.com\\\/web\\\/#\\\/schema\\\/logo\\\/image\\\/\"},\"sameAs\":[\"https:\\\/\\\/www.facebook.com\\\/demusculos\",\"https:\\\/\\\/x.com\\\/demusculos\",\"https:\\\/\\\/www.instagram.com\\\/demusculos\",\"https:\\\/\\\/www.tiktok.com\\\/@demusculos.com\"]}]}<\/script>\n<!-- \/ Yoast SEO plugin. -->","yoast_head_json":{"title":"Glutamina 300 grs de HTN Nutrition | DeMusculos","description":"Si estas buscando rendimiento, aumento muscular a trav\u00e9s de maximizar la recuperaci\u00f3n, no te puede faltar: Glutamina 300 grs de HTN Nutrition. Env\u00edo.","robots":{"index":"index","follow":"follow","max-snippet":"max-snippet:-1","max-image-preview":"max-image-preview:large","max-video-preview":"max-video-preview:-1"},"canonical":"https:\/\/www.demusculos.com\/web\/producto\/glutamina-300-grs-de-htn-nutrition\/","og_locale":"es_ES","og_type":"article","og_title":"Glutamina 300 grs de HTN Nutrition | DeMusculos","og_description":"Si estas buscando rendimiento, aumento muscular a trav\u00e9s de maximizar la recuperaci\u00f3n, no te puede faltar: Glutamina 300 grs de HTN Nutrition. Env\u00edo.","og_url":"https:\/\/www.demusculos.com\/web\/producto\/glutamina-300-grs-de-htn-nutrition\/","og_site_name":"DeMusculos","article_publisher":"https:\/\/www.facebook.com\/demusculos","article_modified_time":"2026-03-04T16:25:02+00:00","og_image":[{"width":800,"height":800,"url":"https:\/\/www.demusculos.com\/web\/wp-content\/uploads\/2024\/02\/Glutamina300grsHTN01.jpg","type":"image\/jpeg"}],"twitter_card":"summary_large_image","twitter_site":"@demusculos","twitter_misc":{"Tiempo de lectura":"3 minutos"},"schema":{"@context":"https:\/\/schema.org","@graph":[{"@type":"WebPage","@id":"https:\/\/www.demusculos.com\/web\/producto\/glutamina-300-grs-de-htn-nutrition\/","url":"https:\/\/www.demusculos.com\/web\/producto\/glutamina-300-grs-de-htn-nutrition\/","name":"Glutamina 300 grs de HTN Nutrition | DeMusculos","isPartOf":{"@id":"https:\/\/www.demusculos.com\/web\/#website"},"primaryImageOfPage":{"@id":"https:\/\/www.demusculos.com\/web\/producto\/glutamina-300-grs-de-htn-nutrition\/#primaryimage"},"image":{"@id":"https:\/\/www.demusculos.com\/web\/producto\/glutamina-300-grs-de-htn-nutrition\/#primaryimage"},"thumbnailUrl":"https:\/\/www.demusculos.com\/web\/wp-content\/uploads\/2024\/02\/Glutamina300grsHTN01.jpg","datePublished":"2024-02-24T16:13:04+00:00","dateModified":"2026-03-04T16:25:02+00:00","description":"Si estas buscando rendimiento, aumento muscular a trav\u00e9s de maximizar la recuperaci\u00f3n, no te puede faltar: Glutamina 300 grs de HTN Nutrition. Env\u00edo.","breadcrumb":{"@id":"https:\/\/www.demusculos.com\/web\/producto\/glutamina-300-grs-de-htn-nutrition\/#breadcrumb"},"inLanguage":"es","potentialAction":[{"@type":"ReadAction","target":["https:\/\/www.demusculos.com\/web\/producto\/glutamina-300-grs-de-htn-nutrition\/"]}]},{"@type":"ImageObject","inLanguage":"es","@id":"https:\/\/www.demusculos.com\/web\/producto\/glutamina-300-grs-de-htn-nutrition\/#primaryimage","url":"https:\/\/www.demusculos.com\/web\/wp-content\/uploads\/2024\/02\/Glutamina300grsHTN01.jpg","contentUrl":"https:\/\/www.demusculos.com\/web\/wp-content\/uploads\/2024\/02\/Glutamina300grsHTN01.jpg","width":800,"height":800},{"@type":"BreadcrumbList","@id":"https:\/\/www.demusculos.com\/web\/producto\/glutamina-300-grs-de-htn-nutrition\/#breadcrumb","itemListElement":[{"@type":"ListItem","position":1,"name":"Inicio","item":"https:\/\/www.demusculos.com\/web\/"},{"@type":"ListItem","position":2,"name":"Suplementos","item":"https:\/\/www.demusculos.com\/web\/tienda\/"},{"@type":"ListItem","position":3,"name":"Glutamina 300 grs de HTN Nutrition"}]},{"@type":"WebSite","@id":"https:\/\/www.demusculos.com\/web\/#website","url":"https:\/\/www.demusculos.com\/web\/","name":"DeMusculos.com","description":"Suplementos Naturales","publisher":{"@id":"https:\/\/www.demusculos.com\/web\/#organization"},"alternateName":"Suplementos Naturales","potentialAction":[{"@type":"SearchAction","target":{"@type":"EntryPoint","urlTemplate":"https:\/\/www.demusculos.com\/web\/?s={search_term_string}"},"query-input":{"@type":"PropertyValueSpecification","valueRequired":true,"valueName":"search_term_string"}}],"inLanguage":"es"},{"@type":"Organization","@id":"https:\/\/www.demusculos.com\/web\/#organization","name":"DeMusculos.com","alternateName":"DeMusculos","url":"https:\/\/www.demusculos.com\/web\/","logo":{"@type":"ImageObject","inLanguage":"es","@id":"https:\/\/www.demusculos.com\/web\/#\/schema\/logo\/image\/","url":"https:\/\/www.demusculos.com\/web\/wp-content\/uploads\/2024\/02\/logo-demusculos-prestashop-usuario.png","contentUrl":"https:\/\/www.demusculos.com\/web\/wp-content\/uploads\/2024\/02\/logo-demusculos-prestashop-usuario.png","width":150,"height":150,"caption":"DeMusculos.com"},"image":{"@id":"https:\/\/www.demusculos.com\/web\/#\/schema\/logo\/image\/"},"sameAs":["https:\/\/www.facebook.com\/demusculos","https:\/\/x.com\/demusculos","https:\/\/www.instagram.com\/demusculos","https:\/\/www.tiktok.com\/@demusculos.com"]}]}},"_links":{"self":[{"href":"https:\/\/www.demusculos.com\/web\/wp-json\/wp\/v2\/product\/780","targetHints":{"allow":["GET"]}}],"collection":[{"href":"https:\/\/www.demusculos.com\/web\/wp-json\/wp\/v2\/product"}],"about":[{"href":"https:\/\/www.demusculos.com\/web\/wp-json\/wp\/v2\/types\/product"}],"replies":[{"embeddable":true,"href":"https:\/\/www.demusculos.com\/web\/wp-json\/wp\/v2\/comments?post=780"}],"wp:featuredmedia":[{"embeddable":true,"href":"https:\/\/www.demusculos.com\/web\/wp-json\/wp\/v2\/media\/781"}],"wp:attachment":[{"href":"https:\/\/www.demusculos.com\/web\/wp-json\/wp\/v2\/media?parent=780"}],"wp:term":[{"taxonomy":"product_brand","embeddable":true,"href":"https:\/\/www.demusculos.com\/web\/wp-json\/wp\/v2\/product_brand?post=780"},{"taxonomy":"product_cat","embeddable":true,"href":"https:\/\/www.demusculos.com\/web\/wp-json\/wp\/v2\/product_cat?post=780"},{"taxonomy":"product_tag","embeddable":true,"href":"https:\/\/www.demusculos.com\/web\/wp-json\/wp\/v2\/product_tag?post=780"}],"curies":[{"name":"wp","href":"https:\/\/api.w.org\/{rel}","templated":true}]}}